07-10 13:39:12.861 I/ActivityManager( 443): Start proc com.android.voicedialer for broadcast com.android.voicedialer/.VoiceDialerReceiver: pid=1154 uid=10040 gids={50040, 3002, 1028}
07-10 13:39:12.891 E/Trace ( 1154): error opening trace file: No such file or directory (2)
07-10 13:39:12.941 D/CAT ( 668): StkAppService$ServiceHandler: OP_BOOT_COMPLETED
07-10 13:39:12.951 I/ActivityManager( 443): Start proc com.google.android.configupdater for broadcast com.google.android.configupdater/.CertPinUpdateRequestReceiver: pid=1167 uid=10043 gids={50043, 3003, 2001, 1028}
07-10 13:39:13.001 E/Trace ( 1167): error opening trace file: No such file or directory (2)
07-10 13:39:13.012 D/MmsSmsDatabaseHelper( 668): [MmsSmsDb] tableName: part hasAutoIncrement: CREATE TABLE part (_id INTEGER PRIMARY KEY AUTOINCREMENT,mid INTEGER,seq INTEGER DEFAULT 0,ct TEXT,name TEXT,chset INTEGER,cd TEXT,fn TEXT,cid TEXT,cl TEXT,ctt_s INTEGER,ctt_t TEXT,_data TEXT,text TEXT) result: true
07-10 13:39:13.092 D/MmsSmsDatabaseHelper( 668): [MmsSmsDb] tableName: pdu hasAutoIncrement: CREATE TABLE pdu (_id INTEGER PRIMARY KEY AUTOINCREMENT,thread_id INTEGER,date INTEGER,date_sent INTEGER DEFAULT 0,msg_box INTEGER,read INTEGER DEFAULT 0,m_id TEXT,sub TEXT,sub_cs INTEGER,ct_t TEXT,ct_l TEXT,exp INTEGER,m_cls TEXT,m_type INTEGER,v INTEGER,m_size INTEGER,pri INTEGER,rr INTEGER,rpt_a INTEGER,resp_st INTEGER,st INTEGER,tr_id TEXT,retr_st INTEGER,retr_txt TEXT,retr_txt_cs INTEGER,read_status INTEGER,ct_cls INTEGER,resp_txt TEXT,d_tm INTEGER,d_rpt INTEGER,locked INTEGER DEFAULT 0,seen INTEGER DEFAULT 0,text_only INTEGER DEFAULT 0) result: true
07-10 13:39:13.092 D/MmsSmsDatabaseHelper( 668): [getWritableDatabase] hasAutoIncrementThreads: true hasAutoIncrementAddresses: true hasAutoIncrementPart: true hasAutoIncrementPdu: true
07-10 13:39:13.092 E/UpdateRequestReceiver( 1167): ignoring update request
07-10 13:39:13.122 D/EmailProvider( 1022): fromDatabase accounts: 0
07-10 13:39:13.122 D/EmailProvider( 1022): ending toDatabase transaction; copyCount = 0
07-10 13:39:13.152 E/UpdateRequestReceiver( 1167): ignoring update request
07-10 13:39:13.172 I/ActivityManager( 443): Start proc com.google.android.apps.genie.geniewidget for broadcast com.google.android.apps.genie.geniewidget/.miniwidget.MiniWidgetProvider: pid=1184 uid=10044 gids={50044, 3003, 1015, 1028}
07-10 13:39:13.212 E/Trace ( 1184): error opening trace file: No such file or directory (2)
07-10 13:39:13.342 I/System.out( 1184): [INFO:10]: LogSource: Logging disabled
07-10 13:39:13.342 W/Genie ( 1184): Cache file not found: java.io.FileNotFoundException: /data/data/com.google.android.apps.genie.geniewidget/cache/genie_masfcache: open failed: ENOENT (No such file or directory)
07-10 13:39:13.342 W/Genie ( 1184): Cache file not found: java.io.FileNotFoundException: /data/data/com.google.android.apps.genie.geniewidget/cache/genie_iconcache: open failed: ENOENT (No such file or directory)
07-10 13:39:13.362 I/Genie ( 1184): ignoring BOOT_COMPLETE since app has never been started
07-10 13:39:13.402 I/ActivityManager( 443): Start proc com.google.android.partnersetup for broadcast com.google.android.partnersetup/.GooglePartnerSetup: pid=1202 uid=10047 gids={50047, 3003, 1028}
07-10 13:39:13.432 I/wpa_supplicant( 665): wlan0: CTRL-EVENT-ASSOC-REJECT status_code=1
07-10 13:39:13.442 E/Trace ( 1202): error opening trace file: No such file or directory (2)
07-10 13:39:13.512 D/EmailProvider( 1022): ending fromDatabase transaction; copyCount = 0
07-10 13:39:13.882 D/CAT ( 668): CatService: Return current sInstance
07-10 13:39:13.932 D/CAT ( 668): CatService: SIM ready. Reporting STK service running now...
07-10 13:39:14.043 I/SystemUpdateService( 855): cancelUpdate (empty URL)
07-10 13:39:14.153 I/ActivityManager( 443): Start proc com.google.android.onetimeinitializer for broadcast com.google.android.onetimeinitializer/.OneTimeInitializerReceiver: pid=1234 uid=10051 gids={50051, 1028}
07-10 13:39:14.193 E/Trace ( 1234): error opening trace file: No such file or directory (2)
07-10 13:39:14.223 V/OneTimeInitializerReceiver( 1234): OneTimeInitializerReceiver.onReceive
07-10 13:39:14.233 V/OneTimeService( 1234): OneTimeService.onHandleIntent
07-10 13:39:14.243 I/ActivityManager( 443): Start proc com.google.android.googlequicksearchbox for broadcast com.google.android.googlequicksearchbox/com.google.android.apps.sidekick.StartUpReceiver: pid=1248 uid=10053 gids={50053, 3003, 1028, 1007, 3002, 1015}
07-10 13:39:14.283 E/Trace ( 1248): error opening trace file: No such file or directory (2)
07-10 13:39:14.453 I/RlzPingService( 1202): Setting next ping for 1374061154452
07-10 13:39:14.573 I//system/bin/fsck_msdos( 99): ** Phase 4 - Checking for Lost Files
07-10 13:39:14.643 I/Velvet.PerformanceTracker( 1248): event:0
07-10 13:39:14.723 I/EventLogService( 855): Aggregate from 1373444090450 (log), 1373444090450 (data)
07-10 13:39:14.763 I//system/bin/fsck_msdos( 99): Next free cluster in FSInfo block (989) not free
07-10 13:39:14.763 I//system/bin/fsck_msdos( 99): FIXED
07-10 13:39:14.763 I//system/bin/fsck_msdos( 99): 4625 files, 594192 free (74274 clusters)
07-10 13:39:14.823 I/ActivityManager( 443): Start proc com.google.android.gsf.login for service com.google.android.gsf.login/com.google.android.gsf.loginservice.GoogleLoginService: pid=1274 uid=10033 gids={50033, 3003, 1007, 1028, 1015, 1006, 2001, 3006}
07-10 13:39:14.873 D/dalvikvm( 106): GC_EXPLICIT freed 38K, 70% free 2374K/7720K, paused 2ms+3ms, total 62ms
07-10 13:39:14.913 D/dalvikvm( 106): GC_EXPLICIT freed <1K, 70% free 2374K/7720K, paused 2ms+2ms, total 47ms
07-10 13:39:14.953 E/Trace ( 1274): error opening trace file: No such file or directory (2)
07-10 13:39:14.973 D/dalvikvm( 106): GC_EXPLICIT freed <1K, 70% free 2374K/7720K, paused 3ms+2ms, total 54ms
07-10 13:39:15.064 I/Velvet.PerformanceTracker( 1248): event:1
07-10 13:39:15.104 I/ActivityManager( 443): Start proc com.google.android.talk for broadcast com.google.android.talk/.videochat.BootCompleteReceiver: pid=1293 uid=10055 gids={50055, 3003, 1015, 1006, 1028, 3002}
07-10 13:39:15.254 E/Trace ( 1293): error opening trace file: No such file or directory (2)
07-10 13:39:15.354 I/Vold ( 99): Filesystem check completed OK
07-10 13:39:15.364 I/Vold ( 99): Device /dev/block/vold/179:33, target /storage/sdcard0 mounted @ /mnt/secure/staging
07-10 13:39:15.364 D/Vold ( 99): Volume sdcard state changing 3 (Checking) -> 4 (Mounted)
07-10 13:39:15.384 I/PackageManager( 443): Updating external media status from unmounted to mounted
07-10 13:39:15.384 D/MountService( 443): volume state changed for /storage/sdcard0 (checking -> mounted)
07-10 13:39:15.404 D/dalvikvm( 443): GC_CONCURRENT freed 1102K, 17% free 6811K/8152K, paused 21ms+28ms, total 242ms
07-10 13:39:15.404 E/VoldConnector( 443): NDC Command {3 volume mount /storage/sdcard0} took too long (21150ms)
07-10 13:39:15.464 D/MountService( 443): sendStorageIntent Intent { act=android.intent.action.MEDIA_MOUNTED dat=file:///storage/sdcard0 (has extras) } to UserHandle{-1}
07-10 13:39:15.524 I/Search.LocationHelper( 1248): setLocationProviders: 2
07-10 13:39:15.794 D/vclib:CallStateClient( 1293): startListening
07-10 13:39:15.834 D/ConnectivityService( 443): handleInetConditionChange: no active default network - ignore
07-10 13:39:15.964 I/ActivityManager( 443): Start proc com.android.vending for broadcast com.android.vending/com.google.android.finsky.receivers.BootCompletedReceiver: pid=1316 uid=10052 gids={50052, 3003, 1015, 1028}
07-10 13:39:16.064 I/talk ( 1293): Refresh the supported camera state
07-10 13:39:16.125 I/PackageManager( 443): No secure containers on sdcard
07-10 13:39:16.125 E/VoldConnector( 443): NDC Command {4 asec list} took too long (624ms)
07-10 13:39:16.145 E/QualcommCamera( 108): Qint android::get_camera_info(int, camera_info*): E
07-10 13:39:16.145 I/QualcommCameraHardware( 108): Found a matching camera info for ID 0
07-10 13:39:16.145 I/QualcommCameraHardware( 108): HAL_getCameraInfo: orientation = 90
07-10 13:39:16.145 I/QualcommCameraHardware( 108): HAL_getCameraInfo: modes supported = 5
07-10 13:39:16.205 I/talk ( 1293): supported front camera false
07-10 13:39:16.315 W/PackageManager( 443): Unknown permission android.permission.ADD_SYSTEM_SERVICE in package com.android.phone
07-10 13:39:16.365 W/PackageManager( 443): Unknown permission com.android.vending.billing.IBillingAccountService.BIND2 in package com.google.android.gsf.login
07-10 13:39:16.365 W/PackageManager( 443): Unknown permission com.android.chrome.TOS_ACKED in package com.google.android.gsf.login
07-10 13:39:16.395 W/PackageManager( 443): Not granting permission android.permission.SEND_DOWNLOAD_COMPLETED_INTENTS to package com.android.browser (protectionLevel=2 flags=0x89be45)
07-10 13:39:16.425 W/PackageManager( 443): Unknown permission android.permission.READ_OWNER_DATA in package com.google.android.setupwizard
07-10 13:39:16.425 W/PackageManager( 443): Unknown permission android.permission.WRITE_OWNER_DATA in package com.google.android.setupwizard
07-10 13:39:16.445 W/PackageManager( 443): Unknown permission com.google.android.voicesearch.SHORTCUTS_ACCESS in package com.google.android.googlequicksearchbox
07-10 13:39:16.445 W/PackageManager( 443): Unknown permission com.google.googlenav.friend.permission.OPT_IN in package com.google.android.googlequicksearchbox
07-10 13:39:16.445 W/PackageManager( 443): Unknown permission com.google.android.apps.maps.permission.PREFETCH in package com.google.android.googlequicksearchbox
07-10 13:39:16.445 W/PackageManager( 443): Unknown permission com.google.android.apps.googlevoice.permission.AUTO_SEND in package com.google.android.googlequicksearchbox
07-10 13:39:16.445 W/PackageManager( 443): Unknown permission com.google.android.gm.permission.AUTO_SEND in package com.google.android.googlequicksearchbox
07-10 13:39:16.455 W/PackageManager( 443): Not granting permission android.permission.READ_LOGS to package org.jtb.alogcat (protectionLevel=50 flags=0x88be44)
07-10 13:39:16.455 W/PackageManager( 443): Unknown permission com.google.android.gallery3d.permission.GALLERY_PROVIDER in package com.android.exchange
07-10 13:39:16.465 W/PackageManager( 443): Unknown permission com.google.android.gallery3d.permission.GALLERY_PROVIDER in package com.android.email
07-10 13:39:16.495 W/PackageManager( 443): Unknown permission com.google.android.gm.permission.READ_GMAIL in package com.google.android.talk
07-10 13:39:16.495 W/PackageManager( 443): Unknown permission com.cyanogenmod.filemanager.permissions.READ_THEME in package com.cyanogenmod.filemanager
07-10 13:39:16.495 W/PackageManager( 443): Unknown permission android.permission.Access_SUPERUSER in package com.ghisler.android.TotalCommander
07-10 13:39:16.505 W/PackageManager( 443): Not granting permission android.permission.SEND_DOWNLOAD_COMPLETED_INTENTS to package com.android.vending (protectionLevel=2 flags=0x8abec5)
07-10 13:39:16.505 W/PackageManager( 443): Unknown permission android.permission.ACCESS_4G_RADIO_DISABLE in package com.android.systemui
07-10 13:39:16.505 W/PackageManager( 443): Unknown permission android.permission.ACCESS_4G_STATE in package com.android.systemui
07-10 13:39:16.505 W/PackageManager( 443): Unknown permission android.permission.CHANGE_4G_STATE in package com.android.systemui
07-10 13:39:16.505 W/PackageManager( 443): Not granting permission android.permission.DEVICE_POWER to package com.android.deskclock (protectionLevel=2 flags=0x88be45)
07-10 13:39:16.505 W/PackageManager( 443): Unknown permission com.android.deskclock.worldclock.permissions.WRITE_DATABASE in package com.android.deskclock
07-10 13:39:16.505 W/PackageManager( 443): Not granting permission android.permission.READ_DREAM_STATE to package com.google.android.gsf (protectionLevel=2 flags=0x883e45)
07-10 13:39:17.146 E/Trace ( 1316): error opening trace file: No such file or directory (2)
07-10 13:39:17.276 D/dalvikvm( 855): GC_EXPLICIT freed 2489K, 62% free 3000K/7720K, paused 3ms+18ms, total 119ms
07-10 13:39:17.336 D/dalvikvm( 443): GC_FOR_ALLOC freed 896K, 18% free 6719K/8152K, paused 163ms, total 167ms
07-10 13:39:17.336 I/dalvikvm-heap( 443): Grow heap (frag case) to 7.366MB for 76922-byte allocation
07-10 13:39:17.376 W/ActivityManager( 443): Unable to start service Intent { cmp=com.android.email/.service.AttachmentDownloadService } U=0: not found
07-10 13:39:17.396 I/GLSUser ( 1274): GLS error: NetworkError najrooo@gmail.com oauth2:https://www.googleapis.com/auth/personal_derived_data https://www.googleapis.com/auth/paths.notifications
07-10 13:39:17.406 W/ActivityManager( 443): Unable to start service Intent { cmp=com.android.email/.service.AttachmentDownloadService } U=0: not found
07-10 13:39:17.416 W/Search.LoginHelper( 1248): IO error: java.io.IOException
07-10 13:39:17.446 W/ActivityManager( 443): Unable to start service Intent { cmp=com.android.email/.service.AttachmentDownloadService } U=0: not found
07-10 13:39:17.476 I/SystemUpdateService( 855): cancelUpdate (empty URL)
07-10 13:39:17.566 I/ActivityManager( 443): No longer want com.google.android.inputmethod.latin.dictionarypack (pid 736): empty #17
07-10 13:39:17.586 I/ActivityManager( 443): No longer want com.google.android.apps.uploader (pid 822): empty #17
07-10 13:39:17.646 E/CM PowerHAL( 443): Error writing to boostpulse: No such device
07-10 13:39:17.736 D/ExchangeService( 1041): !!! EAS ExchangeService, onCreate
07-10 13:39:17.736 D/ExchangeService( 1041): !!! EAS ExchangeService, onStartCommand, startingUp = false, running = false
07-10 13:39:17.766 D/Finsky ( 1316): [1] FinskyApp.onCreate: Initializing network with DFE https://android.clients.google.com/fdfe/
07-10 13:39:17.776 D/ExchangeService( 1041): !!! EAS ExchangeService, onStartCommand, startingUp = true, running = false
07-10 13:39:17.816 D/Finsky ( 1316): [1] DailyHygiene.goMakeHygieneIfDirty: No need to run daily hygiene.
07-10 13:39:17.836 D/Mms:app ( 1120): cancelNotification
07-10 13:39:17.866 D/ExchangeService( 1041): Reconciling accounts...
07-10 13:39:17.886 W/Settings( 1316): Setting download_manager_max_bytes_over_mobile has moved from android.provider.Settings.Secure to android.provider.Settings.Global.
07-10 13:39:17.906 W/Settings( 1316): Setting download_manager_recommended_max_bytes_over_mobile has moved from android.provider.Settings.Secure to android.provider.Settings.Global.
07-10 13:39:18.026 I/ActivityManager( 443): Start proc com.google.android.gms for broadcast com.google.android.gms/.recovery.AccountRecoveryService$Receiver: pid=1379 uid=10033 gids={50033, 3003, 1007, 1028, 1015, 1006, 2001, 3006}
07-10 13:39:18.036 I/ActivityManager( 443): No longer want com.cyanogenmod.settings.device (pid 906): empty #17
07-10 13:39:18.106 E/Trace ( 1379): error opening trace file: No such file or directory (2)
07-10 13:39:18.207 I/ActivityManager( 443): No longer want com.android.contacts (pid 928): empty #17
07-10 13:39:18.297 I/Recovery( 1379): Received: Intent { act=android.intent.action.BOOT_COMPLETED flg=0x10 cmp=com.google.android.gms/.recovery.AccountRecoveryService$Receiver (has extras) }
07-10 13:39:18.487 I/ActivityManager( 443): No longer want com.android.cellbroadcastreceiver (pid 986): empty #17
07-10 13:39:18.617 D/dalvikvm( 855): GC_CONCURRENT freed 619K, 63% free 2893K/7720K, paused 8ms+2ms, total 45ms
07-10 13:39:18.617 D/dalvikvm( 855): WAIT_FOR_CONCURRENT_GC blocked 28ms
07-10 13:39:18.727 D/dalvikvm( 443): GC_FOR_ALLOC freed 555K, 19% free 6704K/8228K, paused 72ms, total 72ms
07-10 13:39:18.837 D/dalvikvm( 443): GC_FOR_ALLOC freed 158K, 19% free 6723K/8228K, paused 74ms, total 75ms
07-10 13:39:18.837 I/dalvikvm-heap( 443): Grow heap (frag case) to 7.407MB for 115838-byte allocation
07-10 13:39:18.847 D/GCM ( 855): GcmService start Intent { act=android.intent.action.BOOT_COMPLETED flg=0x10 cmp=com.google.android.gms/.gcm.GcmService (has extras) } android.intent.action.BOOT_COMPLETED
07-10 13:39:18.867 I/ActivityManager( 443): Start proc org.mozilla.firefox for broadcast org.mozilla.firefox/org.mozilla.gecko.background.announcements.AnnouncementsBroadcastReceiver: pid=1401 uid=10059 gids={50059, 3003, 1015, 1006, 1028}
07-10 13:39:18.887 I/ActivityManager( 443): No longer want com.android.deskclock (pid 1001): empty #17
07-10 13:39:18.937 E/Trace ( 1401): error opening trace file: No such file or directory (2)
07-10 13:39:19.117 D/dalvikvm( 1401): Trying to load lib /data/app-lib/org.mozilla.firefox-1/libmozglue.so 0x41e2b1d8
07-10 13:39:19.117 D/dalvikvm( 1401): Added shared lib /data/app-lib/org.mozilla.firefox-1/libmozglue.so 0x41e2b1d8
07-10 13:39:19.117 D/dalvikvm( 1401): No JNI_OnLoad found in /data/app-lib/org.mozilla.firefox-1/libmozglue.so 0x41e2b1d8, skipping init
07-10 13:39:19.127 D/GeckoProfile( 1401): Found profile dir: /data/data/org.mozilla.firefox/files/mozilla/rrpvxqc6.default
07-10 13:39:19.158 D/Finsky ( 1316): [1] 2.run: Loaded library for account: [g2ylmTu5_IvIgUZVKJQ6AWuWEnc]
07-10 13:39:19.158 D/Finsky ( 1316): [1] 2.run: Finished loading 1 libraries.
07-10 13:39:19.168 I/ActivityManager( 443): Start proc com.google.android.youtube for broadcast com.google.android.youtube/.core.transfer.DownloadService$BootReceiver: pid=1422 uid=10061 gids={50061, 3003, 1015, 1006, 1028}
07-10 13:39:19.208 E/Trace ( 1422): error opening trace file: No such file or directory (2)
07-10 13:39:19.238 D/GeckoPreferences( 1401): Broadcast: org.mozilla.firefox.ANNOUNCEMENTS_PREF, android.not_a_preference.privacy.announcements.enabled, GeckoApp, true
07-10 13:39:19.258 I/ActivityManager( 443): No longer want com.caf.fmradio (pid 1059): empty #17
07-10 13:39:19.508 I/GCoreUlr( 838): Ensuring that reporting is stopped because of reasons: {account#-11#=[InactiveReason{mVersionCode=0, mIdentifier=4, mName='GoogleLocationDisabled'}, InactiveReason{mVersionCode=0, mIdentifier=6, mName='TermsNotAccepted'}, InactiveReason{mVersionCode=0, mIdentifier=5, mName='ReportingNotSelected'}]}
07-10 13:39:19.558 I/GCoreUlr( 838): Unbound from all location providers
07-10 13:39:19.718 D/dalvikvm( 1422): DexOpt: --- BEGIN 'ads-542892711.jar' (bootstrap=0) ---
07-10 13:39:19.758 D/Volley ( 1316): [119] DiskBasedCache.clear: Cache cleared.
07-10 13:39:19.998 D/MccTable( 668): updateMccMncConfiguration: mcc=216, mnc=1
07-10 13:39:19.998 D/TelephonyManager( 668): getLteOnCdmaMode=0 curVal=-1 product_type='' lteOnCdmaProductType=''
07-10 13:39:19.998 D/MccTable( 668): locale set to null_hu
07-10 13:39:19.998 D/MccTable( 668): WIFI_COUNTRY_CODE set to hu
07-10 13:39:20.018 E/wpa_supplicant( 665): wpa_driver_nl80211_driver_cmd: failed to issue private commands
07-10 13:39:20.018 E/WifiStateMachine( 443): Failed to set country code HU
07-10 13:39:20.018 I/WifiService( 443): WifiService trying to set country code to hu with persist set to true
07-10 13:39:20.018 I/ActivityManager( 443): Config changes=3 {1.0 216mcc1mnc hu_HU ldltr sw320dp w320dp h508dp 240dpi nrml long port finger -keyb/v/h -nav/h s.4 themeResource=null}
07-10 13:39:20.028 D/dalvikvm( 1450): DexOpt: load 4ms, verify+opt 20ms, 144468 bytes
07-10 13:39:20.098 D/dalvikvm( 1422): DexOpt: --- END 'ads-542892711.jar' (success) ---
07-10 13:39:20.098 D/dalvikvm( 1422): DEX prep '/data/data/com.google.android.youtube/cache/ads-542892711.jar': unzip in 0ms, rewrite 376ms
07-10 13:39:20.419 I/wpa_supplicant( 665): wlan0: Authentication with 00:00:00:00:00:00 timed out.
07-10 13:39:20.919 I/ConversionPing( 1422): Sending ping: http://googleads.g.doubleclick.net/pagead/viewthroughconversion/1001680686/?label=8cu4CIrA3gMQrt7R3QM&muid=cj6yJnQLg3uuVzAdt70ohw
07-10 13:39:20.939 E/ConversionPing( 1422): ConversionPing could not reach the url, no conversion sent.
07-10 13:39:21.250 D/dalvikvm( 690): GC_CONCURRENT freed 186K, 51% free 3834K/7720K, paused 11ms+32ms, total 92ms
07-10 13:39:21.460 D/WeatherUpdateService( 1074): Service started, but shouldn't update ... stopping
07-10 13:39:21.660 D/dalvikvm( 443): GC_FOR_ALLOC freed 474K, 18% free 6790K/8264K, paused 69ms, total 75ms
07-10 13:39:21.660 I/dalvikvm-heap( 443): Grow heap (frag case) to 7.528MB for 173752-byte allocation
07-10 13:39:21.770 D/dalvikvm( 443): GC_FOR_ALLOC freed 153K, 20% free 6825K/8436K, paused 81ms, total 81ms
07-10 13:39:21.770 I/dalvikvm-heap( 443): Grow heap (frag case) to 7.521MB for 131692-byte allocation
07-10 13:39:21.790 D/TelephonyProvider( 668): Preferred APN: -1
07-10 13:39:22.040 D/CAT ( 668): StkAppService: SET_UP_MENU
07-10 13:39:22.040 D/CAT ( 668): StkAppService: Install App
07-10 13:39:22.090 I/wpa_supplicant( 665): wlan0: Trying to associate with SSID 'csokifucsi'
07-10 13:39:22.110 I/ActivityManager( 443): Start proc com.android.calendar for broadcast com.android.calendar/.alerts.AlertReceiver: pid=1474 uid=10007 gids={50007, 3003, 1028}
07-10 13:39:22.210 E/Trace ( 1474): error opening trace file: No such file or directory (2)
07-10 13:39:22.301 D/AlertReceiver( 1474): onReceive: a=android.intent.action.PROVIDER_CHANGED Intent { act=android.intent.action.PROVIDER_CHANGED dat=content://com.android.calendar flg=0x10 cmp=com.android.calendar/.alerts.AlertReceiver }
07-10 13:39:22.321 I/wpa_supplicant( 665): wlan0: Associated with f8:d1:11:33:f0:0c
07-10 13:39:22.331 D/Tethering( 443): sendTetherStateChangedBroadcast 1, 0, 0
07-10 13:39:22.411 D/AlertService( 1474): 0 Action = android.intent.action.PROVIDER_CHANGED
07-10 13:39:22.551 D/dalvikvm( 443): GC_FOR_ALLOC freed 774K, 22% free 6691K/8568K, paused 71ms, total 71ms
07-10 13:39:22.561 D/AlertService( 1474): Beginning updateAlertNotification
07-10 13:39:22.811 D/dalvikvm( 855): GC_CONCURRENT freed 431K, 63% free 2878K/7720K, paused 8ms+29ms, total 97ms
07-10 13:39:23.021 D/Volley ( 1316): [123] DiskBasedCache.clear: Cache cleared.
07-10 13:39:23.091 I/InputReader( 443): Reconfiguring input devices. changes=0x00000010
07-10 13:39:23.111 I/InputReader( 443): Reconfiguring input devices. changes=0x00000010
07-10 13:39:23.302 D/Volley ( 1316): [123] Request.finish: 3535 ms: [ ] null 0x0 IMMEDIATE 1
07-10 13:39:23.692 D/AlertService( 1474): No fired or scheduled alerts
07-10 13:39:23.722 D/MediaScannerReceiver( 610): action: android.intent.action.MEDIA_MOUNTED path: /storage/sdcard0
07-10 13:39:23.852 I/talk ( 1293): onMcsConnectionStarted
07-10 13:39:23.962 D/dalvikvm( 855): GC_CONCURRENT freed 471K, 63% free 2919K/7720K, paused 8ms+2ms, total 42ms
07-10 13:39:23.962 D/dalvikvm( 855): WAIT_FOR_CONCURRENT_GC blocked 15ms
07-10 13:39:24.032 I/Recovery( 1379): Received: Intent { act=com.google.android.gms.INITIALIZE flg=0x10 pkg=com.google.android.gms cmp=com.google.android.gms/.recovery.AccountRecoveryService$Receiver }
07-10 13:39:24.092 I/GCoreUlr( 838): Ensuring that reporting is stopped because of reasons: {account#-11#=[InactiveReason{mVersionCode=0, mIdentifier=4, mName='GoogleLocationDisabled'}, InactiveReason{mVersionCode=0, mIdentifier=6, mName='TermsNotAccepted'}, InactiveReason{mVersionCode=0, mIdentifier=5, mName='ReportingNotSelected'}]}
07-10 13:39:24.252 I/GCoreUlr( 838): Unbound from all location providers
07-10 13:39:24.303 D/GCM ( 855): GcmService start Intent { act=com.google.android.talk.MCS_CONNECTION_SERVICE_STARTED flg=0x10 cmp=com.google.android.gms/.gcm.GcmService } com.google.android.talk.MCS_CONNECTION_SERVICE_STARTED
07-10 13:39:24.353 W/Settings( 838): Setting airplane_mode_on has moved from android.provider.Settings.System to android.provider.Settings.Global, returning read-only value.
07-10 13:39:24.483 D/dalvikvm( 855): GC_CONCURRENT freed 477K, 62% free 2953K/7720K, paused 13ms+3ms, total 37ms
07-10 13:39:24.483 D/dalvikvm( 855): WAIT_FOR_CONCURRENT_GC blocked 24ms
07-10 13:39:24.533 D/GCM ( 855): GcmService start Intent { act=com.google.android.gms.INITIALIZE flg=0x10 pkg=com.google.android.gms cmp=com.google.android.gms/.gcm.GcmService } com.google.android.gms.INITIALIZE
07-10 13:39:24.553 I/Recovery( 1379): Received: Intent { act=com.google.android.gms.INITIALIZE flg=0x10 pkg=com.google.android.gms cmp=com.google.android.gms/.recovery.AccountRecoveryService$Receiver }
07-10 13:39:24.703 D/dalvikvm( 855): GC_CONCURRENT freed 521K, 62% free 2944K/7720K, paused 14ms+4ms, total 44ms
07-10 13:39:24.703 D/dalvikvm( 855): WAIT_FOR_CONCURRENT_GC blocked 12ms
07-10 13:39:24.773 D/GCM ( 855): GcmService start Intent { act=com.google.android.gms.INITIALIZE flg=0x10 pkg=com.google.android.gms cmp=com.google.android.gms/.gcm.GcmService } com.google.android.gms.INITIALIZE
07-10 13:39:24.783 I/Recovery( 1379): Received: Intent { act=com.google.android.gms.INITIALIZE flg=0x10 pkg=com.google.android.gms cmp=com.google.android.gms/.recovery.AccountRecoveryService$Receiver }
07-10 13:39:24.923 D/dalvikvm( 690): GC_CONCURRENT freed 162K, 48% free 4057K/7720K, paused 3ms+2ms, total 32ms
07-10 13:39:25.043 I/Recovery( 1379): Received: Intent { act=com.google.android.gms.INITIALIZE flg=0x10 pkg=com.google.android.gms cmp=com.google.android.gms/.recovery.AccountRecoveryService$Receiver }
07-10 13:39:25.043 D/dalvikvm( 855): GC_CONCURRENT freed 509K, 62% free 2945K/7720K, paused 39ms+2ms, total 67ms
07-10 13:39:25.043 D/dalvikvm( 855): WAIT_FOR_CONCURRENT_GC blocked 17ms
07-10 13:39:25.093 W/WindowManager( 443): App freeze timeout expired.
07-10 13:39:25.093 W/WindowManager( 443): Force clearing freeze: AppWindowToken{421a4828 token=Token{41e4ce30 ActivityRecord{41fe6ce0 u0 com.cyanogenmod.trebuchet/.Launcher}}}
07-10 13:39:25.233 D/dalvikvm( 443): GC_CONCURRENT freed 851K, 21% free 6803K/8568K, paused 6ms+31ms, total 132ms
07-10 13:39:25.474 D/GCM ( 855): GcmService start Intent { act=com.google.android.gms.INITIALIZE flg=0x10 pkg=com.google.android.gms cmp=com.google.android.gms/.gcm.GcmService } com.google.android.gms.INITIALIZE
07-10 13:39:25.594 D/dalvikvm( 855): GC_CONCURRENT freed 497K, 62% free 2959K/7720K, paused 8ms+2ms, total 34ms
07-10 13:39:25.594 D/dalvikvm( 855): WAIT_FOR_CONCURRENT_GC blocked 14ms
07-10 13:39:25.664 D/GCM ( 855): GcmService start Intent { act=com.google.android.gms.INITIALIZE flg=0x10 pkg=com.google.android.gms cmp=com.google.android.gms/.gcm.GcmService } com.google.android.gms.INITIALIZE
07-10 13:39:25.704 I/GeckoAnnounce( 1401): firefox :: AnnounceBrSvc :: Registering announcements broadcast receiver...
07-10 13:39:25.704 I/ActivityManager( 443): Start proc com.android.gallery3d for broadcast com.android.gallery3d/.app.PackagesMonitor: pid=1535 uid=10020 gids={50020, 1006, 3003, 1015, 1028}
07-10 13:39:25.734 E/Trace ( 1535): error opening trace file: No such file or directory (2)
07-10 13:39:25.784 I/GeckoAnnounce( 1401): firefox :: BackgroundService :: Setting inexact repeating alarm for interval 43200000
07-10 13:39:25.804 I/ActivityManager( 443): No longer want com.android.mms (pid 1120): empty #17
07-10 13:39:26.044 W/PeopleReceiver( 1379): Received unexcepted broadcast: android.intent.action.PACKAGE_CHANGED
07-10 13:39:26.094 W/PeopleReceiver( 1379): Received unexcepted broadcast: android.intent.action.PACKAGE_CHANGED
07-10 13:39:26.284 I/GCoreUlr( 838): Ensuring that reporting is stopped because of reasons: {account#-11#=[InactiveReason{mVersionCode=0, mIdentifier=4, mName='GoogleLocationDisabled'}, InactiveReason{mVersionCode=0, mIdentifier=6, mName='TermsNotAccepted'}, InactiveReason{mVersionCode=0, mIdentifier=5, mName='ReportingNotSelected'}]}
07-10 13:39:26.314 I/GCoreUlr( 838): Unbound from all location providers
07-10 13:39:26.405 I/ActivityManager( 443): No longer want com.google.android.configupdater (pid 1167): empty #17
07-10 13:39:26.435 I/ActivityManager( 443): No longer want com.google.android.onetimeinitializer (pid 1234): empty #17
07-10 13:39:26.555 D/dalvikvm( 838): GC_CONCURRENT freed 4034K, 57% free 3347K/7720K, paused 5ms+3ms, total 88ms
07-10 13:39:26.655 D/dalvikvm( 855): GC_CONCURRENT freed 434K, 63% free 2911K/7720K, paused 1ms+12ms, total 80ms
07-10 13:39:26.675 I/GCoreUlr( 838): Ensuring that reporting is stopped because of reasons: {account#-11#=[InactiveReason{mVersionCode=0, mIdentifier=4, mName='GoogleLocationDisabled'}, InactiveReason{mVersionCode=0, mIdentifier=6, mName='TermsNotAccepted'}, InactiveReason{mVersionCode=0, mIdentifier=5, mName='ReportingNotSelected'}]}
07-10 13:39:26.685 I/GCoreUlr( 838): Unbound from all location providers
07-10 13:39:26.765 D/dalvikvm( 690): GC_CONCURRENT freed 90K, 43% free 4409K/7720K, paused 3ms+4ms, total 37ms
07-10 13:39:26.805 D/CountryDetector( 443): No listener is left
07-10 13:39:26.985 W/Settings( 668): Setting auto_time_zone has moved from android.provider.Settings.System to android.provider.Settings.Global, returning read-only value.
07-10 13:39:27.035 D/AlarmManagerService( 443): Kernel timezone updated to -120 minutes west of GMT
07-10 13:39:27.045 W/Settings( 668): Setting auto_time_zone has moved from android.provider.Settings.System to android.provider.Settings.Global, returning read-only value.
07-10 13:39:27.055 D/AlarmManagerService( 443): Kernel timezone updated to -120 minutes west of GMT
07-10 13:39:27.255 D/dalvikvm( 443): GC_EXPLICIT freed 712K, 22% free 6746K/8568K, paused 4ms+6ms, total 93ms
07-10 13:39:27.305 I/GCoreUlr( 838): Ensuring that reporting is stopped because of reasons: {account#-11#=[InactiveReason{mVersionCode=0, mIdentifier=4, mName='GoogleLocationDisabled'}, InactiveReason{mVersionCode=0, mIdentifier=6, mName='TermsNotAccepted'}, InactiveReason{mVersionCode=0, mIdentifier=5, mName='ReportingNotSelected'}]}
07-10 13:39:27.325 I/GCoreUlr( 838): Unbound from all location providers
07-10 13:39:27.366 D/dalvikvm( 690): GC_FOR_ALLOC freed 33K, 42% free 4485K/7720K, paused 26ms, total 37ms
07-10 13:39:27.376 I/dalvikvm-heap( 690): Grow heap (frag case) to 6.107MB for 1048592-byte allocation
07-10 13:39:27.406 D/dalvikvm( 690): GC_CONCURRENT freed 3K, 29% free 5506K/7720K, paused 4ms+2ms, total 37ms
07-10 13:39:27.486 D/dalvikvm( 690): GC_FOR_ALLOC freed 0K, 29% free 5506K/7720K, paused 45ms, total 45ms
07-10 13:39:27.496 I/dalvikvm-heap( 690): Grow heap (frag case) to 8.353MB for 2359312-byte allocation
07-10 13:39:27.536 D/dalvikvm( 690): GC_CONCURRENT freed 0K, 23% free 7810K/10028K, paused 3ms+3ms, total 36ms
07-10 13:39:28.326 I/wpa_supplicant( 665): wlan0: CTRL-EVENT-DISCONNECTED bssid=f8:d1:11:33:f0:0c reason=3
07-10 13:39:28.336 D/Tethering( 443): InitialState.processMessage what=4
07-10 13:39:28.346 D/Tethering( 443): sendTetherStateChangedBroadcast 0, 0, 0
07-10 13:39:28.877 D/dalvikvm( 443): GC_EXPLICIT freed 309K, 22% free 6754K/8568K, paused 4ms+9ms, total 102ms
07-10 13:39:28.917 D/Trebuchet.LauncherModel( 690): Reload apps on config change. curr_mcc:216 prevmcc:0
07-10 13:39:28.917 I/Choreographer( 690): Skipped 471 frames! The application may be doing too much work on its main thread.
07-10 13:39:29.057 W/Settings( 668): Setting auto_time_zone has moved from android.provider.Settings.System to android.provider.Settings.Global, returning read-only value.
07-10 13:39:29.057 D/AlarmManagerService( 443): Kernel timezone updated to -120 minutes west of GMT
07-10 13:39:29.067 W/Settings( 668): Setting auto_time has moved from android.provider.Settings.System to android.provider.Settings.Global, returning read-only value.
07-10 13:39:29.077 D/SystemClock( 668): Setting time of day to sec=1373456369
07-10 13:39:29.520 W/wpa_supplicant( 665): wlan0: Failed to initiate sched scan
07-10 13:39:29.550 I/Trebuchet.LauncherModel( 690): not binding apps: no Launcher activity
07-10 13:39:29.610 I/ActivityManager( 443): Start proc com.android.deskclock for broadcast com.android.deskclock/.AlarmInitReceiver: pid=1557 uid=10013 gids={50013, 1028, 3003}
07-10 13:39:29.640 E/Trace ( 1557): error opening trace file: No such file or directory (2)
07-10 13:39:29.750 V/AlarmClock( 1557): No next alarm
07-10 13:39:29.760 V/AlarmClock( 1557): AlarmInitReceiver finished
07-10 13:39:30.130 I/ActivityManager( 443): No longer want com.google.android.apps.genie.geniewidget (pid 1184): empty #17
07-10 13:39:30.580 I/Trebuchet.LauncherModel( 690): not binding apps: no Launcher activity
07-10 13:39:30.750 D/dalvikvm( 690): GC_CONCURRENT freed 5287K, 46% free 4244K/7724K, paused 3ms+4ms, total 39ms
07-10 13:39:30.860 D/dalvikvm( 690): GC_FOR_ALLOC freed 83K, 46% free 4199K/7724K, paused 30ms, total 34ms
07-10 13:39:30.860 I/dalvikvm-heap( 690): Grow heap (frag case) to 5.828MB for 1048592-byte allocation
07-10 13:39:30.890 D/dalvikvm( 690): GC_CONCURRENT freed <1K, 33% free 5223K/7724K, paused 2ms+2ms, total 28ms
07-10 13:39:30.940 D/dalvikvm( 690): GC_FOR_ALLOC freed 0K, 33% free 5223K/7724K, paused 19ms, total 19ms
07-10 13:39:30.940 I/dalvikvm-heap( 690): Grow heap (frag case) to 8.077MB for 2359312-byte allocation
07-10 13:39:30.970 D/dalvikvm( 690): GC_CONCURRENT freed 0K, 25% free 7527K/10032K, paused 3ms+2ms, total 27ms
07-10 13:39:31.211 D/dalvikvm( 610): GC_EXPLICIT freed 553K, 65% free 2747K/7720K, paused 13ms+110ms, total 601ms
07-10 13:39:32.041 W/MediaProvider( 610): no database for scanned volume external
07-10 13:39:32.372 D/dalvikvm( 690): GC_CONCURRENT freed 4788K, 43% free 4458K/7724K, paused 9ms+4ms, total 70ms
07-10 13:39:32.372 D/dalvikvm( 690): WAIT_FOR_CONCURRENT_GC blocked 21ms
07-10 13:39:33.333 I/PowerManagerService( 443): Going to sleep by user request...
07-10 13:39:33.393 D/PermissionCache( 105): checking android.permission.READ_FRAME_BUFFER for uid=1000 => granted (366 us)
07-10 13:39:33.863 D/dalvikvm( 610): GC_CONCURRENT freed 543K, 67% free 2588K/7720K, paused 16ms+4ms, total 137ms
07-10 13:39:34.073 I/WindowManager( 443): No lock screen!
07-10 13:39:34.083 I/keystore( 110): uid: 1000 action: z -> 7 state: 3 -> 3 retry: 4
07-10 13:39:34.093 D/SurfaceFlinger( 105): Screen released, type=0 flinger=0x41421318
07-10 13:39:34.133 I/keystore( 110): uid: 1000 action: z -> 7 state: 3 -> 3 retry: 4
07-10 13:39:34.203 D/AccelerometerListener( 668): enable(false)
07-10 13:39:34.294 D/YouTube MDX( 1422): Recieved intent android.intent.action.SCREEN_ON
07-10 13:39:34.354 I/keystore( 110): uid: 1000 action: z -> 7 state: 3 -> 3 retry: 4
07-10 13:39:34.394 I/keystore( 110): uid: 1000 action: z -> 7 state: 3 -> 3 retry: 4
07-10 13:39:34.584 D/dalvikvm( 443): GC_CONCURRENT freed 1053K, 17% free 6799K/8152K, paused 30ms+12ms, total 179ms
07-10 13:39:34.584 D/dalvikvm( 443): WAIT_FOR_CONCURRENT_GC blocked 127ms
07-10 13:39:34.594 D/dalvikvm( 443): WAIT_FOR_CONCURRENT_GC blocked 68ms
07-10 13:39:34.594 D/dalvikvm( 443): WAIT_FOR_CONCURRENT_GC blocked 45ms
07-10 13:39:34.604 I/keystore( 110): uid: 1000 action: z -> 7 state: 3 -> 3 retry: 4
07-10 13:39:34.614 V/KeyguardHostView( 443): Keyguard widgets disabled by DPM
07-10 13:39:34.614 V/KeyguardHostView( 443): Keyguard secure camera disabled by DPM
07-10 13:39:34.734 D/dalvikvm( 443): GC_FOR_ALLOC freed 80K, 18% free 6761K/8152K, paused 95ms, total 96ms
07-10 13:39:34.734 I/dalvikvm-heap( 443): Grow heap (frag case) to 7.540MB for 214528-byte allocation
07-10 13:39:35.034 D/AccelerometerListener( 668): enable(false)
07-10 13:39:35.154 I/keystore( 110): uid: 1000 action: z -> 7 state: 3 -> 3 retry: 4
07-10 13:39:35.265 D/YouTube MDX( 1422): Recieved intent android.intent.action.SCREEN_OFF
07-10 13:39:35.645 D/dalvikvm( 443): GC_FOR_ALLOC freed 358K, 15% free 7123K/8364K, paused 260ms, total 262ms
07-10 13:39:35.655 I/keystore( 110): uid: 1000 action: z -> 7 state: 3 -> 3 retry: 4
07-10 13:39:35.725 I/keystore( 110): uid: 1000 action: z -> 7 state: 3 -> 3 retry: 4
07-10 13:39:35.845 I/keystore( 110): uid: 1000 action: z -> 7 state: 3 -> 3 retry: 4
07-10 13:39:35.975 I/keystore( 110): uid: 1000 action: z -> 7 state: 3 -> 3 retry: 4
07-10 13:39:35.995 I/keystore( 110): uid: 1000 action: z -> 7 state: 3 -> 3 retry: 4
07-10 13:39:36.025 I/keystore( 110): uid: 1000 action: z -> 7 state: 3 -> 3 retry: 4
07-10 13:39:36.055 I/keystore( 110): uid: 1000 action: z -> 7 state: 3 -> 3 retry: 4
07-10 13:39:36.065 I/keystore( 110): uid: 1000 action: z -> 7 state: 3 -> 3 retry: 4
07-10 13:39:36.085 D/PhoneStatusBar( 548): disable: < expand icons alerts ticker system_info back home RECENT* clock search
> 07-10 13:39:36.286 V/TAG ( 443): bug 7643792: fitSystemWindows([0,38][0,0])
07-10 13:39:36.586 D/PhoneStatusBar( 548): disable: < expand icons alerts ticker system_info BACK* HOME* RECENT CLOCK* search
> 07-10 13:39:36.666 V/KeyguardHostView( 443): Keyguard widgets disabled by DPM
07-10 13:39:36.666 V/KeyguardHostView( 443): Keyguard secure camera disabled by DPM
07-10 13:39:36.806 I/keystore( 110): uid: 1000 action: z -> 7 state: 3 -> 3 retry: 4
07-10 13:39:36.916 I/keystore( 110): uid: 1000 action: z -> 7 state: 3 -> 3 retry: 4
07-10 13:39:37.176 D/dalvikvm( 443): GC_CONCURRENT freed 999K, 15% free 7306K/8548K, paused 19ms+30ms, total 275ms
07-10 13:39:37.176 D/dalvikvm( 443): WAIT_FOR_CONCURRENT_GC blocked 216ms
07-10 13:39:37.226 I/keystore( 110): uid: 1000 action: z -> 7 state: 3 -> 3 retry: 4
07-10 13:39:37.337 I/keystore( 110): uid: 1000 action: z -> 7 state: 3 -> 3 retry: 4
07-10 13:39:37.517 I/keystore( 110): uid: 1000 action: z -> 7 state: 3 -> 3 retry: 4
07-10 13:39:37.527 I/keystore( 110): uid: 1000 action: z -> 7 state: 3 -> 3 retry: 4
07-10 13:39:37.567 I/Choreographer( 443): Skipped 70 frames! The application may be doing too much work on its main thread.
07-10 13:39:39.238 D/dalvikvm( 610): GC_CONCURRENT freed 445K, 68% free 2535K/7720K, paused 5ms+6ms, total 67ms
07-10 13:39:39.660 V/AlarmClock( 1557): No next alarm
07-10 13:39:39.670 V/AlarmClock( 1557): AlarmInitReceiver finished
07-10 13:39:40.079 W/Settings( 668): Setting auto_time has moved from android.provider.Settings.System to android.provider.Settings.Global, returning read-only value.
07-10 13:39:40.079 D/SystemClock( 668): Setting time of day to sec=1373456379
07-10 13:39:40.420 W/Settings( 668): Setting auto_time_zone has moved from android.provider.Settings.System to android.provider.Settings.Global, returning read-only value.
07-10 13:39:40.420 D/AlarmManagerService( 443): Kernel timezone updated to -120 minutes west of GMT
07-10 13:39:40.440 W/Settings( 668): Setting auto_time_zone has moved from android.provider.Settings.System to android.provider.Settings.Global, returning read-only value.
07-10 13:39:40.450 D/AlarmManagerService( 443): Kernel timezone updated to -120 minutes west of GMT
07-10 13:39:41.241 D/dalvikvm( 610): GC_CONCURRENT freed 386K, 68% free 2533K/7720K, paused 6ms+7ms, total 66ms
07-10 13:39:42.512 D/MediaProvider( 610): object removed 4553
07-10 13:39:42.532 D/MediaProvider( 610): object removed 4554
07-10 13:39:42.532 D/MediaProvider( 610): object removed 4555
07-10 13:39:42.532 D/MediaProvider( 610): object removed 4556
07-10 13:39:42.532 D/MediaProvider( 610): object removed 4558
07-10 13:39:42.532 D/MediaProvider( 610): object removed 4559
07-10 13:39:42.532 D/MediaProvider( 610): object removed 4560
07-10 13:39:42.532 D/MediaProvider( 610): object removed 4562
07-10 13:39:42.532 D/MediaProvider( 610): object removed 4563
07-10 13:39:42.532 D/MediaProvider( 610): object removed 4564
07-10 13:39:42.542 D/MediaProvider( 610): object removed 4566
07-10 13:39:42.542 D/MediaProvider( 610): object removed 4567
07-10 13:39:42.542 D/MediaProvider( 610): object removed 4568
07-10 13:39:42.542 D/MediaProvider( 610): object removed 4569
07-10 13:39:42.542 D/MediaProvider( 610): object removed 4570
07-10 13:39:42.542 D/MediaProvider( 610): object removed 4571
07-10 13:39:42.542 D/MediaProvider( 610): object removed 4572
07-10 13:39:42.542 D/MediaProvider( 610): object removed 4574
07-10 13:39:42.542 D/MediaProvider( 610): object removed 4577
07-10 13:39:42.552 D/MediaProvider( 610): object removed 4578
07-10 13:39:42.552 D/MediaProvider( 610): object removed 4579
07-10 13:39:42.552 D/MediaProvider( 610): object removed 4580
07-10 13:39:42.552 D/MediaProvider( 610): object removed 4582
07-10 13:39:42.552 D/MediaProvider( 610): object removed 4583
07-10 13:39:42.552 D/MediaProvider( 610): object removed 4584
07-10 13:39:42.552 D/MediaProvider( 610): object removed 4585
07-10 13:39:42.552 D/MediaProvider( 610): object removed 4586
07-10 13:39:42.552 D/MediaProvider( 610): object removed 4587
07-10 13:39:42.552 D/MediaProvider( 610): object removed 4590
07-10 13:39:42.562 D/MediaProvider( 610): object removed 4591
07-10 13:39:42.562 D/MediaProvider( 610): object removed 4592
07-10 13:39:42.562 D/MediaProvider( 610): object removed 4593
07-10 13:39:42.562 D/MediaProvider( 610): object removed 4594
07-10 13:39:42.562 D/MediaProvider( 610): object removed 4595
07-10 13:39:42.562 D/MediaProvider( 610): object removed 4596
07-10 13:39:42.562 D/MediaProvider( 610): object removed 4597
07-10 13:39:42.562 D/MediaProvider( 610): object removed 4598
07-10 13:39:42.572 D/MediaProvider( 610): object removed 4599
07-10 13:39:42.572 D/MediaProvider( 610): object removed 4600
07-10 13:39:42.572 D/MediaProvider( 610): object removed 4601
07-10 13:39:42.742 W/MediaScanner( 610): Error opening directory '/storage/sdcard0/.android_secure/', skipping: Permission denied.
07-10 13:39:43.493 D/dalvikvm( 610): GC_CONCURRENT freed 318K, 67% free 2601K/7720K, paused 6ms+7ms, total 73ms
07-10 13:39:44.354 D/dalvikvm( 443): GC_EXPLICIT freed 945K, 17% free 7113K/8548K, paused 13ms+32ms, total 291ms
07-10 13:39:45.194 W/wpa_supplicant( 665): wlan0: Failed to initiate sched scan
07-10 13:39:45.405 D/dalvikvm( 610): GC_CONCURRENT freed 283K, 65% free 2704K/7720K, paused 7ms+11ms, total 75ms
07-10 13:39:46.025 D/dalvikvm( 443): GC_EXPLICIT freed 330K, 19% free 6933K/8548K, paused 13ms+20ms, total 267ms
07-10 13:39:47.036 D/dalvikvm( 610): GC_CONCURRENT freed 381K, 65% free 2709K/7720K, paused 7ms+11ms, total 76ms
07-10 13:39:47.537 D/dalvikvm( 443): GC_EXPLICIT freed 122K, 19% free 6930K/8548K, paused 12ms+20ms, total 263ms
07-10 13:39:48.518 D/dalvikvm( 610): GC_CONCURRENT freed 385K, 65% free 2710K/7720K, paused 6ms+12ms, total 76ms
07-10 13:39:48.958 D/dalvikvm( 443): GC_EXPLICIT freed 120K, 19% free 6929K/8548K, paused 13ms+23ms, total 267ms
07-10 13:39:50.139 D/dalvikvm( 610): GC_CONCURRENT freed 389K, 65% free 2706K/7720K, paused 9ms+11ms, total 78ms
07-10 13:39:50.500 D/dalvikvm( 443): GC_EXPLICIT freed 123K, 19% free 6930K/8548K, paused 12ms+23ms, total 264ms
07-10 13:39:51.771 D/dalvikvm( 443): GC_EXPLICIT freed 120K, 19% free 6929K/8548K, paused 12ms+20ms, total 268ms
07-10 13:39:51.921 D/dalvikvm( 610): GC_CONCURRENT freed 382K, 65% free 2711K/7720K, paused 6ms+13ms, total 83ms
07-10 13:39:53.603 D/dalvikvm( 443): GC_EXPLICIT freed 134K, 19% free 6934K/8548K, paused 35ms+34ms, total 412ms
07-10 13:39:53.863 W/Finsky ( 1316): [1] LibraryUpdateListener.onErrorResponse: Library replication failed: com.android.volley.NoConnectionError: java.net.UnknownHostException: Unable to resolve host "android.clients.google.com": No address associated with hostname
07-10 13:39:54.103 D/dalvikvm( 610): GC_CONCURRENT freed 392K, 65% free 2705K/7720K, paused 7ms+13ms, total 87ms
07-10 13:39:55.494 D/dalvikvm( 443): GC_EXPLICIT freed 123K, 19% free 6933K/8548K, paused 15ms+24ms, total 303ms
07-10 13:39:56.025 W/Finsky ( 1316): [1] LibraryUpdateListener.onErrorResponse: Library replication failed: com.android.volley.NoConnectionError: java.net.UnknownHostException: Unable to resolve host "android.clients.google.com": No address associated with hostname
07-10 13:39:56.455 D/dalvikvm( 610): GC_CONCURRENT freed 383K, 65% free 2707K/7720K, paused 7ms+20ms, total 98ms
07-10 13:39:56.706 I/PowerManagerService( 443): Waking up from sleep...
07-10 13:39:56.736 I/keystore( 110): uid: 1000 action: z -> 7 state: 3 -> 3 retry: 4
07-10 13:39:56.826 I/WindowManager( 443): Lock screen displayed!
07-10 13:39:56.836 I/keystore( 110): uid: 1000 action: z -> 7 state: 3 -> 3 retry: 4
07-10 13:39:56.856 I/keystore( 110): uid: 1000 action: z -> 7 state: 3 -> 3 retry: 4
07-10 13:39:56.946 D/AccelerometerListener( 668): enable(false)
07-10 13:39:57.136 I/keystore( 110): uid: 1000 action: z -> 7 state: 3 -> 3 retry: 4
07-10 13:39:57.146 D/dalvikvm( 443): GC_CONCURRENT freed 1074K, 19% free 7002K/8548K, paused 25ms+12ms, total 297ms
07-10 13:39:57.146 D/dalvikvm( 443): WAIT_FOR_CONCURRENT_GC blocked 5ms
07-10 13:39:57.166 D/PowerManagerService-JNI( 443): Excessive delay in autosuspend_disable() while turning screen on: 405ms
07-10 13:39:57.176 D/SurfaceFlinger( 105): Screen acquired, type=0 flinger=0x41421318
07-10 13:39:57.176 D/YouTube MDX( 1422): Recieved intent android.intent.action.SCREEN_ON
07-10 13:39:57.797 I/keystore( 110): uid: 1000 action: z -> 7 state: 3 -> 3 retry: 4
07-10 13:39:57.887 D/PhoneStatusBar( 548): disable: < expand icons alerts ticker system_info BACK HOME recent* CLOCK search
> 07-10 13:39:57.957 D/PhoneStatusBar( 548): disable: < expand icons alerts ticker system_info back* home* recent clock* search
> 07-10 13:39:58.117 W/InputMethodManagerService( 443): Window already focused, ignoring focus gain of: com.android.internal.view.IInputMethodClient$Stub$Proxy@41f3a148 attribute=android.view.inputmethod.EditorInfo@41f365c0, token = android.os.BinderProxy@421cea68
07-10 13:39:58.407 V/TAG ( 443): bug 7643792: fitSystemWindows([0,38][0,0])
07-10 13:39:58.477 W/Finsky ( 1316): [1] 2.onErrorResponse: Update check failed: com.android.volley.NoConnectionError: java.net.UnknownHostException: Unable to resolve host "android.clients.google.com": No address associated with hostname
07-10 13:39:58.477 D/Finsky ( 1316): [1] DailyHygiene.flushEventLogs: Flushing event logs for [g2ylmTu5_IvIgUZVKJQ6AWuWEnc]
07-10 13:39:58.537 D/Finsky ( 1316): [1] DailyHygiene.reschedule: Scheduling new run in 90 minutes (failures=3)
07-10 13:39:58.688 E/PlayEventLogger( 1316): Upload failed class java.net.UnknownHostException (Unable to resolve host "play.googleapis.com": No address associated with hostname)
07-10 13:39:59.098 D/dalvikvm( 443): GC_EXPLICIT freed 831K, 19% free 6991K/8548K, paused 4ms+7ms, total 99ms
07-10 13:39:59.148 D/dalvikvm( 610): GC_CONCURRENT freed 384K, 65% free 2709K/7720K, paused 3ms+5ms, total 27ms
07-10 13:39:59.689 D/dalvikvm( 443): GC_EXPLICIT freed 137K, 19% free 6977K/8548K, paused 4ms+6ms, total 88ms
07-10 13:39:59.769 D/dalvikvm( 610): GC_CONCURRENT freed 384K, 65% free 2709K/7720K, paused 3ms+3ms, total 24ms
07-10 13:40:00.880 W/wpa_supplicant( 665): wlan0: Failed to initiate sched scan
07-10 13:40:01.270 D/dalvikvm( 690): GC_CONCURRENT freed 450K, 41% free 4614K/7724K, paused 3ms+20ms, total 104ms
07-10 13:40:01.280 D/dalvikvm( 443): GC_EXPLICIT freed 174K, 19% free 6983K/8548K, paused 21ms+36ms, total 266ms
07-10 13:40:01.580 I/Choreographer( 690): Skipped 31 frames! The application may be doing too much work on its main thread.
07-10 13:40:01.741 I/ActivityManager( 443): START u0 {act=android.intent.action.MAIN cat=[android.intent.category.LAUNCHER] flg=0x10200000 cmp=com.android.settings/.Settings} from pid 690
07-10 13:40:01.951 D/dalvikvm( 690): GC_FOR_ALLOC freed 101K, 35% free 5088K/7724K, paused 95ms, total 110ms
07-10 13:40:01.981 I/dalvikvm-heap( 690): Grow heap (frag case) to 6.829MB for 1188824-byte allocation
07-10 13:40:02.111 D/dalvikvm( 690): GC_CONCURRENT freed 6K, 29% free 6341K/8888K, paused 6ms+19ms, total 125ms
07-10 13:40:02.391 D/dalvikvm( 690): GC_FOR_ALLOC freed 1304K, 40% free 5360K/8888K, paused 96ms, total 107ms
07-10 13:40:02.441 I/dalvikvm-heap( 690): Grow heap (frag case) to 7.707MB for 1831120-byte allocation
07-10 13:40:02.621 D/dalvikvm( 443): GC_FOR_ALLOC freed 39K, 18% free 6996K/8504K, paused 182ms, total 182ms
07-10 13:40:02.621 I/dalvikvm-heap( 443): Grow heap (frag case) to 7.768MB for 214528-byte allocation
07-10 13:40:03.022 I/ActivityManager( 443): No longer want com.android.exchange (pid 1041): empty #17
07-10 13:40:03.082 I/Choreographer( 690): Skipped 81 frames! The application may be doing too much work on its main thread.
07-10 13:40:03.122 D/dalvikvm( 690): GC_CONCURRENT freed 6K, 29% free 7640K/10680K, paused 33ms+417ms, total 590ms
07-10 13:40:03.202 W/ActivityManager( 443): Activity pause timeout for ActivityRecord{41fe6ce0 u0 com.cyanogenmod.trebuchet/.Launcher}
07-10 13:40:03.452 E/rmt_storage( 116): block rmt_storage client thread
07-10 13:40:03.763 D/dalvikvm( 610): GC_CONCURRENT freed 386K, 65% free 2708K/7720K, paused 30ms+45ms, total 581ms
07-10 13:40:04.043 E/rmt_storage( 116): write_log_file: [MyTag]open: fd=-1
07-10 13:40:04.043 E/rmt_storage( 116): block rmt_storage client thread
07-10 13:40:04.573 D/libEGL ( 781): loaded /system/lib/egl/libEGL_adreno200.so
07-10 13:40:04.583 D/libEGL ( 781): loaded /system/lib/egl/libGLESv1_CM_adreno200.so
07-10 13:40:04.603 D/libEGL ( 781): loaded /system/lib/egl/libGLESv2_adreno200.so
07-10 13:40:04.613 I/Adreno200-EGL( 781): : EGL 1.4 QUALCOMM build: AU_LINUX_ANDROID_JB.04.01.01.00.005_msm7627a_JB_CL2577695_release_AU (CL2577695)
07-10 13:40:04.613 I/Adreno200-EGL( 781): Build Date: 07/11/12 Wed 07-10 13:40:04.613 I/Adreno200-EGL( 781): Local Branch: mybranch65565
07-10 13:40:04.613 I/Adreno200-EGL( 781): Remote Branch: quic/master
07-10 13:40:04.613 I/Adreno200-EGL( 781): Local Patches: NONE
07-10 13:40:04.613 I/Adreno200-EGL( 781): Reconstruct Branch: AU_LINUX_ANDROID_JB.04.01.01.00.005 + db7e81a + 4568683 + dfff884 + NOTHING
07-10 13:40:04.663 D/dalvikvm( 690): GC_FOR_ALLOC freed 2561K, 38% free 6667K/10680K, paused 88ms, total 88ms
07-10 13:40:04.693 I/dalvikvm-heap( 690): Grow heap (frag case) to 10.702MB for 3632848-byte allocation
07-10 13:40:04.834 D/OpenGLRenderer( 781): Enabling debug mode 0
07-10 13:40:04.914 D/WifiService( 443): setWifiEnabled: true pid=781, uid=1000
07-10 13:40:05.024 D/dalvikvm( 690): GC_CONCURRENT freed 7K, 28% free 10291K/14228K, paused 3ms+29ms, total 325ms
07-10 13:40:05.084 I/Choreographer( 781): Skipped 36 frames! The application may be doing too much work on its main thread.
07-10 13:40:05.344 I/ActivityManager( 443): Displayed com.android.settings/.Settings: +2s145ms
