07-10 13:59:29.780 D/RPC ( 443): 3000008c:00050000 call success.
07-10 13:59:29.780 D/RPC ( 443): 3000008c:00050000 sending call (XID 20).
07-10 13:59:29.780 D/RPC ( 443): 3000008c:00050000 received REPLY (XID 20), grabbing mutex to wake up client.
07-10 13:59:29.780 D/RPC ( 443): 3000008c:00050000 call success.
07-10 13:59:29.780 D/RPC ( 443): 3000008c:00050000 sending call (XID 21).
07-10 13:59:29.780 D/RPC ( 443): 3000008c:00050000 received REPLY (XID 21), grabbing mutex to wake up client.
07-10 13:59:29.790 D/libloc ( 443): loc_ioctl XTRA injected length: 16384
07-10 13:59:29.790 D/libloc ( 443): qct_loc_eng_inject_xtra_data, part 17/39, len = 1024, total = 16384
07-10 13:59:29.790 D/libloc ( 443): loc_ioctl XTRA injected length: 17408
07-10 13:59:29.790 D/libloc ( 443): qct_loc_eng_inject_xtra_data, part 18/39, len = 1024, total = 17408
07-10 13:59:29.790 D/libloc ( 443): loc_ioctl XTRA injected length: 18432
07-10 13:59:29.790 D/libloc ( 443): qct_loc_eng_inject_xtra_data, part 19/39, len = 1024, total = 18432
07-10 13:59:29.790 D/RPC ( 443): 3000008c:00050000 call success.
07-10 13:59:29.790 D/RPC ( 443): 3000008c:00050000 sending call (XID 22).
07-10 13:59:29.790 D/RPC ( 443): 3000008c:00050000 received REPLY (XID 22), grabbing mutex to wake up client.
07-10 13:59:29.790 D/RPC ( 443): 3000008c:00050000 call success.
07-10 13:59:29.790 D/RPC ( 443): 3000008c:00050000 sending call (XID 23).
07-10 13:59:29.790 D/RPC ( 443): 3000008c:00050000 received REPLY (XID 23), grabbing mutex to wake up client.
07-10 13:59:29.790 D/RPC ( 443): 3000008c:00050000 call success.
07-10 13:59:29.790 D/RPC ( 443): 3000008c:00050000 sending call (XID 24).
07-10 13:59:29.800 D/libloc ( 443): loc_ioctl XTRA injected length: 19456
07-10 13:59:29.800 D/libloc ( 443): qct_loc_eng_inject_xtra_data, part 20/39, len = 1024, total = 19456
07-10 13:59:29.800 D/libloc ( 443): loc_ioctl XTRA injected length: 20480
07-10 13:59:29.800 D/libloc ( 443): qct_loc_eng_inject_xtra_data, part 21/39, len = 1024, total = 20480
07-10 13:59:29.800 D/RPC ( 443): 3000008c:00050000 received REPLY (XID 24), grabbing mutex to wake up client.
07-10 13:59:29.800 D/RPC ( 443): 3000008c:00050000 call success.
07-10 13:59:29.800 D/RPC ( 443): 3000008c:00050000 sending call (XID 25).
07-10 13:59:29.800 D/RPC ( 443): 3000008c:00050000 received REPLY (XID 25), grabbing mutex to wake up client.
07-10 13:59:29.800 D/RPC ( 443): 3000008c:00050000 call success.
07-10 13:59:29.800 D/RPC ( 443): 3000008c:00050000 sending call (XID 26).
07-10 13:59:29.810 D/libloc ( 443): loc_ioctl XTRA injected length: 21504
07-10 13:59:29.810 D/libloc ( 443): qct_loc_eng_inject_xtra_data, part 22/39, len = 1024, total = 21504
07-10 13:59:29.810 D/GCM ( 855): GcmService start Intent { act=android.net.conn.CONNECTIVITY_CHANGE flg=0x8000010 cmp=com.google.android.gms/.gcm.GcmService (has extras) } android.net.conn.CONNECTIVITY_CHANGE
07-10 13:59:29.810 D/RPC ( 443): 3000008c:00050000 received REPLY (XID 26), grabbing mutex to wake up client.
07-10 13:59:29.810 D/RPC ( 443): 3000008c:00050000 call success.
07-10 13:59:29.810 D/RPC ( 443): 3000008c:00050000 sending call (XID 27).
07-10 13:59:29.810 D/RPC ( 443): 3000008c:00050000 received REPLY (XID 27), grabbing mutex to wake up client.
07-10 13:59:29.820 D/libloc ( 443): loc_ioctl XTRA injected length: 22528
07-10 13:59:29.820 D/libloc ( 443): qct_loc_eng_inject_xtra_data, part 23/39, len = 1024, total = 22528
07-10 13:59:29.820 D/RPC ( 443): 3000008c:00050000 call success.
07-10 13:59:29.820 D/RPC ( 443): 3000008c:00050000 sending call (XID 28).
07-10 13:59:29.830 D/libloc ( 443): loc_ioctl XTRA injected length: 23552
07-10 13:59:29.830 D/libloc ( 443): qct_loc_eng_inject_xtra_data, part 24/39, len = 1024, total = 23552
07-10 13:59:29.830 D/libloc ( 443): loc_ioctl XTRA injected length: 24576
07-10 13:59:29.830 D/libloc ( 443): qct_loc_eng_inject_xtra_data, part 25/39, len = 1024, total = 24576
07-10 13:59:29.830 D/libloc ( 443): loc_ioctl XTRA injected length: 25600
07-10 13:59:29.830 D/libloc ( 443): qct_loc_eng_inject_xtra_data, part 26/39, len = 1024, total = 25600
07-10 13:59:29.830 D/RPC ( 443): 3000008c:00050000 received REPLY (XID 28), grabbing mutex to wake up client.
07-10 13:59:29.830 D/RPC ( 443): 3000008c:00050000 call success.
07-10 13:59:29.830 D/RPC ( 443): 3000008c:00050000 sending call (XID 29).
07-10 13:59:29.830 D/RPC ( 443): 3000008c:00050000 received REPLY (XID 29), grabbing mutex to wake up client.
07-10 13:59:29.830 D/RPC ( 443): 3000008c:00050000 call success.
07-10 13:59:29.830 D/RPC ( 443): 3000008c:00050000 sending call (XID 30).
07-10 13:59:29.830 D/RPC ( 443): 3000008c:00050000 received REPLY (XID 30), grabbing mutex to wake up client.
07-10 13:59:29.830 D/RPC ( 443): 3000008c:00050000 call success.
07-10 13:59:29.830 D/RPC ( 443): 3000008c:00050000 sending call (XID 31).
07-10 13:59:29.830 D/RPC ( 443): 3000008c:00050000 received REPLY (XID 31), grabbing mutex to wake up client.
07-10 13:59:29.840 D/libloc ( 443): loc_ioctl XTRA injected length: 26624
07-10 13:59:29.840 D/libloc ( 443): qct_loc_eng_inject_xtra_data, part 27/39, len = 1024, total = 26624
07-10 13:59:29.840 D/RPC ( 443): 3000008c:00050000 call success.
07-10 13:59:29.840 D/RPC ( 443): 3000008c:00050000 sending call (XID 32).
07-10 13:59:29.860 D/RPC ( 443): 3000008c:00050000 received REPLY (XID 32), grabbing mutex to wake up client.
07-10 13:59:29.890 D/libloc ( 443): loc_ioctl XTRA injected length: 27648
07-10 13:59:29.890 D/libloc ( 443): qct_loc_eng_inject_xtra_data, part 28/39, len = 1024, total = 27648
07-10 13:59:29.890 D/RPC ( 443): 3000008c:00050000 call success.
07-10 13:59:29.890 D/RPC ( 443): 3000008c:00050000 sending call (XID 33).
07-10 13:59:29.890 D/RPC ( 443): 3000008c:00050000 received REPLY (XID 33), grabbing mutex to wake up client.
07-10 13:59:29.910 D/libloc ( 443): loc_ioctl XTRA injected length: 28672
07-10 13:59:29.910 D/libloc ( 443): qct_loc_eng_inject_xtra_data, part 29/39, len = 1024, total = 28672
07-10 13:59:29.910 D/RPC ( 443): 3000008c:00050000 call success.
07-10 13:59:29.910 D/RPC ( 443): 3000008c:00050000 sending call (XID 34).
07-10 13:59:29.910 D/RPC ( 443): 3000008c:00050000 received REPLY (XID 34), grabbing mutex to wake up client.
07-10 13:59:29.920 D/libloc ( 443): loc_ioctl XTRA injected length: 29696
07-10 13:59:29.920 D/libloc ( 443): qct_loc_eng_inject_xtra_data, part 30/39, len = 1024, total = 29696
07-10 13:59:29.920 D/RPC ( 443): 3000008c:00050000 call success.
07-10 13:59:29.920 D/RPC ( 443): 3000008c:00050000 sending call (XID 35).
07-10 13:59:29.920 D/RPC ( 443): 3000008c:00050000 received REPLY (XID 35), grabbing mutex to wake up client.
07-10 13:59:29.930 D/libloc ( 443): loc_ioctl XTRA injected length: 30720
07-10 13:59:29.930 D/libloc ( 443): qct_loc_eng_inject_xtra_data, part 31/39, len = 1024, total = 30720
07-10 13:59:29.930 D/RPC ( 443): 3000008c:00050000 call success.
07-10 13:59:29.930 D/RPC ( 443): 3000008c:00050000 sending call (XID 36).
07-10 13:59:29.930 D/RPC ( 443): 3000008c:00050000 received REPLY (XID 36), grabbing mutex to wake up client.
07-10 13:59:29.940 D/libloc ( 443): loc_ioctl XTRA injected length: 31744
07-10 13:59:29.940 D/libloc ( 443): qct_loc_eng_inject_xtra_data, part 32/39, len = 1024, total = 31744
07-10 13:59:29.940 D/RPC ( 443): 3000008c:00050000 call success.
07-10 13:59:29.940 D/RPC ( 443): 3000008c:00050000 sending call (XID 37).
07-10 13:59:29.950 D/libloc ( 443): loc_ioctl XTRA injected length: 32768
07-10 13:59:29.950 D/libloc ( 443): qct_loc_eng_inject_xtra_data, part 33/39, len = 1024, total = 32768
07-10 13:59:29.950 D/RPC ( 443): 3000008c:00050000 received REPLY (XID 37), grabbing mutex to wake up client.
07-10 13:59:29.950 D/RPC ( 443): 3000008c:00050000 call success.
07-10 13:59:29.950 D/RPC ( 443): 3000008c:00050000 sending call (XID 38).
07-10 13:59:29.950 D/RPC ( 443): 3000008c:00050000 received REPLY (XID 38), grabbing mutex to wake up client.
07-10 13:59:29.980 D/libloc ( 443): loc_ioctl XTRA injected length: 33792
07-10 13:59:29.980 D/libloc ( 443): qct_loc_eng_inject_xtra_data, part 34/39, len = 1024, total = 33792
07-10 13:59:29.980 D/RPC ( 443): 3000008c:00050000 call success.
07-10 13:59:29.980 D/RPC ( 443): 3000008c:00050000 sending call (XID 39).
07-10 13:59:29.990 D/libloc ( 443): loc_ioctl XTRA injected length: 34816
07-10 13:59:29.990 D/libloc ( 443): qct_loc_eng_inject_xtra_data, part 35/39, len = 1024, total = 34816
07-10 13:59:29.990 D/libloc ( 443): loc_ioctl XTRA injected length: 35840
07-10 13:59:29.990 D/libloc ( 443): qct_loc_eng_inject_xtra_data, part 36/39, len = 1024, total = 35840
07-10 13:59:29.990 D/libloc ( 443): loc_ioctl XTRA injected length: 36864
07-10 13:59:29.990 D/libloc ( 443): qct_loc_eng_inject_xtra_data, part 37/39, len = 1024, total = 36864
07-10 13:59:29.990 D/RPC ( 443): 3000008c:00050000 received REPLY (XID 39), grabbing mutex to wake up client.
07-10 13:59:29.990 D/RPC ( 443): 3000008c:00050000 call success.
07-10 13:59:29.990 D/RPC ( 443): 3000008c:00050000 sending call (XID 40).
07-10 13:59:29.990 D/RPC ( 443): 3000008c:00050000 received REPLY (XID 40), grabbing mutex to wake up client.
07-10 13:59:29.990 D/RPC ( 443): 3000008c:00050000 call success.
07-10 13:59:29.990 D/RPC ( 443): 3000008c:00050000 sending call (XID 41).
07-10 13:59:29.990 D/RPC ( 443): 3000008c:00050000 received REPLY (XID 41), grabbing mutex to wake up client.
07-10 13:59:29.990 D/RPC ( 443): 3000008c:00050000 call success.
07-10 13:59:29.990 D/RPC ( 443): 3000008c:00050000 sending call (XID 42).
07-10 13:59:30.000 D/dalvikvm( 855): GC_CONCURRENT freed 509K, 61% free 3011K/7720K, paused 16ms+8ms, total 53ms
07-10 13:59:30.000 D/dalvikvm( 855): WAIT_FOR_CONCURRENT_GC blocked 37ms
07-10 13:59:30.010 D/RPC ( 443): 3000008c:00050000 received REPLY (XID 42), grabbing mutex to wake up client.
07-10 13:59:30.030 D/libloc ( 443): loc_ioctl XTRA injected length: 37888
07-10 13:59:30.030 D/libloc ( 443): qct_loc_eng_inject_xtra_data, part 38/39, len = 1024, total = 37888
07-10 13:59:30.030 D/libloc ( 443): loc_ioctl XTRA injected length: 38912
07-10 13:59:30.030 D/libloc ( 443): qct_loc_eng_inject_xtra_data, part 39/39, len = 855, total = 38912
07-10 13:59:30.030 D/libloc ( 443): loc_eng_ioctl called: client = 0, ioctl_type = RPC_LOC_IOCTL_INJECT_PREDICTED_ORBITS_DATA
07-10 13:59:30.030 D/RPC ( 443): 3000008c:00050000 call success.
07-10 13:59:30.030 D/RPC ( 443): 3000008c:00050000 sending call (XID 43).
07-10 13:59:30.030 D/RPC ( 443): 3000008c:00050000 received REPLY (XID 43), grabbing mutex to wake up client.
07-10 13:59:30.030 D/RPC ( 443): 3000008c:00050000 call success.
07-10 13:59:30.030 D/RPC ( 443): 3000008c:00050000 sending call (XID 44).
07-10 13:59:30.040 D/RPC ( 443): 3000008c:00050000 received REPLY (XID 44), grabbing mutex to wake up client.
07-10 13:59:30.040 D/RPC ( 443): 3000008c:00050000 call success.
07-10 13:59:30.080 D/GCM ( 855): GcmService start Intent { act=android.net.conn.CONNECTIVITY_CHANGE flg=0x8000010 cmp=com.google.android.gms/.gcm.GcmService (has extras) } android.net.conn.CONNECTIVITY_CHANGE
07-10 13:59:30.090 D/RPC ( 443): 3000008c:00050000 received CALL.
07-10 13:59:30.090 D/RPC ( 443): 3000008c:00050000 dispatching RPC call (XID 322, xdr 0x517685d8) for callback client 3100008c:00050001.
07-10 13:59:30.100 D/libloc ( 443): loc_eng_ioctl result: client = 0, ioctl_type = RPC_LOC_IOCTL_INJECT_PREDICTED_ORBITS_DATA, RPC_LOC_API_SUCCESS
07-10 13:59:30.100 D/libloc ( 443): loc_eng_deferred_action_thread. waiting for events
07-10 13:59:30.100 D/RPC ( 443): 3100008c:327681 sending RPC reply (XID 322)
07-10 13:59:30.210 D/dalvikvm( 855): GC_CONCURRENT freed 432K, 62% free 2977K/7720K, paused 4ms+3ms, total 62ms
07-10 13:59:30.271 D/dalvikvm( 838): GC_CONCURRENT freed 361K, 57% free 3366K/7720K, paused 6ms+4ms, total 54ms
07-10 13:59:30.671 D/dalvikvm( 855): GC_CONCURRENT freed 208K, 59% free 3207K/7720K, paused 7ms+4ms, total 76ms
07-10 13:59:30.671 D/dalvikvm( 855): WAIT_FOR_CONCURRENT_GC blocked 57ms
07-10 13:59:31.452 D/dalvikvm( 855): GC_CONCURRENT freed 346K, 58% free 3249K/7720K, paused 14ms+6ms, total 121ms
07-10 13:59:31.552 D/ConnectivityService( 443): handleInetConditionHoldEnd: net=1, condition=100, published condition=0
07-10 13:59:31.792 I/CheckinTask( 855): Sending checkin request (21744 bytes)
07-10 13:59:32.252 D/dalvikvm( 855): GC_CONCURRENT freed 299K, 57% free 3337K/7720K, paused 20ms+11ms, total 67ms
07-10 13:59:32.843 I/NotificationStore( 1274): file does not exist: /data/data/com.google.android.gms/files/notification_data.dat
07-10 13:59:33.273 D/WeatherXmlParser( 1074): Weather updated: WeatherInfo for Budapest@ Wed Jul 10 13:59:33 CEST 2013: Derűs(34), temperature 30°C, low 17°, high 29°, humidity 35%, wind 10km/h at DNy
07-10 13:59:33.464 D/dalvikvm( 838): GC_CONCURRENT freed 270K, 55% free 3485K/7720K, paused 3ms+4ms, total 30ms
07-10 13:59:33.784 W/GCoreUlr( 838): sending intent to update reporting state
07-10 13:59:33.784 D/dalvikvm( 855): GC_CONCURRENT freed 544K, 59% free 3178K/7720K, paused 4ms+6ms, total 45ms
07-10 13:59:34.004 D/dalvikvm( 443): GC_CONCURRENT freed 1050K, 21% free 7342K/9188K, paused 13ms+8ms, total 118ms
07-10 13:59:34.054 I/GCoreUlr( 838): Ensuring that reporting is stopped because of reasons: {account#-11#=[InactiveReason{mVersionCode=0, mIdentifier=4, mName='GoogleLocationDisabled'}, InactiveReason{mVersionCode=0, mIdentifier=6, mName='TermsNotAccepted'}, InactiveReason{mVersionCode=0, mIdentifier=5, mName='ReportingNotSelected'}]}
07-10 13:59:34.064 I/GCoreUlr( 838): Unbound from all location providers
07-10 13:59:34.104 I/CheckinTask( 855): Checkin success: https://android.clients.google.com/checkin (1 requests sent)
07-10 13:59:34.194 I/GCoreUlr( 838): Ensuring that reporting is stopped because of reasons: {account#-11#=[InactiveReason{mVersionCode=0, mIdentifier=4, mName='GoogleLocationDisabled'}, InactiveReason{mVersionCode=0, mIdentifier=6, mName='TermsNotAccepted'}, InactiveReason{mVersionCode=0, mIdentifier=5, mName='ReportingNotSelected'}]}
07-10 13:59:34.194 I/GCoreUlr( 838): Unbound from all location providers
07-10 13:59:37.768 I/ActivityManager( 443): START u0 {act=android.intent.action.MAIN cat=[android.intent.category.LAUNCHER] flg=0x10200000 cmp=jackpal.androidterm/.Term} from pid 690
07-10 13:59:37.928 I/ActivityManager( 443): Start proc jackpal.androidterm for activity jackpal.androidterm/.Term: pid=1826 uid=10037 gids={50037, 3003, 1015, 1028}
07-10 13:59:37.948 I/dalvikvm( 1826): Turning on JNI app bug workarounds for target SDK version 11...
07-10 13:59:37.988 E/Trace ( 1826): error opening trace file: No such file or directory (2)
07-10 13:59:38.248 E/Term ( 1826): onCreate
07-10 13:59:38.539 D/Term ( 1826): TermService started
07-10 13:59:38.539 I/TermService( 1826): Activity called onBind()
07-10 13:59:38.599 D/libEGL ( 1826): loaded /system/lib/egl/libEGL_adreno200.so
07-10 13:59:38.619 D/libEGL ( 1826): loaded /system/lib/egl/libGLESv1_CM_adreno200.so
07-10 13:59:38.619 D/libEGL ( 1826): loaded /system/lib/egl/libGLESv2_adreno200.so
07-10 13:59:38.639 I/Adreno200-EGL( 1826): : EGL 1.4 QUALCOMM build: AU_LINUX_ANDROID_JB.04.01.01.00.005_msm7627a_JB_CL2577695_release_AU (CL2577695)
07-10 13:59:38.639 I/Adreno200-EGL( 1826): Build Date: 07/11/12 Wed 07-10 13:59:38.639 I/Adreno200-EGL( 1826): Local Branch: mybranch65565
07-10 13:59:38.639 I/Adreno200-EGL( 1826): Remote Branch: quic/master
07-10 13:59:38.639 I/Adreno200-EGL( 1826): Local Patches: NONE
07-10 13:59:38.639 I/Adreno200-EGL( 1826): Reconstruct Branch: AU_LINUX_ANDROID_JB.04.01.01.00.005 + db7e81a + 4568683 + dfff884 + NOTHING
07-10 13:59:38.729 D/OpenGLRenderer( 1826): Enabling debug mode 0
07-10 13:59:38.739 I/Term ( 1826): Bound to TermService
07-10 13:59:38.739 I/TermService( 1826): Activity binding to service
07-10 13:59:38.759 I/libjackpal-androidterm( 1826): JNI_OnLoad
07-10 13:59:39.209 I/Term ( 1826): waiting for: 1842
07-10 13:59:39.860 D/dalvikvm( 548): GC_CONCURRENT freed 4266K, 60% free 3099K/7720K, paused 12ms+35ms, total 211ms
07-10 13:59:40.000 I/Choreographer( 1826): Skipped 42 frames! The application may be doing too much work on its main thread.
07-10 13:59:40.000 I/ActivityManager( 443): Displayed jackpal.androidterm/.Term: +2s114ms
07-10 13:59:40.060 I/InputAttributes( 639): InputType.TYPE_NULL is specified
07-10 13:59:40.080 W/SettingsValues( 639): Cannot load auto correction threshold setting. currentAutoCorrectionSetting: 0, autoCorrectionThresholdValues: [, 0.185, 0.067, 0]
07-10 13:59:40.380 W/Settings( 668): Setting auto_time_zone has moved from android.provider.Settings.System to android.provider.Settings.Global, returning read-only value.
07-10 13:59:40.380 D/AlarmManagerService( 443): Kernel timezone updated to -120 minutes west of GMT
07-10 13:59:40.390 W/Settings( 668): Setting auto_time has moved from android.provider.Settings.System to android.provider.Settings.Global, returning read-only value.
07-10 13:59:40.390 D/SystemClock( 668): Setting time of day to sec=1373457582
07-10 13:59:42.600 I/Choreographer( 639): Skipped 85 frames! The application may be doing too much work on its main thread.
07-10 13:59:42.880 W/SystemClock( 838): time going backwards: prev 1265050801639(ioctl) vs now 1265022705877(ioctl), tid=1036
07-10 13:59:43.460 V/AlarmClock( 1557): No next alarm
07-10 13:59:43.470 V/AlarmClock( 1557): AlarmInitReceiver finished
07-10 13:59:44.541 D/dalvikvm( 443): JIT code cache reset in 5 ms (1048368 bytes 1/0)
07-10 13:59:44.561 D/dalvikvm( 443): GC_CONCURRENT freed 1071K, 20% free 7392K/9188K, paused 25ms+16ms, total 229ms
07-10 13:59:46.303 D/su ( 1855): su invoked.
07-10 13:59:46.343 D/su ( 1856): /dev/com.android.settings/.socket1854
07-10 13:59:47.043 D/AndroidRuntime( 1857):
07-10 13:59:47.043 D/AndroidRuntime( 1857): >>>>>> AndroidRuntime START com.android.internal.os.RuntimeInit <<<<<<
07-10 13:59:47.053 D/AndroidRuntime( 1857): CheckJNI is OFF
07-10 13:59:47.143 D/dalvikvm( 1857): Trying to load lib libjavacore.so 0x0
07-10 13:59:47.143 D/dalvikvm( 1857): Added shared lib libjavacore.so 0x0
07-10 13:59:47.203 D/dalvikvm( 1857): Trying to load lib libnativehelper.so 0x0
07-10 13:59:47.203 D/dalvikvm( 1857): Added shared lib libnativehelper.so 0x0
07-10 13:59:47.554 D/AndroidRuntime( 1857): Calling main entry com.android.commands.am.Am
07-10 13:59:47.554 D/dalvikvm( 1857): Note: class Landroid/app/ActivityManagerNative; has 158 unimplemented (abstract) methods
07-10 13:59:47.574 I/ActivityManager( 443): START u0 {flg=0x10000000 cmp=com.android.settings/.cyanogenmod.superuser.RequestActivity (has extras)} from pid 1857
07-10 13:59:47.614 D/AndroidRuntime( 1857): Shutting down VM
07-10 13:59:47.644 D/dalvikvm( 1857): GC_CONCURRENT freed 93K, 16% free 515K/612K, paused 0ms+0ms, total 32ms
07-10 13:59:47.654 I/ActivityManager( 443): Start proc com.android.settings:superuser for activity com.android.settings/.cyanogenmod.superuser.RequestActivity: pid=1868 uid=1000 gids={41000, 1015, 1028, 3002, 3001, 3003, 3007}
07-10 13:59:47.684 D/dalvikvm( 106): GC_EXPLICIT freed 38K, 70% free 2374K/7720K, paused 2ms+2ms, total 50ms
07-10 13:59:47.744 D/dalvikvm( 106): GC_EXPLICIT freed <1K, 70% free 2374K/7720K, paused 3ms+13ms, total 53ms
07-10 13:59:47.804 D/dalvikvm( 106): GC_EXPLICIT freed <1K, 70% free 2374K/7720K, paused 3ms+2ms, total 58ms
07-10 13:59:48.004 E/Trace ( 1868): error opening trace file: No such file or directory (2)
07-10 13:59:48.565 I/ActivityManager( 443): START u0 {flg=0x10800000 cmp=com.android.settings/.cyanogenmod.superuser.MultitaskSuRequestActivity (has extras)} from pid 1868
07-10 13:59:48.785 W/ResourceType( 1868): getEntry failing because entryIndex 129 is beyond type entryCount 4
07-10 13:59:48.815 E/su ( 1885): 4
07-10 13:59:48.825 E/su ( 1887): 4
07-10 13:59:48.825 E/su ( 1884): 4
07-10 13:59:48.835 E/su ( 1889): 4
07-10 13:59:48.845 E/su ( 1883): 4
07-10 13:59:48.845 E/su ( 1890): 4
07-10 13:59:48.855 E/su ( 1894): 4
07-10 13:59:48.855 E/su ( 1893): 4
07-10 13:59:48.865 E/su ( 1891): 4
07-10 13:59:48.865 E/su ( 1888): 4
07-10 13:59:48.865 E/su ( 1886): 4
07-10 13:59:48.875 E/su ( 1896): 4
07-10 13:59:48.875 E/su ( 1892): 4
07-10 13:59:48.885 E/su ( 1899): 4
07-10 13:59:48.885 E/su ( 1898): 4
07-10 13:59:48.895 E/su ( 1901): 4
07-10 13:59:48.895 E/su ( 1902): 4
07-10 13:59:48.905 E/su ( 1897): 4
07-10 13:59:48.905 E/su ( 1895): 4
07-10 13:59:48.915 E/su ( 1900): 4
07-10 13:59:48.925 D/su ( 1903): waiting for user
07-10 13:59:49.065 D/dalvikvm( 443): GC_FOR_ALLOC freed 311K, 17% free 7666K/9188K, paused 80ms, total 82ms
07-10 13:59:49.065 I/dalvikvm-heap( 443): Grow heap (frag case) to 8.283MB for 67078-byte allocation
07-10 13:59:49.225 D/dalvikvm( 443): GC_FOR_ALLOC freed 97K, 18% free 7665K/9256K, paused 79ms, total 79ms
07-10 13:59:49.225 I/dalvikvm-heap( 443): Grow heap (frag case) to 8.313MB for 100612-byte allocation
07-10 13:59:49.306 D/dalvikvm( 443): GC_FOR_ALLOC freed 101K, 18% free 7698K/9356K, paused 70ms, total 70ms
07-10 13:59:49.316 I/dalvikvm-heap( 443): Grow heap (frag case) to 8.393MB for 150914-byte allocation
07-10 13:59:49.386 D/libEGL ( 1868): loaded /system/lib/egl/libEGL_adreno200.so
07-10 13:59:49.396 D/libEGL ( 1868): loaded /system/lib/egl/libGLESv1_CM_adreno200.so
07-10 13:59:49.406 D/libEGL ( 1868): loaded /system/lib/egl/libGLESv2_adreno200.so
07-10 13:59:49.406 I/Adreno200-EGL( 1868): : EGL 1.4 QUALCOMM build: AU_LINUX_ANDROID_JB.04.01.01.00.005_msm7627a_JB_CL2577695_release_AU (CL2577695)
07-10 13:59:49.406 I/Adreno200-EGL( 1868): Build Date: 07/11/12 Wed 07-10 13:59:49.406 I/Adreno200-EGL( 1868): Local Branch: mybranch65565
07-10 13:59:49.406 I/Adreno200-EGL( 1868): Remote Branch: quic/master
07-10 13:59:49.406 I/Adreno200-EGL( 1868): Local Patches: NONE
07-10 13:59:49.406 I/Adreno200-EGL( 1868): Reconstruct Branch: AU_LINUX_ANDROID_JB.04.01.01.00.005 + db7e81a + 4568683 + dfff884 + NOTHING
07-10 13:59:49.456 D/OpenGLRenderer( 1868): Enabling debug mode 0
07-10 13:59:49.476 W/IInputConnectionWrapper( 1826): showStatusIcon on inactive InputConnection
07-10 13:59:49.676 I/ActivityManager( 443): Displayed com.android.settings/.cyanogenmod.superuser.MultitaskSuRequestActivity: +1s89ms (total +2s54ms)
07-10 13:59:54.080 D/dalvikvm( 443): GC_FOR_ALLOC freed 193K, 19% free 7761K/9500K, paused 105ms, total 108ms
07-10 14:00:09.976 D/dalvikvm( 443): GC_FOR_ALLOC freed 460K, 21% free 7570K/9500K, paused 193ms, total 194ms
07-10 14:00:10.246 D/AndroidRuntime( 1906):
07-10 14:00:10.246 D/AndroidRuntime( 1906): >>>>>> AndroidRuntime START com.android.internal.os.RuntimeInit <<<<<<
07-10 14:00:10.256 D/AndroidRuntime( 1906): CheckJNI is OFF
07-10 14:00:10.276 I/InputAttributes( 639): InputType.TYPE_NULL is specified
07-10 14:00:10.276 W/SettingsValues( 639): Cannot load auto correction threshold setting. currentAutoCorrectionSetting: 0, autoCorrectionThresholdValues: [, 0.185, 0.067, 0]
07-10 14:00:10.356 D/dalvikvm( 1906): Trying to load lib libjavacore.so 0x0
07-10 14:00:10.426 D/dalvikvm( 1906): Added shared lib libjavacore.so 0x0
07-10 14:00:10.526 D/dalvikvm( 1906): Trying to load lib libnativehelper.so 0x0
07-10 14:00:10.526 D/dalvikvm( 1906): Added shared lib libnativehelper.so 0x0
07-10 14:00:11.007 I/ActivityManager( 443): No longer want com.android.voicedialer (pid 1154): empty #17
07-10 14:00:11.127 D/dalvikvm( 548): GC_CONCURRENT freed 569K, 61% free 3041K/7720K, paused 19ms+125ms, total 481ms
07-10 14:00:11.127 D/dalvikvm( 548): WAIT_FOR_CONCURRENT_GC blocked 29ms
07-10 14:00:11.127 D/dalvikvm( 548): WAIT_FOR_CONCURRENT_GC blocked 33ms
07-10 14:00:11.127 D/dalvikvm( 548): WAIT_FOR_CONCURRENT_GC blocked 33ms
07-10 14:00:11.617 I/Choreographer( 548): Skipped 47 frames! The application may be doing too much work on its main thread.
07-10 14:00:11.878 D/AndroidRuntime( 1906): Calling main entry com.android.commands.am.Am
07-10 14:00:11.878 D/dalvikvm( 1906): Note: class Landroid/app/ActivityManagerNative; has 158 unimplemented (abstract) methods
07-10 14:00:12.058 D/dalvikvm( 781): GC_CONCURRENT freed 467K, 58% free 3304K/7720K, paused 41ms+3ms, total 82ms
07-10 14:00:12.058 D/dalvikvm( 781): WAIT_FOR_CONCURRENT_GC blocked 18ms
07-10 14:00:12.178 D/AndroidRuntime( 1906): Shutting down VM
07-10 14:00:12.198 D/dalvikvm( 1906): GC_CONCURRENT freed 94K, 16% free 519K/616K, paused 1ms+0ms, total 23ms
07-10 14:00:12.318 D/dalvikvm( 443): GC_FOR_ALLOC freed 643K, 17% free 7889K/9500K, paused 102ms, total 103ms
07-10 14:00:12.318 I/dalvikvm-heap( 443): Grow heap (frag case) to 8.566MB for 137060-byte allocation
07-10 14:00:15.101 D/dalvikvm( 443): GC_FOR_ALLOC freed 149K, 18% free 7920K/9636K, paused 107ms, total 108ms
07-10 14:00:15.101 I/dalvikvm-heap( 443): Grow heap (frag case) to 8.570MB for 107628-byte allocation
07-10 14:00:15.671 I/ActivityManager( 443): Config changes=480 {1.0 216mcc1mnc hu_HU ldltr sw320dp w533dp h294dp 240dpi nrml long land finger -keyb/v/h -nav/h s.5 themeResource=null}
07-10 14:00:15.681 I/InputReader( 443): Reconfiguring input devices. changes=0x00000004
07-10 14:00:15.681 I/InputReader( 443): Device reconfigured: id=7, name='syna-touchscreen', size 480x800, orientation 1, mode 1, display id 0
07-10 14:00:15.921 E/InputMethodService( 639): Unexpected null in startExtractingText : mExtractedText = null, input connection = com.android.internal.view.InputConnectionWrapper@42205168
07-10 14:00:16.242 E/InputMethodService( 639): Unexpected null in startExtractingText : mExtractedText = null, input connection = com.android.internal.view.InputConnectionWrapper@42205168
07-10 14:00:16.682 I/InputAttributes( 639): InputType.TYPE_NULL is specified
07-10 14:00:16.692 W/SettingsValues( 639): Cannot load auto correction threshold setting. currentAutoCorrectionSetting: 0, autoCorrectionThresholdValues: [, 0.185, 0.067, 0]
07-10 14:00:16.762 D/dalvikvm( 548): GC_FOR_ALLOC freed 283K, 62% free 2973K/7720K, paused 80ms, total 91ms
07-10 14:00:16.772 I/dalvikvm-heap( 548): Grow heap (frag case) to 6.328MB for 2828816-byte allocation
07-10 14:00:16.882 D/dalvikvm( 548): GC_CONCURRENT freed 11K, 26% free 5725K/7720K, paused 4ms+21ms, total 105ms
07-10 14:00:16.993 E/InputMethodService( 639): Unexpected null in startExtractingText : mExtractedText = null, input connection = com.android.internal.view.InputConnectionWrapper@42205168
07-10 14:00:17.063 I/Choreographer( 639): Skipped 77 frames! The application may be doing too much work on its main thread.
07-10 14:00:17.173 I/Choreographer( 548): Skipped 80 frames! The application may be doing too much work on its main thread.
07-10 14:00:17.433 D/dalvikvm( 639): GC_FOR_ALLOC freed 2583K, 42% free 4490K/7720K, paused 258ms, total 273ms
07-10 14:00:17.583 D/dalvikvm( 639): GC_CONCURRENT freed 35K, 34% free 5162K/7720K, paused 6ms+5ms, total 136ms
07-10 14:00:17.583 D/dalvikvm( 639): WAIT_FOR_CONCURRENT_GC blocked 96ms
07-10 14:00:17.583 D/dalvikvm( 639): WAIT_FOR_CONCURRENT_GC blocked 61ms
07-10 14:00:17.623 W/WindowManager( 443): Window freeze timeout expired.
07-10 14:00:17.623 W/WindowManager( 443): Force clearing orientation change: Window{41f5c558 u0 InputMethod}
07-10 14:00:17.623 W/WindowManager( 443): Force clearing orientation change: Window{41f22e08 u0 com.android.systemui.ImageWallpaper}
07-10 14:00:17.763 I/Choreographer( 639): Skipped 40 frames! The application may be doing too much work on its main thread.
07-10 14:00:19.765 D/dalvikvm( 639): GC_FOR_ALLOC freed 1547K, 53% free 3640K/7720K, paused 92ms, total 97ms
07-10 14:00:19.775 I/dalvikvm-heap( 639): Grow heap (frag case) to 5.629MB for 1414416-byte allocation
07-10 14:00:19.865 D/dalvikvm( 639): GC_CONCURRENT freed 20K, 36% free 5001K/7720K, paused 3ms+3ms, total 95ms
07-10 14:00:19.865 D/dalvikvm( 639): WAIT_FOR_CONCURRENT_GC blocked 89ms
07-10 14:00:19.865 I/dalvikvm-heap( 639): Grow heap (frag case) to 6.450MB for 880016-byte allocation
07-10 14:00:19.875 D/dalvikvm( 443): GC_EXPLICIT freed 679K, 21% free 7764K/9744K, paused 6ms+9ms, total 202ms
07-10 14:00:19.995 D/dalvikvm( 639): GC_CONCURRENT freed <1K, 32% free 5861K/8580K, paused 4ms+16ms, total 114ms
07-10 14:00:32.958 D/dalvikvm( 639): GC_CONCURRENT freed 811K, 29% free 6096K/8580K, paused 4ms+19ms, total 96ms
07-10 14:00:44.990 E/LatinIME( 639): Backspace when we don't know the selection position
07-10 14:00:45.520 E/LatinIME( 639): Backspace when we don't know the selection position
07-10 14:00:45.711 E/LatinIME( 639): Backspace when we don't know the selection position
07-10 14:00:49.654 D/dalvikvm( 443): GC_CONCURRENT freed 1250K, 21% free 7775K/9744K, paused 9ms+16ms, total 236ms
07-10 14:01:03.228 E/rmt_storage( 116): write_log_file: [MyTag]open: fd=-1
07-10 14:01:03.228 E/rmt_storage( 116): block rmt_storage client thread
07-10 14:01:03.228 W/ThrottleService( 443): unable to find stats for iface rmnet0
07-10 14:01:34.828 D/dalvikvm( 639): GC_CONCURRENT freed 1231K, 30% free 6008K/8580K, paused 4ms+5ms, total 139ms
07-10 14:01:34.979 D/dalvikvm( 443): GC_CONCURRENT freed 1257K, 18% free 7776K/9396K, paused 15ms+10ms, total 256ms