07-10 13:38:53.773 I/SystemServer( 443): Recognition Service
07-10 13:38:53.773 I/SystemServer( 443): DiskStats Service
07-10 13:38:53.773 I/SystemServer( 443): SamplingProfiler Service
07-10 13:38:53.783 I/WindowManager( 443): SAFE MODE not enabled
07-10 13:38:53.783 I/SystemServer( 443): NetworkTimeUpdateService
07-10 13:38:53.783 I/SystemServer( 443): CommonTimeManagementService
07-10 13:38:53.783 I/SystemServer( 443): CertBlacklister
07-10 13:38:53.783 I/SystemServer( 443): Dreams Service
07-10 13:38:53.783 I/SystemServer( 443): AssetRedirectionManager Service
07-10 13:38:53.783 I/SystemServer( 443): Pie Delivery Service
07-10 13:38:53.793 D/dalvikvm( 443): JIT started for system_server
07-10 13:38:54.083 I/keystore( 110): uid: 1000 action: z -> 7 state: 3 -> 3 retry: 4
07-10 13:38:54.083 I/keystore( 110): uid: 1000 action: z -> 7 state: 3 -> 3 retry: 4
07-10 13:38:54.103 I/keystore( 110): uid: 1000 action: z -> 7 state: 3 -> 3 retry: 4
07-10 13:38:54.113 I/keystore( 110): uid: 1000 action: z -> 7 state: 3 -> 3 retry: 4
07-10 13:38:54.133 V/KeyguardHostView( 443): Keyguard widgets disabled by DPM
07-10 13:38:54.133 V/KeyguardHostView( 443): Keyguard secure camera disabled by DPM
07-10 13:38:54.143 W/PackageManager( 443): Removing dangling preferred activity: ComponentInfo{com.google.android.apps.maps/com.google.android.maps.MapsActivity}
07-10 13:38:54.223 I/ActivityManager( 443): System now ready
07-10 13:38:54.233 I/Zygote ( 443): Process: zygote socket opened
07-10 13:38:54.233 I/SystemServer( 443): Making services ready
07-10 13:38:54.253 I/ActivityManager( 443): Start proc com.android.systemui for service com.android.systemui/.SystemUIService: pid=548 uid=10036 gids={50036, 1028, 1015, 3002, 3001, 1006}
07-10 13:38:54.253 I/Vold ( 99): /dev/block/vold/179:33 being considered for volume sdcard
07-10 13:38:54.253 D/Vold ( 99): Volume sdcard state changing 1 (Idle-Unmounted) -> 3 (Checking)
07-10 13:38:54.253 D/Vold ( 99): Trying to get filesystem type for /dev/block/vold/179:33
07-10 13:38:54.253 D/MountService( 443): volume state changed for /storage/sdcard0 (unmounted -> checking)
07-10 13:38:54.263 D/MountService( 443): sendStorageIntent Intent { act=android.intent.action.MEDIA_CHECKING dat=file:///storage/sdcard0 (has extras) } to UserHandle{-1}
07-10 13:38:54.263 D/NetworkManagementService( 443): enabling bandwidth control
07-10 13:38:54.403 D/Vold ( 99): Found vfat filesystem on /dev/block/vold/179:33
07-10 13:38:54.433 D/LightsService( 443): Excessive delay setting light: 55ms
07-10 13:38:54.513 E/Trace ( 548): error opening trace file: No such file or directory (2)
07-10 13:38:54.543 D/Tethering( 443): sendTetherStateChangedBroadcast 1, 0, 0
07-10 13:38:54.543 D/Tethering( 443): InitialState.processMessage what=4
07-10 13:38:54.543 D/Tethering( 443): sendTetherStateChangedBroadcast 0, 0, 0
07-10 13:38:54.553 I/keystore( 110): uid: 1000 action: z -> 7 state: 3 -> 3 retry: 4
07-10 13:38:54.674 I//system/bin/fsck_msdos( 99): ** /dev/block/vold/179:33
07-10 13:38:54.684 D/dalvikvm( 443): GC_CONCURRENT freed 578K, 28% free 5614K/7720K, paused 6ms+10ms, total 225ms
07-10 13:38:54.684 D/dalvikvm( 443): WAIT_FOR_CONCURRENT_GC blocked 102ms
07-10 13:38:54.684 D/dalvikvm( 443): WAIT_FOR_CONCURRENT_GC blocked 40ms
07-10 13:38:54.684 D/dalvikvm( 443): WAIT_FOR_CONCURRENT_GC blocked 9ms
07-10 13:38:54.694 I/keystore( 110): uid: 1000 action: e -> 7 state: 3 -> 3 retry: 4
07-10 13:38:54.734 I//system/bin/fsck_msdos( 99): ** Phase 1 - Read FAT (compare skipped)
07-10 13:38:54.734 I//system/bin/fsck_msdos( 99): Attempting to allocate 7248 KB for FAT
07-10 13:38:54.784 D/SystemUIService( 548): loading: class com.android.systemui.statusbar.phone.PhoneStatusBar
07-10 13:38:54.784 D/SystemUIService( 548): running: com.android.systemui.statusbar.phone.PhoneStatusBar@41e2ba98
07-10 13:38:54.804 W/BroadcastQueue( 443): Permission Denial: broadcasting Intent { act=android.net.conn.TETHER_STATE_CHANGED flg=0x28000010 (has extras) } from null (pid=-1, uid=-1) requires android.permission.CONNECTIVITY_INTERNAL due to registered receiver BroadcastFilter{41ebdc18 u0 ReceiverList{41ec4398 443 system/1000/u0 local:41ed8870}}
07-10 13:38:54.864 I/keystore( 110): uid: 1000 action: e -> 7 state: 3 -> 3 retry: 4
07-10 13:38:54.874 I/StatusBarManagerService( 443): registerStatusBar bar=com.android.internal.statusbar.IStatusBar$Stub$Proxy@42165c20
07-10 13:38:54.914 W/Settings( 443): Setting usb_mass_storage_enabled has moved from android.provider.Settings.Secure to android.provider.Settings.Global.
07-10 13:38:54.924 I/ActivityManager( 443): Config changes=200 {1.0 ?mcc?mnc hu_HU ldltr sw320dp w320dp h508dp 240dpi nrml long port finger -keyb/v/h -nav/h s.3 themeResource=null}
07-10 13:38:55.014 I/keystore( 110): uid: 1000 action: z -> 7 state: 3 -> 3 retry: 4
07-10 13:38:55.084 I/keystore( 110): uid: 1000 action: z -> 7 state: 3 -> 3 retry: 4
07-10 13:38:55.194 D/dalvikvm( 443): GC_CONCURRENT freed 656K, 26% free 5770K/7720K, paused 8ms+5ms, total 116ms
07-10 13:38:55.194 D/dalvikvm( 443): WAIT_FOR_CONCURRENT_GC blocked 68ms
07-10 13:38:55.204 D/dalvikvm( 443): WAIT_FOR_CONCURRENT_GC blocked 64ms
07-10 13:38:55.204 D/dalvikvm( 443): WAIT_FOR_CONCURRENT_GC blocked 38ms
07-10 13:38:55.324 I/PowerWidget( 548): Clearing any old widget stuffs
07-10 13:38:55.324 I/PowerWidget( 548): Setting up widget
07-10 13:38:55.344 I/PowerWidget( 548): Default buttons being loaded
07-10 13:38:55.344 I/PowerWidget( 548): Button list: toggleWifi|toggleBluetooth|toggleGPS|toggleSound
07-10 13:38:55.394 I/ActivityManager( 443): Start proc android.process.media for broadcast com.android.providers.media/.MtpReceiver: pid=610 uid=10015 gids={50015, 1015, 1023, 1024, 1028, 2001, 3003, 3007}
07-10 13:38:55.484 I/keystore( 110): uid: 1000 action: z -> 7 state: 3 -> 3 retry: 4
07-10 13:38:55.564 I/keystore( 110): uid: 1000 action: z -> 7 state: 3 -> 3 retry: 4
07-10 13:38:55.564 E/Trace ( 610): error opening trace file: No such file or directory (2)
07-10 13:38:55.595 I/keystore( 110): uid: 1000 action: z -> 7 state: 3 -> 3 retry: 4
07-10 13:38:55.605 I/keystore( 110): uid: 1000 action: z -> 7 state: 3 -> 3 retry: 4
07-10 13:38:55.665 I/Choreographer( 443): Skipped 93 frames! The application may be doing too much work on its main thread.
07-10 13:38:55.765 I/DownloadManager( 610): in removeSpuriousFiles
07-10 13:38:55.915 I/QuickSettingsController( 548): Default tiles being loaded
07-10 13:38:55.915 I/QuickSettingsController( 548): Tiles list: toggleUser|toggleBrightness|toggleSettings|toggleWifi|toggleMobileData|toggleBattery|toggleAirplane|toggleBluetooth
07-10 13:38:56.225 W/InputMethodManagerService( 443): Ignoring setImeWindowStatus of uid 1000 token: null
07-10 13:38:56.235 I/keystore( 110): uid: 1000 action: z -> 7 state: 3 -> 3 retry: 4
07-10 13:38:56.295 I/keystore( 110): uid: 1000 action: z -> 7 state: 3 -> 3 retry: 4
07-10 13:38:56.345 I/ActivityManager( 443): Start proc com.android.inputmethod.latin for service com.android.inputmethod.latin/.LatinIME: pid=639 uid=10023 gids={50023, 1028}
07-10 13:38:56.415 D/dalvikvm( 443): GC_CONCURRENT freed 694K, 24% free 5915K/7720K, paused 44ms+8ms, total 123ms
07-10 13:38:56.445 I/LocationBlacklist( 443): whitelist: []
07-10 13:38:56.465 V/TAG ( 443): bug 7643792: fitSystemWindows([0,0][0,0])
07-10 13:38:56.495 I/LocationBlacklist( 443): blacklist: [com.google., com.semaphoremobile.zagat.android]
07-10 13:38:56.515 E/Trace ( 639): error opening trace file: No such file or directory (2)
07-10 13:38:56.545 V/TAG ( 443): bug 7643792: fitSystemWindows([0,0][0,0])
07-10 13:38:56.545 D/libEGL ( 443): loaded /system/lib/egl/libEGL_adreno200.so
07-10 13:38:56.555 I/ActivityManager( 443): Start proc android.process.acore for content provider com.android.providers.contacts/.ContactsProvider2: pid=657 uid=10001 gids={50001, 3003, 1015, 1028}
07-10 13:38:56.605 D/libEGL ( 443): loaded /system/lib/egl/libGLESv1_CM_adreno200.so
07-10 13:38:56.605 D/libEGL ( 443): loaded /system/lib/egl/libGLESv2_adreno200.so
07-10 13:38:56.616 I/wpa_supplicant( 665): Successfully initialized wpa_supplicant
07-10 13:38:56.616 I/CommonTimeManagementService( 443): No common time service detected on this platform. Common time services will be unavailable.
07-10 13:38:56.626 I/InputReader( 443): Reconfiguring input devices. changes=0x00000020
07-10 13:38:56.646 I/InputReader( 443): Reconfiguring input devices. changes=0x00000010
07-10 13:38:56.666 I/ActivityManager( 443): Start proc com.android.phone for added application com.android.phone: pid=668 uid=1001 gids={41001, 3002, 3001, 3003, 1015, 1028}
07-10 13:38:56.686 D/CM PowerHAL( 443): Opened ondemand boostpulse interface
07-10 13:38:56.686 I/ActivityManager( 443): START u0 {act=android.intent.action.MAIN cat=[android.intent.category.HOME] flg=0x10000000 cmp=com.cyanogenmod.trebuchet/.Launcher} from pid 0
07-10 13:38:56.716 W/ThrottleService( 443): unable to find stats for iface rmnet0
07-10 13:38:56.756 I/Adreno200-EGL( 443): : EGL 1.4 QUALCOMM build: AU_LINUX_ANDROID_JB.04.01.01.00.005_msm7627a_JB_CL2577695_release_AU (CL2577695)
07-10 13:38:56.756 I/Adreno200-EGL( 443): Build Date: 07/11/12 Wed 07-10 13:38:56.756 I/Adreno200-EGL( 443): Local Branch: mybranch65565
07-10 13:38:56.756 I/Adreno200-EGL( 443): Remote Branch: quic/master
07-10 13:38:56.756 I/Adreno200-EGL( 443): Local Patches: NONE
07-10 13:38:56.756 I/Adreno200-EGL( 443): Reconstruct Branch: AU_LINUX_ANDROID_JB.04.01.01.00.005 + db7e81a + 4568683 + dfff884 + NOTHING
07-10 13:38:56.806 D/LightsService( 443): Excessive delay setting light: 130ms
07-10 13:38:56.946 D/memalloc( 105): init_pmem_area: Initializing pmem area
07-10 13:38:56.946 D/memalloc( 105): init_pmem_area_locked: Opening master pmem FD
07-10 13:38:56.946 D/memalloc( 105): init_pmem_area_locked: Total pmem size: 36700160
07-10 13:38:56.946 I/ActivityManager( 443): Start proc com.cyanogenmod.trebuchet for activity com.cyanogenmod.trebuchet/.Launcher: pid=690 uid=10038 gids={50038, 1028}
07-10 13:38:56.946 I/SystemServer( 443): Enabled StrictMode for system server main thread.
07-10 13:38:56.986 I/PowerWidget( 548): Clearing any old widget stuffs
07-10 13:38:56.986 I/PowerWidget( 548): Setting up widget
07-10 13:38:56.986 I/PowerWidget( 548): Default buttons being loaded
07-10 13:38:56.986 I/PowerWidget( 548): Button list: toggleWifi|toggleBluetooth|toggleGPS|toggleSound
07-10 13:38:57.016 D/OpenGLRenderer( 443): Enabling debug mode 0
07-10 13:38:57.156 E/Trace ( 668): error opening trace file: No such file or directory (2)
07-10 13:38:57.156 D/PhoneStatusBar( 548): disable: < expand icons alerts ticker system_info back home recent clock search
> 07-10 13:38:57.176 E/Trace ( 657): error opening trace file: No such file or directory (2)
07-10 13:38:57.266 E/wpa_supplicant( 665): wpa_driver_nl80211_driver_cmd: failed to issue private commands
07-10 13:38:57.266 E/wpa_supplicant( 665): wpa_driver_nl80211_driver_cmd: failed to issue private commands
07-10 13:38:57.266 E/wpa_supplicant( 665): wpa_driver_nl80211_driver_cmd: failed to issue private commands
07-10 13:38:57.266 E/wpa_supplicant( 665): wpa_driver_nl80211_driver_cmd: failed to issue private commands
07-10 13:38:57.306 I/LatinIME( 639): Hardware accelerated drawing: false
07-10 13:38:57.306 E/WifiStateMachine( 443): Failed to set country code HU
07-10 13:38:57.306 E/wpa_supplicant( 665): wpa_driver_nl80211_driver_cmd: failed to issue private commands
07-10 13:38:57.316 E/WifiStateMachine( 443): Failed to set frequency band 0
07-10 13:38:57.336 E/Trace ( 690): error opening trace file: No such file or directory (2)
07-10 13:38:57.476 W/SubtypeLocale( 639): KeyboardLayoutSet not found, use QWERTY: locale=hu_ZZ extraValue=AsciiCapable,SupportTouchPositionCorrection
07-10 13:38:57.596 D/SystemUIService( 548): loading: class com.android.systemui.power.PowerUI
07-10 13:38:57.596 D/SystemUIService( 548): running: com.android.systemui.power.PowerUI@41ee7db0
07-10 13:38:57.596 D/SystemUIService( 548): loading: class com.android.systemui.media.RingtonePlayer
07-10 13:38:57.596 D/SystemUIService( 548): running: com.android.systemui.media.RingtonePlayer@41ee8bd8
07-10 13:38:57.667 I/Choreographer( 548): Skipped 121 frames! The application may be doing too much work on its main thread.
07-10 13:38:57.817 W/InputAttributes( 639): No editor info for this field. Bug?
07-10 13:38:57.867 W/SettingsValues( 639): Cannot load auto correction threshold setting. currentAutoCorrectionSetting: 0, autoCorrectionThresholdValues: [, 0.185, 0.067, 0]
07-10 13:38:57.937 W/TelephonyProvider( 668): onCreate: confFile=/system/etc/apns-conf.xml oldCheckSum=-1
07-10 13:38:57.937 D/TelephonyManager( 668): getLteOnCdmaMode=0 curVal=-1 product_type='' lteOnCdmaProductType=''
07-10 13:38:58.017 D/dalvikvm( 443): GC_CONCURRENT freed 757K, 22% free 6046K/7720K, paused 4ms+4ms, total 656ms
07-10 13:38:58.017 D/dalvikvm( 443): WAIT_FOR_CONCURRENT_GC blocked 71ms
07-10 13:38:58.017 D/dalvikvm( 443): WAIT_FOR_CONCURRENT_GC blocked 45ms
07-10 13:38:58.057 I/ActivityManager( 443): Start proc com.google.android.inputmethod.latin.dictionarypack for content provider com.google.android.inputmethod.latin.dictionarypack/.DictionaryProvider: pid=736 uid=10049 gids={50049, 3003, 1015, 1028}
07-10 13:38:58.337 D/TelephonyManager( 668): getLteOnCdmaMode=0 curVal=-1 product_type='' lteOnCdmaProductType=''
07-10 13:38:58.427 I/Choreographer( 443): Skipped 74 frames! The application may be doing too much work on its main thread.
07-10 13:38:58.427 I/AudioService( 443): Remote Control registerMediaButtonIntent() for PendingIntent{42042e18: PendingIntentRecord{42271990 android broadcastIntent}}
07-10 13:38:58.477 E/Trace ( 736): error opening trace file: No such file or directory (2)
07-10 13:38:58.487 W/WindowManager( 443): Window freeze timeout expired.
07-10 13:38:58.487 W/WindowManager( 443): Force clearing orientation change: Window{41ed6b30 u0 Keyguard}
07-10 13:38:58.567 V/TAG ( 443): bug 7643792: fitSystemWindows([0,38][0,0])
07-10 13:38:58.718 D/libEGL ( 548): loaded /system/lib/egl/libEGL_adreno200.so
07-10 13:38:58.798 D/libEGL ( 548): loaded /system/lib/egl/libGLESv1_CM_adreno200.so
07-10 13:38:58.798 W/Settings( 668): Setting airplane_mode_on has moved from android.provider.Settings.System to android.provider.Settings.Global, returning read-only value.
07-10 13:38:58.818 W/Settings( 668): Setting auto_time has moved from android.provider.Settings.System to android.provider.Settings.Global, returning read-only global URI.
07-10 13:38:58.828 W/Settings( 668): Setting auto_time_zone has moved from android.provider.Settings.System to android.provider.Settings.Global, returning read-only global URI.
07-10 13:38:58.828 D/libEGL ( 548): loaded /system/lib/egl/libGLESv2_adreno200.so
07-10 13:38:58.858 I/ActivityManager( 443): Start proc com.android.smspush for service com.android.smspush/.WapPushManager: pid=761 uid=10042 gids={50042, 1028}
07-10 13:38:58.868 I/Adreno200-EGL( 548): : EGL 1.4 QUALCOMM build: AU_LINUX_ANDROID_JB.04.01.01.00.005_msm7627a_JB_CL2577695_release_AU (CL2577695)
07-10 13:38:58.868 I/Adreno200-EGL( 548): Build Date: 07/11/12 Wed 07-10 13:38:58.868 I/Adreno200-EGL( 548): Local Branch: mybranch65565
07-10 13:38:58.868 I/Adreno200-EGL( 548): Remote Branch: quic/master
07-10 13:38:58.868 I/Adreno200-EGL( 548): Local Patches: NONE
07-10 13:38:58.868 I/Adreno200-EGL( 548): Reconstruct Branch: AU_LINUX_ANDROID_JB.04.01.01.00.005 + db7e81a + 4568683 + dfff884 + NOTHING
07-10 13:38:58.898 D/ ( 668): [ApnContext:default] set reason as dataEnabled,current state IDLE
07-10 13:38:58.898 D/ ( 668): [ApnContext:default] setRetryCount: 0
07-10 13:38:58.948 D/ ( 668): [ApnContext:mms] set reason as dataEnabled,current state IDLE
07-10 13:38:58.948 D/ ( 668): [ApnContext:mms] setRetryCount: 0
07-10 13:38:58.948 D/ ( 668): [ApnContext:supl] set reason as dataEnabled,current state IDLE
07-10 13:38:58.948 D/ ( 668): [ApnContext:supl] setRetryCount: 0
07-10 13:38:58.948 D/ ( 668): [ApnContext:hipri] set reason as dataEnabled,current state IDLE
07-10 13:38:58.948 D/ ( 668): [ApnContext:hipri] setRetryCount: 0
07-10 13:38:58.948 D/ ( 668): [ApnContext:fota] set reason as dataEnabled,current state IDLE
07-10 13:38:58.948 D/ ( 668): [ApnContext:fota] setRetryCount: 0
07-10 13:38:58.948 D/ ( 668): [ApnContext:ims] set reason as dataEnabled,current state IDLE
07-10 13:38:58.948 D/ ( 668): [ApnContext:ims] setRetryCount: 0
07-10 13:38:58.948 D/ ( 668): [ApnContext:cbs] set reason as dataEnabled,current state IDLE
07-10 13:38:58.948 D/ ( 668): [ApnContext:cbs] setRetryCount: 0
07-10 13:38:59.028 D/OpenGLRenderer( 548): Enabling debug mode 0
07-10 13:38:59.048 D/TelephonyManager( 668): getLteOnCdmaMode=0 curVal=-1 product_type='' lteOnCdmaProductType=''
07-10 13:38:59.058 D/CallManager( 668): registerPhone(GSM Handler (com.android.internal.telephony.PhoneProxy) {41e4d040})
07-10 13:38:59.118 E/Trace ( 761): error opening trace file: No such file or directory (2)
07-10 13:38:59.308 D/AudioHardwareMSM76XXA( 108): Bufsize 4800
07-10 13:38:59.308 D/AudioHardwareMSM76XXA( 108): SampleRate 44.1k
07-10 13:38:59.308 D/AudioHardwareMSM76XXA( 108): Bufsize 4800
07-10 13:38:59.308 D/AudioHardwareMSM76XXA( 108): SampleRate 44.1k
07-10 13:38:59.308 D/AudioHardwareMSM76XXA( 108): Bufsize 4800
07-10 13:38:59.308 D/AudioHardwareMSM76XXA( 108): SampleRate 44.1k
07-10 13:38:59.318 D/CallNotifier( 668): CallNotifier: mSignalInfoToneGenerator created when toneplay
07-10 13:38:59.318 D/BluetoothHeadset( 668): BluetoothHeadset is created
07-10 13:38:59.348 D/PhoneStatusBar( 548): disable: < expand icons alerts ticker system_info BACK* HOME* RECENT* clock search
> 07-10 13:38:59.598 I/ActivityManager( 443): Start proc com.android.settings for broadcast com.android.settings/.widget.SettingsAppWidgetProvider: pid=781 uid=1000 gids={41000, 1015, 1028, 3002, 3001, 3003, 3007}
07-10 13:38:59.638 D/dalvikvm( 106): GC_EXPLICIT freed 35K, 70% free 2374K/7720K, paused 3ms+2ms, total 51ms
07-10 13:38:59.689 D/dalvikvm( 106): GC_EXPLICIT freed <1K, 70% free 2374K/7720K, paused 3ms+9ms, total 55ms
07-10 13:38:59.749 D/dalvikvm( 106): GC_EXPLICIT freed <1K, 70% free 2374K/7720K, paused 9ms+2ms, total 52ms
07-10 13:38:59.809 D/dalvikvm( 443): GC_CONCURRENT freed 870K, 22% free 6098K/7720K, paused 15ms+15ms, total 498ms
07-10 13:38:59.809 D/dalvikvm( 443): WAIT_FOR_CONCURRENT_GC blocked 122ms
07-10 13:38:59.809 D/dalvikvm( 443): WAIT_FOR_CONCURRENT_GC blocked 122ms
07-10 13:38:59.809 D/dalvikvm( 443): WAIT_FOR_CONCURRENT_GC blocked 125ms
07-10 13:38:59.809 D/dalvikvm( 443): WAIT_FOR_CONCURRENT_GC blocked 100ms
07-10 13:38:59.809 D/dalvikvm( 443): WAIT_FOR_CONCURRENT_GC blocked 86ms
07-10 13:38:59.809 D/dalvikvm( 443): WAIT_FOR_CONCURRENT_GC blocked 51ms
07-10 13:38:59.869 E/Trace ( 781): error opening trace file: No such file or directory (2)
07-10 13:38:59.869 I/Choreographer( 548): Skipped 131 frames! The application may be doing too much work on its main thread.
07-10 13:38:59.999 D/DebugService( 668): DebugService DebugService:
07-10 13:38:59.999 D/TelephonyDebugService( 668): TelephonyDebugService()
07-10 13:39:00.079 D/dalvikvm( 443): WAIT_FOR_CONCURRENT_GC blocked 319ms
07-10 13:39:00.079 D/BluetoothHeadset( 668): BluetoothHeadset is created
07-10 13:39:00.099 E/BluetoothPhoneService( 668): Could not get a handle on Connection object for the call
07-10 13:39:00.239 I/PhoneApp( 668): Headset phone created, binding local service.
07-10 13:39:00.489 D/CAT ( 668): CatService: Running CAT service. STK app installed:true
07-10 13:39:00.489 D/CAT ( 668): CatService: NEW sInstance
07-10 13:39:00.509 D/TelephonyManager( 668): getLteOnCdmaMode=0 curVal=-1 product_type='' lteOnCdmaProductType=''
07-10 13:39:00.549 I/keystore( 110): uid: 1000 action: z -> 7 state: 3 -> 3 retry: 4
07-10 13:39:00.569 V/SecuritySelectorView( 443): Camera disabled by Sim State
07-10 13:39:00.720 V/KeyguardHostView( 443): Keyguard widgets disabled by DPM
07-10 13:39:00.720 V/KeyguardHostView( 443): Keyguard secure camera disabled by DPM
07-10 13:39:01.270 D/dalvikvm( 443): GC_CONCURRENT freed 824K, 20% free 6208K/7720K, paused 14ms+17ms, total 336ms
07-10 13:39:01.270 D/dalvikvm( 443): WAIT_FOR_CONCURRENT_GC blocked 92ms
07-10 13:39:01.270 D/dalvikvm( 443): WAIT_FOR_CONCURRENT_GC blocked 66ms
07-10 13:39:01.380 D/dalvikvm( 443): WAIT_FOR_CONCURRENT_GC blocked 150ms
07-10 13:39:01.911 I/Choreographer( 548): Skipped 73 frames! The application may be doing too much work on its main thread.
07-10 13:39:02.021 D/LocalBluetoothProfileManager( 781): Added handler for SAP state changed Notifications
07-10 13:39:02.031 D/LocalBluetoothProfileManager( 781): Added handler for DUN state changed Notifications
07-10 13:39:02.031 D/LocalBluetoothProfileManager( 781): LocalBluetoothProfileManager construction complete
07-10 13:39:02.121 I/ActivityManager( 443): Start proc com.google.android.apps.uploader for broadcast com.google.android.apps.uploader/com.google.android.picasasync.BatteryReceiver: pid=822 uid=10050 gids={50050, 3003, 1015, 1028}
07-10 13:39:02.211 E/Trace ( 822): error opening trace file: No such file or directory (2)
07-10 13:39:02.872 I/InputDispatcher( 443): Dropped event because input dispatch is disabled.
07-10 13:39:02.962 I/InputDispatcher( 443): Dropped event because input dispatch is disabled.
07-10 13:39:03.072 D/dalvikvm( 690): GC_CONCURRENT freed 4111K, 57% free 3369K/7720K, paused 4ms+14ms, total 241ms
07-10 13:39:03.072 D/dalvikvm( 690): WAIT_FOR_CONCURRENT_GC blocked 52ms
07-10 13:39:03.312 I/InputDispatcher( 443): Dropped event because input dispatch is disabled.
07-10 13:39:03.442 I/InputDispatcher( 443): Dropped event because input dispatch is disabled.
07-10 13:39:03.552 I/ActivityManager( 443): Start proc com.google.process.location for service com.google.android.location/.NetworkLocationService: pid=838 uid=10033 gids={50033, 3003, 1007, 1028, 1015, 1006, 2001, 3006}
07-10 13:39:03.622 E/Trace ( 838): error opening trace file: No such file or directory (2)
07-10 13:39:03.963 I/ActivityManager( 443): Start proc com.google.process.gapps for content provider com.google.android.gsf/.settings.GoogleSettingsProvider: pid=855 uid=10033 gids={50033, 3003, 1007, 1028, 1015, 1006, 2001, 3006}
07-10 13:39:03.973 D/libEGL ( 690): loaded /system/lib/egl/libEGL_adreno200.so
07-10 13:39:03.973 D/libEGL ( 690): loaded /system/lib/egl/libGLESv1_CM_adreno200.so
07-10 13:39:03.983 D/libEGL ( 690): loaded /system/lib/egl/libGLESv2_adreno200.so
07-10 13:39:04.013 I/Adreno200-EGL( 690): : EGL 1.4 QUALCOMM build: AU_LINUX_ANDROID_JB.04.01.01.00.005_msm7627a_JB_CL2577695_release_AU (CL2577695)
07-10 13:39:04.013 I/Adreno200-EGL( 690): Build Date: 07/11/12 Wed 07-10 13:39:04.013 I/Adreno200-EGL( 690): Local Branch: mybranch65565
07-10 13:39:04.013 I/Adreno200-EGL( 690): Remote Branch: quic/master
07-10 13:39:04.013 I/Adreno200-EGL( 690): Local Patches: NONE
07-10 13:39:04.013 I/Adreno200-EGL( 690): Reconstruct Branch: AU_LINUX_ANDROID_JB.04.01.01.00.005 + db7e81a + 4568683 + dfff884 + NOTHING
07-10 13:39:04.073 D/OpenGLRenderer( 690): Enabling debug mode 0
07-10 13:39:04.173 E/Trace ( 855): error opening trace file: No such file or directory (2)
07-10 13:39:04.633 I/ActivityManager( 443): Displayed com.cyanogenmod.trebuchet/.Launcher: +7s764ms
07-10 13:39:04.633 I/ActivityManager( 443): Start proc com.android.location.fused for service com.android.location.fused/.FusedLocationService: pid=871 uid=10018 gids={50018, 1028}
07-10 13:39:04.733 D/dalvikvm( 443): GC_CONCURRENT freed 648K, 18% free 6404K/7720K, paused 149ms+38ms, total 333ms
07-10 13:39:04.753 E/Trace ( 871): error opening trace file: No such file or directory (2)
07-10 13:39:04.814 I/InputDispatcher( 443): Dropped event because input dispatch is disabled.
07-10 13:39:04.834 D/MetricsUtils( 822): [QUERY content://com.google.android.apps.uploader.PicasaUploadProvider/settings query-result:1 time:727]
07-10 13:39:04.834 D/PicasaUploader( 822): wifiOnlyPhoto changed to true
07-10 13:39:04.834 D/PicasaUploader( 822): wifiOnlyVideo changed to true
07-10 13:39:04.834 D/PicasaUploader( 822): syncOnBattery changed to true
07-10 13:39:04.834 D/dalvikvm( 690): GC_CONCURRENT freed 182K, 54% free 3605K/7720K, paused 4ms+8ms, total 142ms
07-10 13:39:04.874 I/InputDispatcher( 443): Dropped event because input dispatch is disabled.
07-10 13:39:04.944 I/GservicesProvider( 855): Gservices pushing to system: true; secure/global: true
07-10 13:39:05.074 D/PicasaUploaderSync( 822): sync account database
07-10 13:39:05.214 I/Choreographer( 690): Skipped 40 frames! The application may be doing too much work on its main thread.
07-10 13:39:05.314 I/InputDispatcher( 443): Dropped event because input dispatch is disabled.
07-10 13:39:05.404 I/InputDispatcher( 443): Dropped event because input dispatch is disabled.
07-10 13:39:05.714 D/dalvikvm( 443): GC_FOR_ALLOC freed 305K, 19% free 6297K/7720K, paused 90ms, total 91ms
07-10 13:39:05.714 I/dalvikvm-heap( 443): Grow heap (frag case) to 6.940MB for 62882-byte allocation
07-10 13:39:05.744 D/NetworkLocationClient( 838): binding to Intent { act=com.google.android.location.internal.ANDROID_NLP pkg=com.google.android.location }
07-10 13:39:05.804 I/PowerManagerService( 443): Boot animation finished.
07-10 13:39:05.835 I/SurfaceFlinger( 105): Boot is finished (24967 ms)
07-10 13:39:06.105 D/dalvikvm( 443): GC_FOR_ALLOC freed 86K, 19% free 6338K/7784K, paused 74ms, total 77ms
07-10 13:39:06.105 I/dalvikvm-heap( 443): Grow heap (frag case) to 7.010MB for 94318-byte allocation
07-10 13:39:06.195 D/dalvikvm( 443): GC_FOR_ALLOC freed 96K, 20% free 6369K/7880K, paused 63ms, total 63ms
07-10 13:39:06.195 I/dalvikvm-heap( 443): Grow heap (frag case) to 7.084MB for 141472-byte allocation
07-10 13:39:06.345 I/gmmInternalNlpService( 838): internal NLP onStart(com.google.android.location.internal.ANDROID_NLP) com.google.android.location
07-10 13:39:06.365 I//system/bin/fsck_msdos( 99): ** Phase 2 - Check Cluster Chains
07-10 13:39:06.365 D/NetworkLocationClient( 838): onServiceConnected to ComponentInfo{com.google.android.location/com.google.android.location.internal.server.NetworkLocationService}
07-10 13:39:06.415 V/WiredAccessoryManager( 443): init()
07-10 13:39:06.445 D/BluetoothHeadset( 443): BluetoothHeadset is created
07-10 13:39:06.505 W/ContextImpl( 443): Calling a method in the system process without a qualified user: android.app.ContextImpl.bindService:1458 android.bluetooth.BluetoothHeadset.:235 android.bluetooth.BluetoothAdapter.getProfileProxy:1377 android.media.AudioService.getBluetoothHeadset:2193 android.media.AudioService.access$2800:105
07-10 13:39:06.535 D/QCUtilClass( 108): extended extractor not needed, return default
07-10 13:39:06.565 I/OMXNodeInstance( 108): OMX_FreeBuffer for buffer header 0x410760d8 successful
07-10 13:39:06.565 I/OMXNodeInstance( 108): OMX_FreeBuffer for buffer header 0x410762e8 successful
07-10 13:39:06.565 I/OMXNodeInstance( 108): OMX_FreeBuffer for buffer header 0x41076428 successful
07-10 13:39:06.565 I/OMXNodeInstance( 108): OMX_FreeBuffer for buffer header 0x41076550 successful
07-10 13:39:06.625 V/SipBroadcastReceiver( 668): start auto registration
07-10 13:39:06.645 I/ActivityManager( 443): Start proc com.cyanogenmod.settings.device for broadcast com.cyanogenmod.settings.device/.Atlas40PartsStartup: pid=906 uid=1000 gids={41000, 1015, 1028, 3002, 3001, 3003, 3007}
07-10 13:39:06.665 I/OMXNodeInstance( 108): OMX_FreeBuffer for buffer header 0x41075f50 successful
07-10 13:39:06.665 I/OMXNodeInstance( 108): OMX_FreeBuffer for buffer header 0x41075e98 successful
07-10 13:39:06.665 I/OMXNodeInstance( 108): OMX_FreeBuffer for buffer header 0x41075dc8 successful
07-10 13:39:06.665 I/OMXNodeInstance( 108): OMX_FreeBuffer for buffer header 0x41075c10 successful
07-10 13:39:06.665 I/OMXNodeInstance( 108): OMX_FreeBuffer for buffer header 0x41076d08 successful
07-10 13:39:06.665 I/OMXNodeInstance( 108): OMX_FreeBuffer for buffer header 0x41083348 successful
07-10 13:39:06.665 I/OMXNodeInstance( 108): OMX_FreeBuffer for buffer header 0x41083e98 successful
07-10 13:39:06.665 I/OMXNodeInstance( 108): OMX_FreeBuffer for buffer header 0x41083dc0 successful
07-10 13:39:06.705 D/QCUtilClass( 108): extended extractor not needed, return default
07-10 13:39:06.755 I/OMXNodeInstance( 108): OMX_FreeBuffer for buffer header 0x4107b098 successful
07-10 13:39:06.755 I/OMXNodeInstance( 108): OMX_FreeBuffer for buffer header 0x4107b2a8 successful
07-10 13:39:06.755 I/OMXNodeInstance( 108): OMX_FreeBuffer for buffer header 0x4107b3e8 successful
07-10 13:39:06.755 I/OMXNodeInstance( 108): OMX_FreeBuffer for buffer header 0x4107b510 successful
07-10 13:39:06.785 E/Trace ( 906): error opening trace file: No such file or directory (2)
07-10 13:39:06.805 I/OMXNodeInstance( 108): OMX_FreeBuffer for buffer header 0x4107af10 successful
07-10 13:39:06.805 I/OMXNodeInstance( 108): OMX_FreeBuffer for buffer header 0x4107ae58 successful
07-10 13:39:06.805 I/OMXNodeInstance( 108): OMX_FreeBuffer for buffer header 0x4107ad88 successful
07-10 13:39:06.805 I/OMXNodeInstance( 108): OMX_FreeBuffer for buffer header 0x4107abd0 successful
07-10 13:39:06.805 I/OMXNodeInstance( 108): OMX_FreeBuffer for buffer header 0x4107af68 successful
07-10 13:39:06.805 I/OMXNodeInstance( 108): OMX_FreeBuffer for buffer header 0x4107b690 successful
07-10 13:39:06.805 I/OMXNodeInstance( 108): OMX_FreeBuffer for buffer header 0x40114c18 successful
07-10 13:39:06.805 I/OMXNodeInstance( 108): OMX_FreeBuffer for buffer header 0x40114ed0 successful
07-10 13:39:06.876 D/QCUtilClass( 108): extended extractor not needed, return default
07-10 13:39:06.896 W/Atlas40Parts( 906): file /sys/module/msm_battery/parameters/usb_chg_enable: 1
07-10 13:39:06.896 W/Atlas40Parts( 906): file /sys/class/leds/button-backlight/brightness: 1
07-10 13:39:06.896 I/OMXNodeInstance( 108): OMX_FreeBuffer for buffer header 0x41074050 successful
07-10 13:39:06.906 I/OMXNodeInstance( 108): OMX_FreeBuffer for buffer header 0x41074260 successful
07-10 13:39:06.906 I/OMXNodeInstance( 108): OMX_FreeBuffer for buffer header 0x410743a0 successful
07-10 13:39:06.906 I/OMXNodeInstance( 108): OMX_FreeBuffer for buffer header 0x410744c8 successful
07-10 13:39:06.926 I/OMXNodeInstance( 108): OMX_FreeBuffer for buffer header 0x41073f08 successful
07-10 13:39:06.926 I/OMXNodeInstance( 108): OMX_FreeBuffer for buffer header 0x41073e50 successful
07-10 13:39:06.926 I/OMXNodeInstance( 108): OMX_FreeBuffer for buffer header 0x410758d8 successful
07-10 13:39:06.926 I/OMXNodeInstance( 108): OMX_FreeBuffer for buffer header 0x41075788 successful
07-10 13:39:06.926 I/OMXNodeInstance( 108): OMX_FreeBuffer for buffer header 0x41073f78 successful
07-10 13:39:06.926 I/OMXNodeInstance( 108): OMX_FreeBuffer for buffer header 0x41074678 successful
07-10 13:39:06.926 I/OMXNodeInstance( 108): OMX_FreeBuffer for buffer header 0x41083ae0 successful
07-10 13:39:06.926 I/OMXNodeInstance( 108): OMX_FreeBuffer for buffer header 0x41083f78 successful
07-10 13:39:06.926 I/ActivityManager( 443): Start proc com.android.contacts for broadcast com.android.contacts/.calllog.CallLogReceiver: pid=928 uid=10001 gids={50001, 3003, 1015, 1028}
07-10 13:39:06.956 D/QCUtilClass( 108): extended extractor not needed, return default
07-10 13:39:06.976 I/OMXNodeInstance( 108): OMX_FreeBuffer for buffer header 0x4107b450 successful
07-10 13:39:06.976 I/OMXNodeInstance( 108): OMX_FreeBuffer for buffer header 0x4107b660 successful
07-10 13:39:06.976 I/OMXNodeInstance( 108): OMX_FreeBuffer for buffer header 0x4107b7a0 successful
07-10 13:39:06.976 I/OMXNodeInstance( 108): OMX_FreeBuffer for buffer header 0x4107b8c8 successful
07-10 13:39:07.016 E/Trace ( 928): error opening trace file: No such file or directory (2)
07-10 13:39:07.016 I/OMXNodeInstance( 108): OMX_FreeBuffer for buffer header 0x4107b2c8 successful
07-10 13:39:07.016 I/OMXNodeInstance( 108): OMX_FreeBuffer for buffer header 0x4107b210 successful
07-10 13:39:07.016 I/OMXNodeInstance( 108): OMX_FreeBuffer for buffer header 0x4107b140 successful
07-10 13:39:07.016 I/OMXNodeInstance( 108): OMX_FreeBuffer for buffer header 0x4107af88 successful
07-10 13:39:07.016 I/OMXNodeInstance( 108): OMX_FreeBuffer for buffer header 0x40094f48 successful
07-10 13:39:07.016 I/OMXNodeInstance( 108): OMX_FreeBuffer for buffer header 0x40094e38 successful
07-10 13:39:07.016 I/OMXNodeInstance( 108): OMX_FreeBuffer for buffer header 0x4107ae30 successful
07-10 13:39:07.016 I/OMXNodeInstance( 108): OMX_FreeBuffer for buffer header 0x41083b18 successful
07-10 13:39:07.086 D/dalvikvm( 443): GC_FOR_ALLOC freed 308K, 19% free 6513K/8020K, paused 74ms, total 75ms
07-10 13:39:07.136 D/QCUtilClass( 108): extended extractor not needed, return default
07-10 13:39:07.166 I/OMXNodeInstance( 108): OMX_FreeBuffer for buffer header 0x41075808 successful
07-10 13:39:07.166 I/OMXNodeInstance( 108): OMX_FreeBuffer for buffer header 0x40094ec0 successful
07-10 13:39:07.166 I/OMXNodeInstance( 108): OMX_FreeBuffer for buffer header 0x41071f98 successful
07-10 13:39:07.166 I/OMXNodeInstance( 108): OMX_FreeBuffer for buffer header 0x410720a8 successful
07-10 13:39:07.206 I/OMXNodeInstance( 108): OMX_FreeBuffer for buffer header 0x41075680 successful
07-10 13:39:07.206 I/OMXNodeInstance( 108): OMX_FreeBuffer for buffer header 0x410755c8 successful
07-10 13:39:07.206 I/OMXNodeInstance( 108): OMX_FreeBuffer for buffer header 0x410754f8 successful
07-10 13:39:07.206 I/OMXNodeInstance( 108): OMX_FreeBuffer for buffer header 0x41075340 successful
07-10 13:39:07.206 I/OMXNodeInstance( 108): OMX_FreeBuffer for buffer header 0x410758f0 successful
07-10 13:39:07.206 I/OMXNodeInstance( 108): OMX_FreeBuffer for buffer header 0x41077d30 successful
07-10 13:39:07.206 I/OMXNodeInstance( 108): OMX_FreeBuffer for buffer header 0x410838d8 successful
07-10 13:39:07.206 I/OMXNodeInstance( 108): OMX_FreeBuffer for buffer header 0x41083800 successful
07-10 13:39:07.246 D/dalvikvm( 443): GC_FOR_ALLOC freed 145K, 19% free 6502K/8020K, paused 131ms, total 132ms
07-10 13:39:07.336 I/ActivityManager( 443): Start proc com.bel.android.dspmanager for broadcast com.bel.android.dspmanager/.receiver.BootCompletedReceiver: pid=954 uid=10011 gids={50011, 3002, 1028}
07-10 13:39:07.376 E/Trace ( 954): error opening trace file: No such file or directory (2)
07-10 13:39:07.436 I/HeadsetService( 954): Starting service.
07-10 13:39:07.786 D/dalvikvm( 443): GC_FOR_ALLOC freed 318K, 20% free 6472K/8020K, paused 138ms, total 138ms
07-10 13:39:07.786 I/ActivityManager( 443): Start proc com.android.providers.calendar for broadcast com.android.providers.calendar/.CalendarReceiver: pid=971 uid=10008 gids={50008, 3003, 1015, 1028}
07-10 13:39:07.816 E/Trace ( 971): error opening trace file: No such file or directory (2)
07-10 13:39:07.826 I/RecoverySystem( 443): Deleted: /cache/recovery/log
07-10 13:39:07.907 D/dalvikvm( 443): GC_FOR_ALLOC freed 80K, 19% free 6520K/8020K, paused 80ms, total 82ms
07-10 13:39:07.997 D/dalvikvm( 443): GC_FOR_ALLOC freed <1K, 18% free 6641K/8020K, paused 81ms, total 81ms
07-10 13:39:07.997 I/dalvikvm-heap( 443): Grow heap (frag case) to 7.276MB for 62587-byte allocation
07-10 13:39:08.107 I/FusedLocation( 871): engine started (com.android.location.fused)
07-10 13:39:08.157 I/ActivityManager( 443): Start proc com.android.cellbroadcastreceiver for broadcast com.android.cellbroadcastreceiver/.CellBroadcastReceiver: pid=986 uid=10009 gids={50009, 1028}
07-10 13:39:08.277 D/loc_api_rpc_glue( 443): Loc API RPC client initialized.
07-10 13:39:08.277 D/GpsLocationProvider( 443): set_capabilities_callback: 7
07-10 13:39:08.277 D/libloc ( 443): loc_read_gps_conf: using /etc/gps.conf
07-10 13:39:08.277 D/RPC ( 443): 3000008c:00050000 sending call (XID 1).
07-10 13:39:08.327 E/Trace ( 986): error opening trace file: No such file or directory (2)
07-10 13:39:08.387 D/RPC ( 443): 3000008c:00050000 received REPLY (XID 1), grabbing mutex to wake up client.
07-10 13:39:08.417 D/CellBroadcastReceiver( 986): onReceive Intent { act=android.intent.action.BOOT_COMPLETED flg=0x10 cmp=com.android.cellbroadcastreceiver/.CellBroadcastReceiver (has extras) }
07-10 13:39:08.417 D/CellBroadcastReceiver( 986): Registering for ServiceState updates
07-10 13:39:08.437 D/CellBroadcastReceiver( 986): Service state changed! 1 Full: 1 home null null null Unknown CSS not supported -1 -1 RoamInd=-1 DefRoamInd=-1 EmergOnly=false
07-10 13:39:08.447 I/ActivityManager( 443): Start proc com.android.deskclock for broadcast com.android.deskclock/.AlarmInitReceiver: pid=1001 uid=10013 gids={50013, 1028, 3003}
07-10 13:39:08.497 E/Trace ( 1001): error opening trace file: No such file or directory (2)
07-10 13:39:08.587 D/libloc ( 443): loc_eng_init created client, id = 0
07-10 13:39:08.587 D/libloc ( 443): loc_eng_ni_init: entered.
07-10 13:39:08.587 D/libloc ( 443): loc_eng_set_server, type = 1, hostname = supl.google.com, port = 7276
07-10 13:39:08.587 D/libloc ( 443): loc_eng_set_server, addr = supl.google.com:7276
07-10 13:39:08.587 D/libloc ( 443): loc_eng_ioctl called: client = 0, ioctl_type = RPC_LOC_IOCTL_SET_UMTS_SLP_SERVER_ADDR
07-10 13:39:08.587 D/RPC ( 443): 3000008c:00050000 call success.
07-10 13:39:08.587 D/RPC ( 443): 3000008c:00050000 sending call (XID 2).
07-10 13:39:08.587 D/RPC ( 443): 3000008c:00050000 received REPLY (XID 2), grabbing mutex to wake up client.
07-10 13:39:08.587 D/RPC ( 443): 3000008c:00050000 waiting for XDR input buffer to be consumed.
07-10 13:39:08.637 D/libloc ( 443): loc_eng_deferred_action_thread started
07-10 13:39:08.637 D/libloc ( 443): loc_eng_set_gps_lock mode, client = 0, lock_type = 1
07-10 13:39:08.637 D/libloc ( 443): loc_eng_ioctl called: client = 0, ioctl_type = RPC_LOC_IOCTL_SET_ENGINE_LOCK
07-10 13:39:08.637 D/RPC ( 443): 3000008c:00050000 call success.
07-10 13:39:08.637 D/RPC ( 443): 3000008c:00050000 sending call (XID 3).
07-10 13:39:08.647 D/PicasaUploaderSync( 822): accounts in DB=1
07-10 13:39:08.647 D/RPC ( 443): 3000008c:00050000 received CALL.
07-10 13:39:08.647 D/RPC ( 443): 3000008c:00050000 waiting for XDR input buffer to be consumed.
07-10 13:39:08.667 D/RPC ( 443): 3000008c:00050000 dispatching RPC call (XID 64, xdr 0x517685d8) for callback client 3100008c:00050001.
07-10 13:39:08.697 V/AlarmClock( 1001): No next alarm
07-10 13:39:08.737 V/AlarmClock( 1001): AlarmInitReceiver - Reset timers and clear stopwatch data
07-10 13:39:08.757 D/RPC ( 443): 3000008c:00050000 received REPLY (XID 3), grabbing mutex to wake up client.
07-10 13:39:08.777 D/libloc ( 443): loc_eng_ioctl result: client = 0, ioctl_type = RPC_LOC_IOCTL_SET_UMTS_SLP_SERVER_ADDR, RPC_LOC_API_SUCCESS
07-10 13:39:08.777 D/libloc ( 443): loc_eng_ioctl result: client = 0, ioctl_type = RPC_LOC_IOCTL_SET_ENGINE_LOCK, RPC_LOC_API_SUCCESS
07-10 13:39:08.777 D/libloc ( 443): loc_eng_deferred_action_thread. waiting for events
07-10 13:39:08.777 D/RPC ( 443): 3000008c:00050000 call success.
07-10 13:39:08.777 D/RPC ( 443): 3100008c:327681 sending RPC reply (XID 64)
07-10 13:39:08.777 D/RPC ( 443): 3000008c:00050000 received CALL.
07-10 13:39:08.777 D/RPC ( 443): 3000008c:00050000 dispatching RPC call (XID 65, xdr 0x517685d8) for callback client 3100008c:00050001.
07-10 13:39:08.777 D/RPC ( 443): 3100008c:327681 sending RPC reply (XID 65)
07-10 13:39:08.797 V/AlarmClock( 1001): No next alarm
07-10 13:39:08.807 V/AlarmClock( 1001): AlarmInitReceiver finished
07-10 13:39:08.807 D/PicasaUploaderSyncManager( 822): background data: true
07-10 13:39:08.857 I/dalvikvm( 443): Jit: resizing JitTable from 4096 to 8192
07-10 13:39:08.877 I/ActivityManager( 443): Start proc com.android.email for broadcast com.android.email/.service.EmailBroadcastReceiver: pid=1022 uid=10016 gids={50016, 3003, 1015, 1028}
07-10 13:39:08.928 D/dalvikvm( 106): GC_EXPLICIT freed 38K, 70% free 2374K/7720K, paused 3ms+7ms, total 62ms
07-10 13:39:08.968 D/dalvikvm( 106): GC_EXPLICIT freed <1K, 70% free 2374K/7720K, paused 2ms+3ms, total 49ms
07-10 13:39:09.028 D/dalvikvm( 106): GC_EXPLICIT freed <1K, 70% free 2374K/7720K, paused 3ms+14ms, total 58ms
07-10 13:39:09.078 W/WifiNormalizer( 838): No specific device detected. Offset set to -7.
07-10 13:39:09.118 E/Trace ( 1022): error opening trace file: No such file or directory (2)
07-10 13:39:09.398 I/ActivityManager( 443): Start proc com.android.exchange for service com.android.exchange/.ExchangeService: pid=1041 uid=10017 gids={50017, 3003, 1015, 1028}
07-10 13:39:09.518 E/Trace ( 1041): error opening trace file: No such file or directory (2)
07-10 13:39:09.548 D/PicasaUploaderSyncManager( 822): battery info: false
07-10 13:39:09.618 D/ExchangeService( 1041): !!! EAS ExchangeService, onCreate
07-10 13:39:09.688 D/ExchangeService( 1041): !!! EAS ExchangeService, onStartCommand, startingUp = false, running = false
07-10 13:39:09.688 I/ActivityManager( 443): Start proc com.caf.fmradio for broadcast com.caf.fmradio/.FMTransmitterConfigReceiver: pid=1059 uid=1029 gids={41029, 3002, 3001, 3003, 1015, 1028}
07-10 13:39:09.718 D/ExchangeService( 1041): !!! EAS ExchangeService, onStartCommand, startingUp = true, running = false
07-10 13:39:09.738 E/Trace ( 1059): error opening trace file: No such file or directory (2)
07-10 13:39:09.798 W/Settings( 838): Setting airplane_mode_on has moved from android.provider.Settings.System to android.provider.Settings.Global, returning read-only value.
07-10 13:39:09.818 D/FMAdapterApp( 1059): Loading FM-JNI Library
07-10 13:39:09.828 E/fmradio ( 1059): FM : loading QCOMM FM-JNI
07-10 13:39:09.828 D/FMAdapterApp( 1059): REFCOUNT: Constructed com.caf.fmradio.FMAdapterApp@41e2bae0 Instance Count = 1
07-10 13:39:09.828 D/FMFolderConfigReceiver( 1059): Received intent: android.intent.action.BOOT_COMPLETED
07-10 13:39:09.828 D/FMFolderConfigReceiver( 1059): boot complete intent received
07-10 13:39:09.828 D/FMFolderConfigReceiver( 1059): disableing the FM Transmitter
07-10 13:39:09.848 I/ActivityManager( 443): Start proc com.cyanogenmod.lockclock for broadcast com.cyanogenmod.lockclock/.ClockWidgetProvider: pid=1074 uid=10026 gids={50026, 3003, 1028}
07-10 13:39:09.918 D/Eas Debug( 1041): Logging:
07-10 13:39:09.999 E/Trace ( 1074): error opening trace file: No such file or directory (2)
07-10 13:39:10.089 D/WeatherUpdateService( 1074): Service started, but shouldn't update ... stopping
07-10 13:39:10.189 D/PhoneInterfaceManager( 668): wait for done
07-10 13:39:10.259 D/PhoneStatusBar( 548): disable: < expand icons alerts ticker system_info back* home* RECENT clock search
> 07-10 13:39:10.399 D/PhoneInterfaceManager( 668): SUPPLY_PIN_COMPLETE
07-10 13:39:10.399 D/PhoneInterfaceManager( 668): done
07-10 13:39:10.419 I/wpa_supplicant( 665): wlan0: Trying to associate with SSID 'csokifucsi'
07-10 13:39:10.479 D/CAT ( 668): CatService: Return current sInstance
07-10 13:39:10.529 I/keystore( 110): uid: 1000 action: z -> 7 state: 3 -> 3 retry: 4
07-10 13:39:10.549 I/keystore( 110): uid: 1000 action: z -> 7 state: 3 -> 3 retry: 4
07-10 13:39:10.629 D/dalvikvm( 443): GC_FOR_ALLOC freed 679K, 19% free 6535K/8028K, paused 78ms, total 78ms
07-10 13:39:10.789 V/KeyguardHostView( 443): Keyguard widgets disabled by DPM
07-10 13:39:10.789 V/KeyguardHostView( 443): Keyguard secure camera disabled by DPM
07-10 13:39:10.909 I/keystore( 110): uid: 1000 action: z -> 7 state: 3 -> 3 retry: 4
07-10 13:39:10.970 D/CAT ( 668): CatService: ril message arrived
07-10 13:39:10.970 D/CAT ( 668): CommandParamsFactory: process SelectItem
07-10 13:39:11.020 D/CAT ( 668): CatService: SET_UP_MENU
07-10 13:39:11.020 D/CAT ( 668): CatService: encodeOptionalTags() Unsupported Cmd details=CmdDetails: compRequired=true commandNumber=1 typeOfCommand=37 commandQualifier=0
07-10 13:39:11.040 I/keystore( 110): uid: 1000 action: z -> 7 state: 3 -> 3 retry: 4
07-10 13:39:11.060 I/keystore( 110): uid: 1000 action: z -> 7 state: 3 -> 3 retry: 4
07-10 13:39:11.100 I/keystore( 110): uid: 1000 action: z -> 7 state: 3 -> 3 retry: 4
07-10 13:39:11.190 D/dalvikvm( 443): GC_CONCURRENT freed 758K, 16% free 6820K/8028K, paused 18ms+8ms, total 119ms
07-10 13:39:11.190 D/dalvikvm( 443): WAIT_FOR_CONCURRENT_GC blocked 63ms
07-10 13:39:11.210 I/keystore( 110): uid: 1000 action: z -> 7 state: 3 -> 3 retry: 4
07-10 13:39:11.220 I/keystore( 110): uid: 1000 action: z -> 7 state: 3 -> 3 retry: 4
07-10 13:39:11.230 D/PhoneStatusBar( 548): disable: < expand icons alerts ticker system_info back home recent* clock search
> 07-10 13:39:11.240 D/PhoneStatusBar( 548): disable: < expand icons alerts ticker system_info BACK* HOME* recent clock search
> 07-10 13:39:11.270 V/TAG ( 443): bug 7643792: fitSystemWindows([0,38][0,0])
07-10 13:39:11.330 D/PhoneStatusBar( 548): disable: < expand icons alerts ticker system_info back* home* recent clock search
> 07-10 13:39:11.400 D/ExchangeService( 1041): !!! EAS ExchangeService, onStartCommand, startingUp = true, running = false
07-10 13:39:11.400 D/ExchangeService( 1041): Received deviceId from Email app: androidc636365427
07-10 13:39:11.400 D/ExchangeService( 1041): Reconciling accounts...
07-10 13:39:11.450 I/CalendarProvider2( 971): Sending notification intent: Intent { act=android.intent.action.PROVIDER_CHANGED dat=content://com.android.calendar }
07-10 13:39:11.450 W/ContentResolver( 971): Failed to get type for: content://com.android.calendar (Unknown URL content://com.android.calendar)
07-10 13:39:11.470 D/CAT ( 668): CatService: ril message arrived
07-10 13:39:11.470 D/CAT ( 668): CatService: SESSION END
07-10 13:39:11.530 I/ActivityManager( 443): Start proc com.android.mms for broadcast com.android.mms/.transaction.MmsSystemEventReceiver: pid=1120 uid=10028 gids={50028, 3003, 1015, 1028}
07-10 13:39:11.630 E/Trace ( 1120): error opening trace file: No such file or directory (2)
07-10 13:39:11.640 D/Eas Debug( 1041): Logging:
07-10 13:39:11.760 D/CAT ( 668): CatService: Return current sInstance
07-10 13:39:11.760 V/TAG ( 443): bug 7643792: fitSystemWindows([0,38][0,0])
07-10 13:39:11.870 D/AccountTypeManager( 928): Registering 1 extension packages
07-10 13:39:11.910 D/CountryDetector( 443): The first listener is added
07-10 13:39:11.920 I/AccountTypeManager( 928): Loaded meta-data for 2 account types, 1 accounts in 63ms(wall) 13ms(cpu)
07-10 13:39:11.940 V/MmsConfig( 1120): mnc/mcc:
07-10 13:39:11.940 V/MmsConfig( 1120): tag: bool value: enabledMMS - true
07-10 13:39:11.940 V/MmsConfig( 1120): tag: int value: maxMessageSize - 307200
07-10 13:39:11.940 V/MmsConfig( 1120): tag: int value: maxImageHeight - 480
07-10 13:39:11.940 V/MmsConfig( 1120): tag: int value: maxImageWidth - 640
07-10 13:39:11.940 V/MmsConfig( 1120): tag: int value: defaultSMSMessagesPerThread - 500
07-10 13:39:11.950 V/MmsConfig( 1120): tag: int value: defaultMMSMessagesPerThread - 50
07-10 13:39:11.950 V/MmsConfig( 1120): tag: int value: minMessageCountPerThread - 10
07-10 13:39:11.950 V/MmsConfig( 1120): tag: int value: maxMessageCountPerThread - 5000
07-10 13:39:11.950 V/MmsConfig( 1120): tag: string value: uaProfUrl - http://www.google.com/oha/rdf/ua-profile-kila.xml
07-10 13:39:11.950 V/MmsConfig( 1120): tag: int value: recipientLimit - -1
07-10 13:39:11.950 V/MmsConfig( 1120): tag: bool value: enableMultipartSMS - true
07-10 13:39:11.950 V/MmsConfig( 1120): tag: bool value: enableSplitSMS - false
07-10 13:39:11.950 V/MmsConfig( 1120): tag: int value: smsToMmsTextThreshold - -1
07-10 13:39:11.950 V/MmsConfig( 1120): tag: bool value: enableSlideDuration - true
07-10 13:39:11.950 V/MmsConfig( 1120): tag: int value: maxMessageTextSize - -1
07-10 13:39:11.950 V/MmsConfig( 1120): tag: bool value: enableSprintVVM - false
07-10 13:39:12.041 I//system/bin/fsck_msdos( 99): ** Phase 3 - Checking Directories
07-10 13:39:12.111 D/libloc ( 443): Inject coarse position Lat=47.470313, Lon=19.047340, Acc=43.50
07-10 13:39:12.111 D/libloc ( 443): loc_eng_ioctl called: client = 0, ioctl_type = RPC_LOC_IOCTL_INJECT_POSITION
07-10 13:39:12.111 D/libloc ( 443): loc_eng_ioctl result: client = 0, ioctl_type = RPC_LOC_IOCTL_INJECT_POSITION, RPC_LOC_API_SUCCESS
07-10 13:39:12.111 D/RPC ( 443): 3000008c:00050000 sending call (XID 4).
07-10 13:39:12.111 D/RPC ( 443): 3000008c:00050000 received REPLY (XID 4), grabbing mutex to wake up client.
07-10 13:39:12.111 D/RPC ( 443): 3000008c:00050000 waiting for XDR input buffer to be consumed.
07-10 13:39:12.111 D/RPC ( 443): 3000008c:00050000 call success.
07-10 13:39:12.111 D/RPC ( 443): 3000008c:00050000 received CALL.
07-10 13:39:12.111 D/RPC ( 443): 3000008c:00050000 dispatching RPC call (XID 70, xdr 0x517685d8) for callback client 3100008c:00050001.
07-10 13:39:12.111 D/RPC ( 443): 3100008c:327681 sending RPC reply (XID 70)
07-10 13:39:12.381 E/SQLiteLog( 1022): (1) no such table: Account
07-10 13:39:12.381 W/EmailProvider( 1022): Exception cleaning EmailProvider.dbandroid.database.sqlite.SQLiteException: no such table: Account (code 1): , while compiling: delete from Account WHERE displayName ISNULL;
07-10 13:39:12.521 D/MmsSmsDatabaseHelper( 668): [MmsSmsDb] tableName: threads hasAutoIncrement: CREATE TABLE threads (_id INTEGER PRIMARY KEY AUTOINCREMENT,date INTEGER DEFAULT 0,message_count INTEGER DEFAULT 0,recipient_ids TEXT,snippet TEXT,snippet_cs INTEGER DEFAULT 0,read INTEGER DEFAULT 1,type INTEGER DEFAULT 0,error INTEGER DEFAULT 0,has_attachment INTEGER DEFAULT 0) result: true
07-10 13:39:12.541 D/Mms:app ( 1120): cancelNotification
07-10 13:39:12.731 D/BootReceiver( 781): CPU settings restored.
07-10 13:39:12.731 D/BootReceiver( 781): I/O scheduler settings restored.
07-10 13:39:12.731 D/BootReceiver( 781): KSM settings restored.
07-10 13:39:12.751 D/MmsSmsDatabaseHelper( 668): [MmsSmsDb] tableName: canonical_addresses hasAutoIncrement: CREATE TABLE canonical_addresses (_id INTEGER PRIMARY KEY AUTOINCREMENT,address TEXT) result: true
07-10 13:39:12.831 D/CAT ( 668): CatService: Return current sInstance
