--------- beginning of /dev/log/main
07-10 13:38:40.130 I/installd( 109): installd firing up --------- beginning of /dev/log/system
07-10 13:38:40.260 I/Vold ( 99): Vold 2.1 (the revenge) firing up
07-10 13:38:40.290 I/qcom-bluetooth( 117): /system/etc/init.qcom.bt.sh: init.qcom.bt.sh config = onboot
07-10 13:38:40.290 I/cm ( 122): ____ _ _ ____ _ _ ____ ____ ____ _ _ _ _ ____ ___
07-10 13:38:40.300 I/cm ( 125): | \_/ |__| |\ | | | | __ |___ |\ | |\/| | | | \
07-10 13:38:40.310 I/Netd ( 102): Netd 1.0 starting
07-10 13:38:40.310 W/InterfaceController( 102): Warning (Cannot load library: load_library(linker.cpp:771): library "/system/lib/libnetcmdiface.so" not found) while opening the net interface command library
07-10 13:38:40.310 I/DEBUG ( 103): debuggerd: Jul 6 2013 18:58:03
07-10 13:38:40.310 D/Vold ( 99): Volume sdcard state changing -1 (Initializing) -> 0 (No-Media)
07-10 13:38:40.350 E/AKMD2 ( 111): compass layout file is not existed!!
07-10 13:38:40.380 I/cm ( 127): |___ | | | | \| |__| |__] |___ | \| | | |__| |__/
07-10 13:38:40.420 D/Vold ( 99): Volume sdcard state changing 0 (No-Media) -> 2 (Pending)
07-10 13:38:40.420 D/DirectVolume( 99): DirectVolume::handlePartitionAdded -> MAJOR 179, MINOR 33, PARTN 1
07-10 13:38:40.430 D/DirectVolume( 99): DirectVolume::handlePartitionAdded -> MAJOR 179, MINOR 34, PARTN 2
07-10 13:38:40.430 D/Vold ( 99): Volume sdcard state changing 2 (Pending) -> 1 (Idle-Unmounted)
07-10 13:38:40.510 I/cm ( 142): Welcome to Android 4.2.2 / CyanogenMod-10.1-20130706-KonstaKANG-atlas40
07-10 13:38:40.520 W/libc ( 114): WARNING: generic atexit() called from legacy shared library
07-10 13:38:40.530 E/rmt_storage( 116): rmt_storage force sync
07-10 13:38:40.530 E/rmt_storage( 116): rmt_storage rmt_force_sync : [MyTag]open: fd=12
07-10 13:38:40.860 I/SurfaceFlinger( 105): SurfaceFlinger is starting
07-10 13:38:40.860 I/SurfaceFlinger( 105): use dithering
07-10 13:38:40.870 I/SurfaceFlinger( 105): SurfaceFlinger's main thread ready to run. Initializing graphics H/W...
07-10 13:38:41.060 D/libEGL ( 105): loaded /system/lib/egl/libEGL_adreno200.so
07-10 13:38:41.151 I/mediaserver( 108): ServiceManager: 0x41061ed8
07-10 13:38:41.151 I/AudioFlinger( 108): Using default 3000 mSec as standby time.
07-10 13:38:41.151 I/CameraService( 108): CameraService started (pid=108)
07-10 13:38:41.161 E/QualcommCamera( 108): Qint android::get_number_of_cameras(): E
07-10 13:38:41.161 I/QualcommCameraHardware( 108): getCameraInfo: IN
07-10 13:38:41.191 I/QualcommCameraHardware( 108): getCameraInfo: loading libqcamera at 0x40113ed8
07-10 13:38:41.191 V/QualcommCameraHardware( 108): Storing the current target type as 3
07-10 13:38:41.191 I/QualcommCameraHardware( 108): getCameraInfo: numOfCameras = 1
07-10 13:38:41.191 I/QualcommCameraHardware( 108): Camera sensor 0 info:
07-10 13:38:41.191 I/QualcommCameraHardware( 108): camera_id: 0
07-10 13:38:41.191 I/QualcommCameraHardware( 108): modes_supported: 5
07-10 13:38:41.191 I/QualcommCameraHardware( 108): position: 0
07-10 13:38:41.191 I/QualcommCameraHardware( 108): sensor_mount_angle: 0
07-10 13:38:41.191 V/QualcommCameraHardware( 108): getCameraInfo: dlclose(libqcamera)
07-10 13:38:41.191 I/QualcommCameraHardware( 108): getCameraInfo: OUT
07-10 13:38:41.201 I/AudioPolicyManagerBase( 108): loadAudioPolicyConfig() loaded /system/etc/audio_policy.conf
07-10 13:38:41.211 I/AudioHardwareMSM76XXA( 108): get_audpp_filter
07-10 13:38:41.211 I/AudioHardwareMSM76XXA( 108): open /system/etc/AudioFilter.csv success.
07-10 13:38:41.211 I/AudioHardwareMSM76XXA( 108): EQ flag = 00.
07-10 13:38:41.211 I/AudioHardwareMSM76XXA( 108): EQ flag = 00.
07-10 13:38:41.211 I/AudioHardwareMSM76XXA( 108): EQ flag = 00.
07-10 13:38:41.211 E/AudioHardwareMSM76XXA( 108): failed to open AUTO_VOLUME_CONTROL /system/etc/AutoVolumeControl.txt: No such file or directory (2)
07-10 13:38:41.211 D/AudioHardwareMSM76XXA( 108): Auto Volume Enabled= 0
07-10 13:38:41.211 I/AudioHardwareMSM76XXA( 108): Set master volume to 7.
07-10 13:38:41.211 D/AudioHardwareMSM76XXA( 108): rpc_snd_set_volume(0, 0, 7)
07-10 13:38:41.211 D/AudioHardwareMSM76XXA( 108): rpc_snd_set_volume(6, 0, 7)
07-10 13:38:41.221 D/AudioHardwareMSM76XXA( 108): rpc_snd_set_volume(12, 0, 7)
07-10 13:38:41.221 D/AudioHardwareMSM76XXA( 108): rpc_snd_set_volume(3, 0, 7)
07-10 13:38:41.221 D/AudioHardwareMSM76XXA( 108): rpc_snd_set_volume(16, 0, 7)
07-10 13:38:41.221 D/AudioHardwareMSM76XXA( 108): rpc_snd_set_volume(25, 0, 7)
07-10 13:38:41.221 D/AudioHardwareMSM76XXA( 108): rpc_snd_set_volume(8, 0, 1)
07-10 13:38:41.221 D/AudioHardwareMSM76XXA( 108): rpc_snd_set_volume(9, 0, 1)
07-10 13:38:41.221 D/libEGL ( 105): loaded /system/lib/egl/libGLESv1_CM_adreno200.so
07-10 13:38:41.231 I/AudioFlinger( 108): loadHwModule() Loaded primary audio interface from QCOM Audio HW HAL (audio) handle 1
07-10 13:38:41.231 D/AudioHardwareMSM76XXA( 108): openOutputStream: devices = 2 format = 1 channels = 3 sampleRate = 44100 flags 2
07-10 13:38:41.231 D/AudioHardwareMSM76XXA( 108): SampleRate 44.1k
07-10 13:38:41.231 D/libEGL ( 105): loaded /system/lib/egl/libGLESv2_adreno200.so
07-10 13:38:41.231 D/AudioHardwareMSM76XXA( 108): SampleRate 44.1k
07-10 13:38:41.231 D/AudioHardwareMSM76XXA( 108): Bufsize 4800
07-10 13:38:41.231 I/AudioFlinger( 108): HAL output buffer size 1200 frames, normal mix buffer size 1200 frames
07-10 13:38:41.271 I/qcom-bluetooth( 179): /system/etc/init.qcom.bt.sh: Bluetooth stack is bluez
07-10 13:38:41.271 I/AudioMixer( 108): found effect "Multichannel Downmix To Stereo" from The Android Open Source Project
07-10 13:38:41.271 D/AudioHardwareMSM76XXA( 108): Bufsize 4800
07-10 13:38:41.271 D/AudioHardwareMSM76XXA( 108): SampleRate 44.1k
07-10 13:38:41.271 D/AudioHardwareMSM76XXA( 108): Bufsize 4800
07-10 13:38:41.271 D/AudioHardwareMSM76XXA( 108): SampleRate 44.1k
07-10 13:38:41.271 D/AudioHardwareMSM76XXA( 108): Bufsize 4800
07-10 13:38:41.271 D/AudioHardwareMSM76XXA( 108): SampleRate 44.1k
07-10 13:38:41.271 I/AudioFlinger( 108): Using module 1 has the primary audio interface
07-10 13:38:41.271 D/AudioHardwareInterface( 108): setMode(NORMAL)
07-10 13:38:41.271 I/AudioFlinger( 108): AudioFlinger's thread 0x41064788 ready to run
07-10 13:38:41.271 W/AudioFlinger( 108): Thread AudioOut_2 cannot connect to the power manager service
07-10 13:38:41.271 I/AudioHardwareMSM76XXA( 108): Routing audio to Speakerphone
07-10 13:38:41.271 W/AudioHardwareMSM76XXA( 108): rpc_snd_set_device(6, 1, 1)
07-10 13:38:41.271 D/AudioHardwareMSM76XXA( 108): setVoiceVolume(0.400000)
07-10 13:38:41.271 I/AudioHardwareMSM76XXA( 108): Setting in-call volume to 2 (available range is 2 to 7)
07-10 13:38:41.271 D/AudioHardwareMSM76XXA( 108): rpc_snd_set_volume(38, 0, 2)
07-10 13:38:41.281 E/AudioFlinger( 108): int android::load_audio_interface(char const*, audio_hw_device_t**) wrong audio hw device version 0100
07-10 13:38:41.281 I/AudioFlinger( 108): loadHwModule() error -22 loading module a2dp
07-10 13:38:41.281 W/AudioPolicyManagerBase( 108): could not open HW module a2dp
07-10 13:38:41.281 E/AudioFlinger( 108): int android::load_audio_interface(char const*, audio_hw_device_t**) couldn't load audio hw module audio.usb (No such file or directory)
07-10 13:38:41.281 I/AudioFlinger( 108): loadHwModule() error -2 loading module usb
07-10 13:38:41.281 W/AudioPolicyManagerBase( 108): could not open HW module usb
07-10 13:38:41.281 I/AudioPolicyService( 108): Loaded audio policy from QCOM Audio Policy HAL (audio_policy)
07-10 13:38:41.361 I/Adreno200-EGL( 105): : EGL 1.4 QUALCOMM build: AU_LINUX_ANDROID_JB.04.01.01.00.005_msm7627a_JB_CL2577695_release_AU (CL2577695)
07-10 13:38:41.361 I/Adreno200-EGL( 105): Build Date: 07/11/12 Wed 07-10 13:38:41.361 I/Adreno200-EGL( 105): Local Branch: mybranch65565
07-10 13:38:41.361 I/Adreno200-EGL( 105): Remote Branch: quic/master
07-10 13:38:41.361 I/Adreno200-EGL( 105): Local Patches: NONE
07-10 13:38:41.361 I/Adreno200-EGL( 105): Reconstruct Branch: AU_LINUX_ANDROID_JB.04.01.01.00.005 + db7e81a + 4568683 + dfff884 + NOTHING
07-10 13:38:41.401 W/gralloc ( 105): MSMFB_METADATA_SET failed to configure alpha mode
07-10 13:38:41.411 I/gralloc ( 105): using (fd=19)
07-10 13:38:41.411 I/gralloc ( 105): id = msmfb30_80201
07-10 13:38:41.411 I/gralloc ( 105): xres = 480 px
07-10 13:38:41.411 I/gralloc ( 105): yres = 800 px
07-10 13:38:41.411 I/gralloc ( 105): xres_virtual = 480 px
07-10 13:38:41.411 I/gralloc ( 105): yres_virtual = 2400 px
07-10 13:38:41.411 I/gralloc ( 105): bpp = 32
07-10 13:38:41.411 I/gralloc ( 105): r = 24:8
07-10 13:38:41.411 I/gralloc ( 105): g = 16:8
07-10 13:38:41.411 I/gralloc ( 105): b = 8:8
07-10 13:38:41.411 I/gralloc ( 105): width = 76 mm (160.421051 dpi)
07-10 13:38:41.411 I/gralloc ( 105): height = 127 mm (160.000000 dpi)
07-10 13:38:41.411 I/gralloc ( 105): refresh rate = 60.00 Hz
07-10 13:38:41.411 D/CALCFPS ( 105): DEBUG_CALC_FPS: 0
07-10 13:38:41.411 D/CALCFPS ( 105): period: 10
07-10 13:38:41.411 D/CALCFPS ( 105): ignorethresh_us: 500000
07-10 13:38:41.411 D/CALCFPS ( 105): DEBUG_CALC_FPS: 0
07-10 13:38:41.411 D/CALCFPS ( 105): period: 10
07-10 13:38:41.411 D/CALCFPS ( 105): ignorethresh_us: 500000
07-10 13:38:41.471 I/hwcomposer( 105): Initializing Qualcomm Hardware Composer
07-10 13:38:41.471 I/hwcomposer( 105): MDP version: 300
07-10 13:38:41.471 I/hwcomposer( 105): DYN composition threshold : 2.000000
07-10 13:38:41.471 I/SurfaceFlinger( 105): Using composer version 1.0
07-10 13:38:41.471 I/hwcomposer( 105): Initializing UEvent Listener Thread
07-10 13:38:41.471 I/hwcomposer( 105): Initializing VSYNC Thread
07-10 13:38:41.471 W/SurfaceFlinger( 105): getting VSYNC period from fb HAL: 16666666
07-10 13:38:41.471 W/Adreno200-EGL( 105): : EGL_BAD_ATTRIBUTE
07-10 13:38:41.471 W/SurfaceFlinger( 105): no suitable EGLConfig found, trying without EGL_FRAMEBUFFER_TARGET_ANDROID
07-10 13:38:41.471 W/SurfaceFlinger( 105): no suitable EGLConfig found, trying without EGL_RECORDABLE_ANDROID
07-10 13:38:41.531 E/Trace ( 105): error opening trace file: No such file or directory (2)
07-10 13:38:41.541 I/SurfaceFlinger( 105): EGL informations:
07-10 13:38:41.541 I/SurfaceFlinger( 105): vendor : Android
07-10 13:38:41.541 I/SurfaceFlinger( 105): version : 1.4 Android META-EGL
07-10 13:38:41.541 I/SurfaceFlinger( 105): extensions: EGL_KHR_image EGL_KHR_image_base EGL_KHR_gl_texture_2D_image EGL_KHR_gl_texture_cubemap_image EGL_KHR_gl_renderbuffer_image EGL_KHR_fence_sync EGL_ANDROID_image_native_buffer
07-10 13:38:41.541 I/SurfaceFlinger( 105): Client API: OpenGL_ES
07-10 13:38:41.541 I/SurfaceFlinger( 105): EGLSurface: 8-8-8-8, config=0x4
07-10 13:38:41.541 I/SurfaceFlinger( 105): OpenGL ES informations:
07-10 13:38:41.541 I/SurfaceFlinger( 105): vendor : Qualcomm
07-10 13:38:41.541 I/SurfaceFlinger( 105): renderer : Adreno (TM) 200
07-10 13:38:41.541 I/SurfaceFlinger( 105): version : OpenGL ES-CM 1.1
07-10 13:38:41.541 I/SurfaceFlinger( 105): extensions: GL_EXT_debug_marker GL_AMD_compressed_ATC_texture GL_AMD_performance_monitor GL_APPLE_texture_2D_limited_npot GL_ARB_vertex_buffer_object GL_EXT_texture_filter_anisotropic GL_EXT_texture_format_BGRA8888 GL_EXT_texture_type_2_10_10_10_REV GL_OES_blend_equation_separate GL_OES_blend_func_separate GL_OES_blend_subtract GL_OES_compressed_ETC1_RGB8_texture GL_OES_compressed_paletted_texture GL_OES_depth_texture GL_OES_depth24 GL_OES_draw_texture GL_OES_EGL_image GL_OES_EGL_image_external GL_OES_framebuffer_object GL_OES_matrix_palette GL_OES_packed_depth_stencil GL_OES_point_size_array GL_OES_point_sprite GL_OES_read_format GL_OES_rgb8_rgba8 GL_OES_stencil_wrap GL_OES_texture_cube_map GL_OES_texture_env_crossbar GL_OES_texture_float GL_OES_texture_half_float GL_OES_texture_half_float_linear GL_OES_texture_npot GL_OES_texture_mirrored_repeat GL_QCOM_binning_control GL_QCOM_extended_get GL_QCOM_tiled_rendering GL_AMD_compressed_3DC_texture
07-10 13:38:41.541 I/SurfaceFlinger( 105): GL_MAX_TEXTURE_SIZE = 4096
07-10 13:38:41.541 I/SurfaceFlinger( 105): GL_MAX_VIEWPORT_DIMS = 4096 x 4096
07-10 13:38:41.561 D/SurfaceFlinger( 105): Screen acquired, type=0 flinger=0x41421318
07-10 13:38:41.701 D/AndroidRuntime( 106):
07-10 13:38:41.701 D/AndroidRuntime( 106): >>>>>> AndroidRuntime START com.android.internal.os.ZygoteInit <<<<<<
07-10 13:38:41.701 D/AndroidRuntime( 106): CheckJNI is OFF
07-10 13:38:41.711 I/BootAnimation( 221): boot animation disabled
07-10 13:38:41.891 D/dalvikvm( 106): Trying to load lib libjavacore.so 0x0
07-10 13:38:41.901 D/dalvikvm( 106): Added shared lib libjavacore.so 0x0
07-10 13:38:41.951 D/dalvikvm( 106): Trying to load lib libnativehelper.so 0x0
07-10 13:38:41.951 D/dalvikvm( 106): Added shared lib libnativehelper.so 0x0
07-10 13:38:42.392 E/ ( 104): cby, conn_id = 1, client_id = 1, service_id = 11
07-10 13:38:42.392 E/ ( 104): cby, conn_id = 1, client_id = 1, service_id = 10
07-10 13:38:42.552 I/SamplingProfilerIntegration( 106): Profiling disabled.
07-10 13:38:42.572 I/Zygote ( 106): Preloading classes...
07-10 13:38:42.582 D/dalvikvm( 106): GC_EXPLICIT freed 37K, 9% free 438K/480K, paused 0ms+0ms, total 8ms
07-10 13:38:42.622 D/dalvikvm( 106): GC_EXPLICIT freed 3K, 5% free 506K/532K, paused 1ms+1ms, total 8ms
07-10 13:38:42.632 D/dalvikvm( 106): Note: class Landroid/app/ActivityManagerNative; has 158 unimplemented (abstract) methods
07-10 13:38:42.672 D/dalvikvm( 106): GC_EXPLICIT freed 21K, 5% free 545K/572K, paused 0ms+0ms, total 11ms
07-10 13:38:42.702 D/dalvikvm( 106): GC_EXPLICIT freed 26K, 5% free 573K/604K, paused 1ms+0ms, total 12ms
07-10 13:38:42.702 W/Zygote ( 106): Class not found for preloading: undroid.content.AbstractThreadedSyncAdapter$SyncThread
07-10 13:38:42.722 D/dalvikvm( 106): GC_EXPLICIT freed 21K, 4% free 621K/644K, paused 0ms+0ms, total 9ms
07-10 13:38:42.742 D/MDnsDS ( 102): MDnsSdListener::Hander starting up
07-10 13:38:42.742 D/MDnsDS ( 102): MDnsSdListener starting to monitor
07-10 13:38:42.742 D/MDnsDS ( 102): Going to poll with pollCount 1
07-10 13:38:42.892 D/dalvikvm( 106): GC_EXPLICIT freed 25K, 5% free 650K/680K, paused 0ms+0ms, total 5ms
07-10 13:38:42.972 D/dalvikvm( 106): GC_EXPLICIT freed 61K, 8% free 751K/816K, paused 0ms+1ms, total 5ms
07-10 13:38:43.182 D/dalvikvm( 106): GC_EXPLICIT freed 31K, 5% free 776K/816K, paused 1ms+1ms, total 6ms
07-10 13:38:43.212 D/TextLayoutCache( 106): Using debug level = 0 - Debug Enabled = 0
07-10 13:38:43.272 I/dalvikvm( 106): threadid=1: recursive native library load attempt (/system/lib/libmedia_jni.so)
07-10 13:38:43.272 D/MtpDeviceJNI( 106): register_android_mtp_MtpDevice
07-10 13:38:43.272 I/dalvikvm( 106): threadid=1: recursive native library load attempt (/system/lib/libmedia_jni.so)
07-10 13:38:43.272 I/dalvikvm( 106): threadid=1: recursive native library load attempt (/system/lib/libmedia_jni.so)
07-10 13:38:43.283 D/dalvikvm( 106): GC_EXPLICIT freed 23K, 3% free 819K/844K, paused 0ms+1ms, total 6ms
07-10 13:38:43.303 D/dalvikvm( 106): GC_EXPLICIT freed 15K, 2% free 864K/880K, paused 1ms+1ms, total 7ms
07-10 13:38:43.443 D/dalvikvm( 106): GC_FOR_ALLOC freed 224K, 17% free 1155K/1380K, paused 10ms, total 11ms
07-10 13:38:43.533 D/dalvikvm( 106): GC_EXPLICIT freed 268K, 18% free 1301K/1576K, paused 1ms+1ms, total 13ms
07-10 13:38:43.603 D/dalvikvm( 106): GC_EXPLICIT freed 29K, 16% free 1326K/1576K, paused 1ms+1ms, total 13ms
07-10 13:38:43.633 D/dalvikvm( 106): GC_EXPLICIT freed 12K, 12% free 1400K/1576K, paused 1ms+1ms, total 13ms
07-10 13:38:43.953 D/TelephonyManager( 106): No /proc/cmdline exception=java.io.FileNotFoundException: /proc/cmdline: open failed: EACCES (Permission denied)
07-10 13:38:43.953 D/TelephonyManager( 106): /proc/cmdline=
07-10 13:38:43.973 D/dalvikvm( 106): GC_EXPLICIT freed 28K, 11% free 1445K/1608K, paused 2ms+2ms, total 13ms
07-10 13:38:44.033 D/dalvikvm( 106): GC_EXPLICIT freed 24K, 2% free 1748K/1776K, paused 1ms+2ms, total 18ms
07-10 13:38:44.043 W/Zygote ( 106): Class not found for preloading: android.util.LocaleUtil
07-10 13:38:44.073 D/dalvikvm( 106): GC_EXPLICIT freed 35K, 3% free 1781K/1820K, paused 2ms+1ms, total 18ms
07-10 13:38:44.103 D/dalvikvm( 106): GC_EXPLICIT freed 31K, 2% free 1804K/1840K, paused 1ms+2ms, total 18ms
07-10 13:38:44.113 W/Zygote ( 106): Class not found for preloading: android.view.ViewRootImpl$ResizedInfo
07-10 13:38:44.113 W/Zygote ( 106): Class not found for preloading: android.view.Window$LocalWindowManager
07-10 13:38:44.123 W/Zygote ( 106): Class not found for preloading: android.view.WindowManagerImpl$CompatModeWrapper
07-10 13:38:44.143 D/dalvikvm( 106): GC_EXPLICIT freed 30K, 2% free 1827K/1860K, paused 1ms+1ms, total 18ms
07-10 13:38:44.414 I/dalvikvm( 106): threadid=1: recursive native library load attempt (/system/lib/libwebcore.so)
07-10 13:38:44.424 D/dalvikvm( 106): No JNI_OnLoad found in /system/lib/libchromium_net.so 0x0, skipping init
07-10 13:38:44.454 D/dalvikvm( 106): GC_EXPLICIT freed 21K, 2% free 1860K/1884K, paused 1ms+2ms, total 18ms
07-10 13:38:44.544 D/dalvikvm( 106): GC_EXPLICIT freed 26K, 2% free 1888K/1916K, paused 2ms+2ms, total 19ms
07-10 13:38:44.604 D/dalvikvm( 106): GC_EXPLICIT freed 29K, 2% free 1918K/1952K, paused 2ms+2ms, total 19ms
07-10 13:38:44.664 D/dalvikvm( 106): GC_EXPLICIT freed 26K, 2% free 1946K/1976K, paused 2ms+6ms, total 24ms
07-10 13:38:44.704 D/dalvikvm( 106): GC_EXPLICIT freed 31K, 2% free 1969K/2004K, paused 2ms+1ms, total 19ms
07-10 13:38:44.734 D/dalvikvm( 106): GC_EXPLICIT freed 28K, 2% free 1995K/2028K, paused 2ms+2ms, total 20ms
07-10 13:38:44.774 D/dalvikvm( 106): GC_EXPLICIT freed 29K, 2% free 2022K/2056K, paused 2ms+1ms, total 20ms
07-10 13:38:44.804 D/dalvikvm( 106): GC_EXPLICIT freed 39K, 2% free 2039K/2080K, paused 2ms+1ms, total 20ms
07-10 13:38:44.804 W/Zygote ( 106): Class not found for preloading: java.text.DecimalFormat$1
07-10 13:38:44.834 D/dalvikvm( 106): GC_EXPLICIT freed 41K, 3% free 2053K/2096K, paused 2ms+2ms, total 21ms
07-10 13:38:44.834 W/Zygote ( 106): Class not found for preloading: java.util.concurrent.FutureTask$Sync
07-10 13:38:44.844 W/Zygote ( 106): Class not found for preloading: java.util.concurrent.atomic.UnsafeAccess
07-10 13:38:44.844 W/Zygote ( 106): Class not found for preloading: java.util.concurrent.locks.UnsafeAccess
07-10 13:38:44.864 D/dalvikvm( 106): GC_EXPLICIT freed 41K, 3% free 2066K/2112K, paused 2ms+2ms, total 21ms
07-10 13:38:44.864 W/Zygote ( 106): Class not found for preloading: libcore.icu.ErrorCode
07-10 13:38:45.104 I/System ( 106): Loaded time zone names for in 234ms (230ms in ICU)
07-10 13:38:45.244 I/System ( 106): Loaded time zone names for en_US in 138ms (133ms in ICU)
07-10 13:38:45.395 D/dalvikvm( 106): GC_FOR_ALLOC freed 329K, 13% free 2253K/2584K, paused 23ms, total 23ms
07-10 13:38:45.425 I/System ( 106): Loaded time zone names for hu_HU in 180ms (174ms in ICU)
07-10 13:38:45.445 D/dalvikvm( 106): GC_EXPLICIT freed 166K, 16% free 2197K/2592K, paused 2ms+2ms, total 24ms
07-10 13:38:45.475 D/dalvikvm( 106): GC_EXPLICIT freed 15K, 13% free 2259K/2596K, paused 2ms+1ms, total 23ms
07-10 13:38:45.525 W/libc ( 114): WARNING: generic atexit() called from legacy shared library
07-10 13:38:45.555 D/dalvikvm( 106): GC_EXPLICIT freed 52K, 12% free 2291K/2596K, paused 2ms+12ms, total 41ms
07-10 13:38:45.595 D/dalvikvm( 106): GC_EXPLICIT freed 29K, 11% free 2318K/2596K, paused 2ms+2ms, total 28ms
07-10 13:38:45.635 D/dalvikvm( 106): GC_EXPLICIT freed 38K, 11% free 2334K/2596K, paused 2ms+2ms, total 27ms
07-10 13:38:45.675 D/dalvikvm( 106): GC_EXPLICIT freed 32K, 10% free 2357K/2596K, paused 2ms+3ms, total 25ms
07-10 13:38:45.675 I/Zygote ( 106): ...preloaded 2546 classes in 3097ms.
07-10 13:38:45.705 D/dalvikvm( 106): GC_EXPLICIT freed 23K, 10% free 2362K/2600K, paused 3ms+3ms, total 26ms
07-10 13:38:45.705 I/Zygote ( 106): Preload resources disabled, skipped.
07-10 13:38:45.725 D/dalvikvm( 106): GC_EXPLICIT freed <1K, 10% free 2362K/2600K, paused 2ms+2ms, total 25ms
07-10 13:38:45.755 D/dalvikvm( 106): GC_EXPLICIT freed <1K, 10% free 2362K/2600K, paused 2ms+2ms, total 25ms
07-10 13:38:45.775 D/dalvikvm( 106): GC_EXPLICIT freed <1K, 10% free 2362K/2600K, paused 2ms+2ms, total 25ms
07-10 13:38:45.805 I/dalvikvm( 106): System server process 443 has been created
07-10 13:38:45.805 I/Zygote ( 106): Accepting command socket connections
07-10 13:38:45.885 E/BatteryService( 443): wirelessOnlinePath not found
07-10 13:38:45.885 I/sysproc ( 443): Entered system_init()
07-10 13:38:45.885 I/sysproc ( 443): ServiceManager: 0x521d0788
07-10 13:38:45.885 D/SensorService( 443): nuSensorService starting...
07-10 13:38:46.135 E/ ( 114): cby, conn_id = 0, client_id = 1, service_id = 1
07-10 13:38:46.145 E/ ( 114): cby, conn_id = 1, client_id = 1, service_id = 1
07-10 13:38:46.145 E/ ( 114): cby, conn_id = 2, client_id = 1, service_id = 1
07-10 13:38:46.145 W/libc ( 114): WARNING: generic atexit() called from legacy shared library
07-10 13:38:46.155 E/Sensors ( 443): couldn't find 'mma8452' input device
07-10 13:38:46.155 W/libc ( 114): WARNING: generic atexit() called from legacy shared library
07-10 13:38:46.416 E/Sensors ( 443): couldn't find 'lis3dhtr' input device
07-10 13:38:46.416 E/Sensors ( 443): [sensor_hal]used kxtik_accel fd:31
07-10 13:38:46.716 E/Sensors ( 443): load:come into init_nusensors
07-10 13:38:46.716 I/SensorService( 443): AK8962 3-axis Magnetic field sensor
07-10 13:38:46.716 I/SensorService( 443): AK8962 Orientation sensor
07-10 13:38:46.716 I/SensorService( 443): Freesacle MMA845X Accelerometer
07-10 13:38:46.716 I/SensorService( 443): TSL2771 Proximity sensor
07-10 13:38:46.716 I/SensorService( 443): TSL2771 Light sensor
07-10 13:38:46.716 I/sysproc ( 443): System server: starting Android runtime.
07-10 13:38:46.716 I/sysproc ( 443): System server: starting Android services.
07-10 13:38:46.716 D/SensorService( 443): nuSensorService thread starting...
07-10 13:38:46.716 I/sysproc ( 443): System server: entering thread pool.
07-10 13:38:46.716 I/SystemServer( 443): Entered the Android system server!
07-10 13:38:46.726 I/installd( 109): new connection
07-10 13:38:46.726 I/SystemServer( 443): Enabled StrictMode logging for UI Looper
07-10 13:38:46.726 I/SystemServer( 443): Waiting for installd to be ready.
07-10 13:38:46.726 I/Installer( 443): connecting...
07-10 13:38:46.726 I/SystemServer( 443): Entropy Mixer
07-10 13:38:46.736 I/SystemServer( 443): Enabled StrictMode logging for WM Looper
07-10 13:38:46.796 I/SystemServer( 443): Power Manager
07-10 13:38:46.806 I/SystemServer( 443): Activity Manager
07-10 13:38:46.826 I/ActivityManager( 443): Memory class: 48
07-10 13:38:46.946 I/ActivityManager( 443): Enabled StrictMode logging for AThread's Looper
07-10 13:38:46.946 I/SystemServer( 443): Display Manager
07-10 13:38:46.946 I/DisplayManagerService( 443): Display device added: DisplayDeviceInfo{"Beépített képernyő": 480 x 800, 60.000004 fps, density 240, 160.42105 x 160.0 dpi, touch INTERNAL, FLAG_DEFAULT_DISPLAY, FLAG_ROTATES_WITH_CONTENT, FLAG_SECURE, FLAG_SUPPORTS_PROTECTED_BUFFERS, rotation 0, type BUILT_IN, address null}
07-10 13:38:46.956 I/SystemServer( 443): Telephony Registry
07-10 13:38:46.956 I/SystemServer( 443): Scheduling Policy
07-10 13:38:46.956 I/SystemServer( 443): Package Manager
07-10 13:38:47.306 W/PackageManager( 443): Library not found: /system/framework/com.android.future.usb.accessory.jar
07-10 13:38:47.397 E/ ( 104): cby, conn_id = 0, client_id = 2, service_id = 1
07-10 13:38:47.397 E/ ( 104): cby, conn_id = 0, client_id = 3, service_id = 1
07-10 13:38:47.397 E/ ( 104): cby, conn_id = 0, client_id = 1, service_id = 4
07-10 13:38:47.407 E/ ( 104): cby, conn_id = 1, client_id = 2, service_id = 1
07-10 13:38:47.407 E/ ( 104): cby, conn_id = 1, client_id = 3, service_id = 1
07-10 13:38:47.407 E/ ( 104): cby, conn_id = 1, client_id = 1, service_id = 4
07-10 13:38:47.407 E/ ( 104): cby, conn_id = 2, client_id = 2, service_id = 1
07-10 13:38:47.407 E/ ( 104): cby, conn_id = 2, client_id = 3, service_id = 1
07-10 13:38:47.407 E/ ( 104): cby, conn_id = 2, client_id = 1, service_id = 4
07-10 13:38:47.527 W/libc ( 104): WARNING: generic atexit() called from legacy shared library
07-10 13:38:47.527 E/ ( 104): cby, conn_id = 1, client_id = 4, service_id = 1
07-10 13:38:47.527 E/ ( 104): cby, conn_id = 1, client_id = 5, service_id = 1
07-10 13:38:47.537 W/PackageParser( 443): No actions in intent filter at /system/app/Bluetooth.apk Binary XML file line #175
07-10 13:38:47.537 W/PackageParser( 443): No actions in intent filter at /system/app/Bluetooth.apk Binary XML file line #245
07-10 13:38:47.537 W/PackageParser( 443): No actions in intent filter at /system/app/Bluetooth.apk Binary XML file line #265
07-10 13:38:47.547 E/ ( 104): cby, conn_id = 0, client_id = 1, service_id = 224
07-10 13:38:47.627 W/PackageParser( 443): No actions in intent filter at /system/app/CMFileManager.apk Binary XML file line #136
07-10 13:38:47.797 W/PackageParser( 443): No actions in intent filter at /system/app/Contacts.apk Binary XML file line #546
07-10 13:38:48.097 W/ResourceType( 443): Failure getting entry for 0x7f040018 (t=3 e=24) in package 0 (error -75)
07-10 13:38:48.097 W/ResourceType( 443): Failure getting entry for 0x7f040018 (t=3 e=24) in package 0 (error -75)
07-10 13:38:48.097 W/PackageParser( 443): Unknown element under : permission at /system/app/Gallery2.apk Binary XML file line #220
07-10 13:38:48.097 W/PackageParser( 443): Unknown element under : permission at /system/app/Gallery2.apk Binary XML file line #223
07-10 13:38:49.008 I/PackageManager( 443): Package com.google.android.gms at /system/app/GmsCore.apk ignored: updated version 3136134 better than this 2012110
07-10 13:38:49.308 I/PackageManager( 443): Package com.android.vending at /system/app/Phonesky.apk ignored: updated version 80210006 better than this 8016014
07-10 13:38:49.529 D/PackageManager( 443): No files in app dir /vendor/app
07-10 13:38:49.629 W/PackageManager( 443): Package com.mxtech.videoplayer.ad desires unavailable shared library com.sec.android.app.multiwindow; ignoring!
07-10 13:38:50.680 D/dalvikvm( 443): GC_CONCURRENT freed 2319K, 34% free 5109K/7720K, paused 3ms+13ms, total 95ms
07-10 13:38:51.951 I/PackageManager( 443): Time to scan packages: 4.653 seconds
07-10 13:38:51.951 W/PackageManager( 443): Unknown permission android.permission.ADD_SYSTEM_SERVICE in package com.android.phone
07-10 13:38:51.951 W/PackageManager( 443): Unknown permission com.android.vending.billing.IBillingAccountService.BIND2 in package com.google.android.gsf.login
07-10 13:38:51.951 W/PackageManager( 443): Unknown permission com.android.chrome.TOS_ACKED in package com.google.android.gsf.login
07-10 13:38:51.951 W/PackageManager( 443): Not granting permission android.permission.SEND_DOWNLOAD_COMPLETED_INTENTS to package com.android.browser (protectionLevel=2 flags=0x9be45)
07-10 13:38:51.961 W/PackageManager( 443): Unknown permission android.permission.READ_OWNER_DATA in package com.google.android.setupwizard
07-10 13:38:51.961 W/PackageManager( 443): Unknown permission android.permission.WRITE_OWNER_DATA in package com.google.android.setupwizard
07-10 13:38:51.961 W/PackageManager( 443): Unknown permission com.google.android.voicesearch.SHORTCUTS_ACCESS in package com.google.android.googlequicksearchbox
07-10 13:38:51.961 W/PackageManager( 443): Unknown permission com.google.googlenav.friend.permission.OPT_IN in package com.google.android.googlequicksearchbox
07-10 13:38:51.961 W/PackageManager( 443): Unknown permission com.google.android.apps.maps.permission.PREFETCH in package com.google.android.googlequicksearchbox
07-10 13:38:51.961 W/PackageManager( 443): Unknown permission com.google.android.apps.googlevoice.permission.AUTO_SEND in package com.google.android.googlequicksearchbox
07-10 13:38:51.961 W/PackageManager( 443): Unknown permission com.google.android.gm.permission.AUTO_SEND in package com.google.android.googlequicksearchbox
07-10 13:38:51.961 W/PackageManager( 443): Not granting permission android.permission.READ_LOGS to package org.jtb.alogcat (protectionLevel=50 flags=0x8be44)
07-10 13:38:51.961 W/PackageManager( 443): Unknown permission com.google.android.gallery3d.permission.GALLERY_PROVIDER in package com.android.exchange
07-10 13:38:51.961 W/PackageManager( 443): Unknown permission com.google.android.gallery3d.permission.GALLERY_PROVIDER in package com.android.email
07-10 13:38:51.961 W/PackageManager( 443): Unknown permission com.google.android.gm.permission.READ_GMAIL in package com.google.android.talk
07-10 13:38:51.961 W/PackageManager( 443): Unknown permission com.cyanogenmod.filemanager.permissions.READ_THEME in package com.cyanogenmod.filemanager
07-10 13:38:51.961 W/PackageManager( 443): Unknown permission android.permission.Access_SUPERUSER in package com.ghisler.android.TotalCommander
07-10 13:38:51.981 W/PackageManager( 443): Not granting permission android.permission.SEND_DOWNLOAD_COMPLETED_INTENTS to package com.android.vending (protectionLevel=2 flags=0xabec5)
07-10 13:38:51.981 W/PackageManager( 443): Unknown permission android.permission.ACCESS_4G_RADIO_DISABLE in package com.android.systemui
07-10 13:38:51.981 W/PackageManager( 443): Unknown permission android.permission.ACCESS_4G_STATE in package com.android.systemui
07-10 13:38:51.981 W/PackageManager( 443): Unknown permission android.permission.CHANGE_4G_STATE in package com.android.systemui
07-10 13:38:51.981 W/PackageManager( 443): Not granting permission android.permission.DEVICE_POWER to package com.android.deskclock (protectionLevel=2 flags=0x8be45)
07-10 13:38:51.981 W/PackageManager( 443): Unknown permission com.android.deskclock.worldclock.permissions.WRITE_DATABASE in package com.android.deskclock
07-10 13:38:51.981 W/PackageManager( 443): Not granting permission android.permission.READ_DREAM_STATE to package com.google.android.gsf (protectionLevel=2 flags=0x83e45)
07-10 13:38:52.041 D/dalvikvm( 443): GC_CONCURRENT freed 937K, 38% free 4855K/7720K, paused 3ms+13ms, total 77ms
07-10 13:38:52.041 D/dalvikvm( 443): WAIT_FOR_CONCURRENT_GC blocked 8ms
07-10 13:38:52.241 D/dalvikvm( 443): GC_EXPLICIT freed 387K, 40% free 4680K/7720K, paused 3ms+3ms, total 55ms
07-10 13:38:52.241 I/SystemServer( 443): User Service
07-10 13:38:52.241 I/SystemServer( 443): Account Manager
07-10 13:38:52.251 I/SystemServer( 443): Content Manager
07-10 13:38:52.251 I/SystemServer( 443): System Content Providers
07-10 13:38:52.351 I/DeviceHandlerService( 443): No device specific handler lib was defined.
07-10 13:38:52.351 E/lights.zte( 443): write_string failed to open /sys/class/leds/red/blink
07-10 13:38:52.351 I/SystemServer( 443): Device Handler Service
07-10 13:38:52.351 I/SystemServer( 443): Lights Service
07-10 13:38:52.351 I/SystemServer( 443): Battery Service
07-10 13:38:52.371 I/libsuspend( 443): Selected early suspend
07-10 13:38:52.371 I/libsuspend( 443): Starting early suspend unblocker thread
07-10 13:38:52.371 I/SystemServer( 443): Vibrator Service
07-10 13:38:52.381 D/PermissionCache( 105): checking android.permission.ACCESS_SURFACE_FLINGER for uid=1000 => granted (701 us)
07-10 13:38:52.381 D/SurfaceFlinger( 105): Screen acquired, type=0 flinger=0x41421318
07-10 13:38:52.381 D/SurfaceFlinger( 105): screen was previously acquired
07-10 13:38:52.381 D/AlarmManagerService( 443): Kernel timezone updated to -120 minutes west of GMT
07-10 13:38:52.381 I/SystemServer( 443): Alarm Manager
07-10 13:38:52.381 I/SystemServer( 443): Init Watchdog
07-10 13:38:52.381 I/SystemServer( 443): Input Manager
07-10 13:38:52.381 I/InputManager( 443): Initializing input manager, mUseDevInputEventForAudioJack=false
07-10 13:38:52.381 I/SystemServer( 443): Window Manager
07-10 13:38:52.481 D/QCUtilClass( 108): extended extractor not needed, return default
07-10 13:38:52.481 E/Trace ( 108): error opening trace file: No such file or directory (2)
07-10 13:38:52.501 I/OMXNodeInstance( 108): OMX_FreeBuffer for buffer header 0x41078168 successful
07-10 13:38:52.501 I/OMXNodeInstance( 108): OMX_FreeBuffer for buffer header 0x41078378 successful
07-10 13:38:52.501 I/OMXNodeInstance( 108): OMX_FreeBuffer for buffer header 0x410784b8 successful
07-10 13:38:52.501 I/OMXNodeInstance( 108): OMX_FreeBuffer for buffer header 0x410785e0 successful
07-10 13:38:52.522 I/OMXNodeInstance( 108): OMX_FreeBuffer for buffer header 0x41077fe0 successful
07-10 13:38:52.522 I/OMXNodeInstance( 108): OMX_FreeBuffer for buffer header 0x41077f28 successful
07-10 13:38:52.522 I/OMXNodeInstance( 108): OMX_FreeBuffer for buffer header 0x41077e58 successful
07-10 13:38:52.522 I/OMXNodeInstance( 108): OMX_FreeBuffer for buffer header 0x41077ca0 successful
07-10 13:38:52.522 I/OMXNodeInstance( 108): OMX_FreeBuffer for buffer header 0x41078e30 successful
07-10 13:38:52.522 I/OMXNodeInstance( 108): OMX_FreeBuffer for buffer header 0x41078d08 successful
07-10 13:38:52.522 I/OMXNodeInstance( 108): OMX_FreeBuffer for buffer header 0x41078c00 successful
07-10 13:38:52.522 I/OMXNodeInstance( 108): OMX_FreeBuffer for buffer header 0x41078b28 successful
07-10 13:38:52.542 D/QCUtilClass( 108): extended extractor not needed, return default
07-10 13:38:52.552 D/dalvikvm( 443): GC_CONCURRENT freed 310K, 37% free 4885K/7720K, paused 3ms+71ms, total 155ms
07-10 13:38:52.572 I/OMXNodeInstance( 108): OMX_FreeBuffer for buffer header 0x41077810 successful
07-10 13:38:52.572 I/OMXNodeInstance( 108): OMX_FreeBuffer for buffer header 0x41077a20 successful
07-10 13:38:52.572 I/OMXNodeInstance( 108): OMX_FreeBuffer for buffer header 0x41077b60 successful
07-10 13:38:52.572 I/OMXNodeInstance( 108): OMX_FreeBuffer for buffer header 0x41077c88 successful
07-10 13:38:52.582 I/InputManager( 443): Starting input manager
07-10 13:38:52.582 I/SystemServer( 443): Bluetooth Manager Service
07-10 13:38:52.582 I/BluetoothManagerService( 443): BluetoothManagerService started.Start Bluetooth Service
07-10 13:38:52.592 D/EventHub( 443): No input device configuration file found for device 'kxtik_accel'.
07-10 13:38:52.602 I/bluedroid( 443): ro.qualcomm.bt.hci_transport not set
07-10 13:38:52.612 I/BluetoothProfileState( 443): Message:Entering Stable State
07-10 13:38:52.622 I/OMXNodeInstance( 108): OMX_FreeBuffer for buffer header 0x41077688 successful
07-10 13:38:52.622 I/OMXNodeInstance( 108): OMX_FreeBuffer for buffer header 0x410775d0 successful
07-10 13:38:52.622 I/OMXNodeInstance( 108): OMX_FreeBuffer for buffer header 0x41077500 successful
07-10 13:38:52.622 I/OMXNodeInstance( 108): OMX_FreeBuffer for buffer header 0x41077348 successful
07-10 13:38:52.622 I/OMXNodeInstance( 108): OMX_FreeBuffer for buffer header 0x4107c538 successful
07-10 13:38:52.622 I/OMXNodeInstance( 108): OMX_FreeBuffer for buffer header 0x4107c410 successful
07-10 13:38:52.622 I/OMXNodeInstance( 108): OMX_FreeBuffer for buffer header 0x4107c308 successful
07-10 13:38:52.622 I/OMXNodeInstance( 108): OMX_FreeBuffer for buffer header 0x4107c230 successful
07-10 13:38:52.622 D/BluetoothService( 443): HostPatchForIOT: Loading from conf
07-10 13:38:52.622 I/BluetoothProfileState( 443): Message:Entering Stable State
07-10 13:38:52.622 I/BluetoothProfileState( 443): Message:Entering Stable State
07-10 13:38:52.622 E/BluetoothService( 443): HOST Patch conf File Not found : /etc/bluetooth/iop_device_list.conf
07-10 13:38:52.622 W/Settings( 443): Setting airplane_mode_radios has moved from android.provider.Settings.System to android.provider.Settings.Global, returning read-only value.
07-10 13:38:52.622 W/Settings( 443): Setting airplane_mode_toggleable_radios has moved from android.provider.Settings.System to android.provider.Settings.Global, returning read-only value.
07-10 13:38:52.632 D/EventHub( 443): No input device configuration file found for device '7k_handset'.
07-10 13:38:52.642 I/EventHub( 443): New device: id=2, fd=109, path='/dev/input/event6', name='7k_handset', classes=0x81, configuration='', keyLayout='/system/usr/keylayout/7k_handset.kl', keyCharacterMap='/system/usr/keychars/Generic.kcm', builtinKeyboard=false, usingSuspendBlockIoctl=false, usingClockIoctl=false
07-10 13:38:52.642 D/EventHub( 443): No input device configuration file found for device 'compass'.
07-10 13:38:52.642 W/Settings( 443): Setting airplane_mode_on has moved from android.provider.Settings.System to android.provider.Settings.Global, returning read-only value.
07-10 13:38:52.642 W/Settings( 443): Setting bluetooth_on has moved from android.provider.Settings.Secure to android.provider.Settings.Global.
07-10 13:38:52.642 I/SystemServer( 443): Input Method Service
07-10 13:38:52.642 W/InputMethodManagerService( 443): Couldn't create dir.: /data/system/inputmethod
07-10 13:38:52.662 D/EventHub( 443): No input device configuration file found for device 'proximity'.
07-10 13:38:52.682 D/EventHub( 443): No input device configuration file found for device 'light'.
07-10 13:38:52.702 D/EventHub( 443): No input device configuration file found for device 'atlas40_keypad'.
07-10 13:38:52.702 E/KeyLayoutMap( 443): /system/usr/keylayout/atlas40_keypad.kl:19: Expected key code label, got 'YILIAO'.
07-10 13:38:52.712 I/EventHub( 443): New device: id=6, fd=111, path='/dev/input/event1', name='atlas40_keypad', classes=0x1, configuration='', keyLayout='/system/usr/keylayout/Generic.kl', keyCharacterMap='/system/usr/keychars/Generic.kcm', builtinKeyboard=false, usingSuspendBlockIoctl=false, usingClockIoctl=false
07-10 13:38:52.712 E/filemap ( 443): mmap(0,4096) failed: No such device
07-10 13:38:52.712 I/EventHub( 443): New device: id=7, fd=112, path='/dev/input/event0', name='syna-touchscreen', classes=0x15, configuration='/system/usr/idc/syna-touchscreen.idc', keyLayout='/system/usr/keylayout/syna-touchscreen.kl', keyCharacterMap='/system/usr/keychars/Generic.kcm', builtinKeyboard=false, usingSuspendBlockIoctl=false, usingClockIoctl=false
07-10 13:38:52.722 I/InputReader( 443): Device added: id=-1, name='Virtual', sources=0x00000301
07-10 13:38:52.722 I/InputReader( 443): Touch device 'syna-touchscreen' could not query the properties of its associated display. The device will be inoperable until the display size becomes available.
07-10 13:38:52.722 I/InputReader( 443): Device added: id=7, name='syna-touchscreen', sources=0x00001103
07-10 13:38:52.722 I/InputReader( 443): Device added: id=6, name='atlas40_keypad', sources=0x00000101
07-10 13:38:52.722 I/InputReader( 443): Device added: id=2, name='7k_handset', sources=0x80000101
07-10 13:38:52.722 E/Trace ( 443): error opening trace file: No such file or directory (2)
07-10 13:38:52.792 I/SystemServer( 443): Accessibility Manager
07-10 13:38:52.792 I/ActivityManager( 443): Config changes=1df8 {1.0 ?mcc?mnc hu_HU ldltr sw320dp w320dp h508dp 240dpi nrml long port ?uimode ?night finger -keyb/v/h -nav/h s.2 themeResource=null}
07-10 13:38:52.802 I/InputReader( 443): Reconfiguring input devices. changes=0x00000004
07-10 13:38:52.802 I/InputReader( 443): Device reconfigured: id=7, name='syna-touchscreen', size 480x800, orientation 0, mode 1, display id 0
07-10 13:38:52.812 I/SystemServer( 443): Mount Service
07-10 13:38:52.812 D/MountService( 443): got storage path: /storage/sdcard0 description: SD-kártya primary: true removable: true emulated: false mtpReserve: 0 allowMassStorage: true maxFileSize: 0
07-10 13:38:52.812 D/MountService( 443): addVolumeLocked() StorageVolume [mStorageId=0 mPath=/storage/sdcard0 mDescriptionId=17040719 mPrimary=true mRemovable=true mEmulated=false mMtpReserveSpace=0 mAllowMassStorage=true mMaxFileSize=0 mOwner=null]
07-10 13:38:52.812 I/SystemServer( 443): LockSettingsService
07-10 13:38:52.812 I/SystemServer( 443): Device Policy
07-10 13:38:52.822 I/SystemServer( 443): Status Bar
07-10 13:38:52.822 I/SystemServer( 443): Clipboard Service
07-10 13:38:52.822 I/SystemServer( 443): NetworkManagement Service
07-10 13:38:52.832 I/SystemServer( 443): Text Service Manager Service
07-10 13:38:52.832 I/SystemServer( 443): NetworkStats Service
07-10 13:38:52.842 I/PackageManager( 443): Updating external media status from unmounted to unmounted
07-10 13:38:52.842 I/PackageManager( 443): No secure containers on sdcard
07-10 13:38:52.842 D/MountService( 443): volume state changed for /storage/sdcard0 (null -> unmounted)
07-10 13:38:52.842 I/SystemServer( 443): NetworkPolicy Service
07-10 13:38:52.842 W/MountService( 443): getSecureContainerList() called when storage not mounted
07-10 13:38:52.852 W/PackageManager( 443): Unknown permission android.permission.ADD_SYSTEM_SERVICE in package com.android.phone
07-10 13:38:52.852 W/PackageManager( 443): Unknown permission com.android.vending.billing.IBillingAccountService.BIND2 in package com.google.android.gsf.login
07-10 13:38:52.852 W/PackageManager( 443): Unknown permission com.android.chrome.TOS_ACKED in package com.google.android.gsf.login
07-10 13:38:52.852 I/SystemServer( 443): Wi-Fi P2pService
07-10 13:38:52.862 W/PackageManager( 443): Not granting permission android.permission.SEND_DOWNLOAD_COMPLETED_INTENTS to package com.android.browser (protectionLevel=2 flags=0x89be45)
07-10 13:38:52.862 W/PackageManager( 443): Unknown permission android.permission.READ_OWNER_DATA in package com.google.android.setupwizard
07-10 13:38:52.862 W/PackageManager( 443): Unknown permission android.permission.WRITE_OWNER_DATA in package com.google.android.setupwizard
07-10 13:38:52.862 W/PackageManager( 443): Unknown permission com.google.android.voicesearch.SHORTCUTS_ACCESS in package com.google.android.googlequicksearchbox
07-10 13:38:52.862 W/PackageManager( 443): Unknown permission com.google.googlenav.friend.permission.OPT_IN in package com.google.android.googlequicksearchbox
07-10 13:38:52.862 W/PackageManager( 443): Unknown permission com.google.android.apps.maps.permission.PREFETCH in package com.google.android.googlequicksearchbox
07-10 13:38:52.862 W/PackageManager( 443): Unknown permission com.google.android.apps.googlevoice.permission.AUTO_SEND in package com.google.android.googlequicksearchbox
07-10 13:38:52.862 W/PackageManager( 443): Unknown permission com.google.android.gm.permission.AUTO_SEND in package com.google.android.googlequicksearchbox
07-10 13:38:52.872 W/PackageManager( 443): Not granting permission android.permission.READ_LOGS to package org.jtb.alogcat (protectionLevel=50 flags=0x88be44)
07-10 13:38:52.872 W/PackageManager( 443): Unknown permission com.google.android.gallery3d.permission.GALLERY_PROVIDER in package com.android.exchange
07-10 13:38:52.872 W/PackageManager( 443): Unknown permission com.google.android.gallery3d.permission.GALLERY_PROVIDER in package com.android.email
07-10 13:38:52.872 W/PackageManager( 443): Unknown permission com.google.android.gm.permission.READ_GMAIL in package com.google.android.talk
07-10 13:38:52.872 W/PackageManager( 443): Unknown permission com.cyanogenmod.filemanager.permissions.READ_THEME in package com.cyanogenmod.filemanager
07-10 13:38:52.872 W/PackageManager( 443): Unknown permission android.permission.Access_SUPERUSER in package com.ghisler.android.TotalCommander
07-10 13:38:52.872 W/PackageManager( 443): Not granting permission android.permission.SEND_DOWNLOAD_COMPLETED_INTENTS to package com.android.vending (protectionLevel=2 flags=0x8abec5)
07-10 13:38:52.892 W/PackageManager( 443): Unknown permission android.permission.ACCESS_4G_RADIO_DISABLE in package com.android.systemui
07-10 13:38:52.892 W/PackageManager( 443): Unknown permission android.permission.ACCESS_4G_STATE in package com.android.systemui
07-10 13:38:52.892 W/PackageManager( 443): Unknown permission android.permission.CHANGE_4G_STATE in package com.android.systemui
07-10 13:38:52.892 W/PackageManager( 443): Not granting permission android.permission.DEVICE_POWER to package com.android.deskclock (protectionLevel=2 flags=0x88be45)
07-10 13:38:52.892 W/PackageManager( 443): Unknown permission com.android.deskclock.worldclock.permissions.WRITE_DATABASE in package com.android.deskclock
07-10 13:38:52.892 W/PackageManager( 443): Not granting permission android.permission.READ_DREAM_STATE to package com.google.android.gsf (protectionLevel=2 flags=0x883e45)
07-10 13:38:52.922 D/dalvikvm( 443): GC_CONCURRENT freed 433K, 35% free 5076K/7720K, paused 5ms+4ms, total 66ms
07-10 13:38:52.922 D/dalvikvm( 443): WAIT_FOR_CONCURRENT_GC blocked 26ms
07-10 13:38:53.122 I/SystemServer( 443): Wi-Fi Service
07-10 13:38:53.132 E/CommandListener( 102): Failed to open /proc/sys/net/ipv6/conf/wlan0/disable_ipv6: No such file or directory
07-10 13:38:53.132 E/WifiStateMachine( 443): Failed to disable IPv6: java.lang.IllegalStateException: command '1 interface ipv6 wlan0 disable' failed with '400 1 Failed to change IPv6 state (No such file or directory)'
07-10 13:38:53.132 I/SystemServer( 443): Connectivity Service
07-10 13:38:53.132 D/ConnectivityService( 443): ConnectivityService starting up
07-10 13:38:53.142 E/MobileDataStateTracker( 443): default: Ignoring feature request because could not acquire PhoneService
07-10 13:38:53.142 E/MobileDataStateTracker( 443): default: Could not enable APN type "default"
07-10 13:38:53.152 I/WifiService( 443): WifiService starting up with Wi-Fi enabled
07-10 13:38:53.152 D/WifiService( 443): setWifiEnabled: true pid=443, uid=1000
07-10 13:38:53.162 I/SystemServer( 443): Network Service Discovery Service
07-10 13:38:53.162 D/NsdService( 443): Network service discovery enabled true
07-10 13:38:53.162 I/SystemServer( 443): Throttle Service
07-10 13:38:53.162 I/SystemServer( 443): FM receiver Service
07-10 13:38:53.182 I/ ( 443): registerAndroidFmRadioReceiver
07-10 13:38:53.182 I/ ( 443): registerAndroidFmRadioTransmitter
07-10 13:38:53.182 I/FmReceiverService( 443): FmReceiverService created
07-10 13:38:53.182 I/FmTransmitterService( 443): FmTransmitterService created
07-10 13:38:53.182 I/SystemServer( 443): FM transmitter Service
07-10 13:38:53.182 I/SystemServer( 443): UpdateLock Service
07-10 13:38:53.262 D/dalvikvm( 443): GC_CONCURRENT freed 353K, 32% free 5278K/7720K, paused 4ms+3ms, total 56ms
07-10 13:38:53.292 D/ProfileService( 443): Found active: 5c62fa8b-95d7-42b3-8c48-002d89b2575f
07-10 13:38:53.292 I/SystemServer( 443): Profile Manager
07-10 13:38:53.342 D/ProfileService( 443): Set active profile to: 5c62fa8b-95d7-42b3-8c48-002d89b2575f - Alapértelmezett
07-10 13:38:53.352 D/ProfileService( 443): Saving profile data...
07-10 13:38:53.352 D/ProfileService( 443): Save completed.
07-10 13:38:53.362 I/SystemServer( 443): Notification Manager
07-10 13:38:53.362 I/SystemServer( 443): Device Storage Monitor
07-10 13:38:53.362 I/SystemServer( 443): Location Manager
07-10 13:38:53.362 I/SystemServer( 443): Country Detector
07-10 13:38:53.362 I/SystemServer( 443): Search Service
07-10 13:38:53.362 I/SystemServer( 443): DropBox Service
07-10 13:38:53.372 I/SystemServer( 443): Wallpaper Service
07-10 13:38:53.372 I/SystemServer( 443): Audio Service
07-10 13:38:53.382 D/AudioHardwareMSM76XXA( 108): Bufsize 4800
07-10 13:38:53.382 D/AudioHardwareMSM76XXA( 108): SampleRate 44.1k
07-10 13:38:53.382 I/AudioService( 443): Remote Control registerMediaButtonIntent() for PendingIntent{420a0d20: PendingIntentRecord{42271990 android broadcastIntent}}
07-10 13:38:53.422 I/SystemServer( 443): Dock Observer
07-10 13:38:53.422 W/DockObserver( 443): This kernel does not have dock station support
07-10 13:38:53.422 I/SystemServer( 443): Wired Accessory Observer
07-10 13:38:53.432 W/WiredAccessoryManager( 443): This kernel does not have usb audio support
07-10 13:38:53.432 W/WiredAccessoryManager( 443): This kernel does not have samsung usb dock audio support
07-10 13:38:53.432 W/WiredAccessoryManager( 443): This kernel does not have HDMI audio support
07-10 13:38:53.432 I/SystemServer( 443): USB Service
07-10 13:38:53.452 I/SystemServer( 443): Serial Service
07-10 13:38:53.452 I/SystemServer( 443): Twilight Service
07-10 13:38:53.452 I/SystemServer( 443): UI Mode Manager Service
07-10 13:38:53.452 I/SystemServer( 443): Backup Service
07-10 13:38:53.492 V/BackupManagerService( 443): No ancestral data
07-10 13:38:53.593 D/dalvikvm( 443): GC_CONCURRENT freed 581K, 30% free 5426K/7720K, paused 5ms+18ms, total 159ms
07-10 13:38:53.593 D/dalvikvm( 443): WAIT_FOR_CONCURRENT_GC blocked 73ms
07-10 13:38:53.603 D/dalvikvm( 443): WAIT_FOR_CONCURRENT_GC blocked 76ms
07-10 13:38:53.733 I/BackupManagerService( 443): Found stale backup journal, scheduling
07-10 13:38:53.743 I/BackupManagerService( 443): android
07-10 13:38:53.743 I/BackupManagerService( 443): com.android.browser
07-10 13:38:53.743 I/BackupManagerService( 443): com.android.calendar
07-10 13:38:53.743 I/BackupManagerService( 443): com.android.inputmethod.latin
07-10 13:38:53.743 I/BackupManagerService( 443): com.android.providers.settings
07-10 13:38:53.743 I/BackupManagerService( 443): com.android.providers.userdictionary
07-10 13:38:53.743 I/BackupManagerService( 443): com.android.sharedstoragebackup
07-10 13:38:53.753 D/Tethering( 443): sendTetherStateChangedBroadcast 1, 0, 0
07-10 13:38:53.753 D/Tethering( 443): InitialState.processMessage what=4
07-10 13:38:53.763 D/Tethering( 443): sendTetherStateChangedBroadcast 0, 0, 0
07-10 13:38:53.763 E/WifiHW ( 102): Failed to open wlan fw path param (No such file or directory)
07-10 13:38:53.763 E/SoftapController( 102): Softap fwReload - failed: -1
07-10 13:38:53.763 E/WifiStateMachine( 443): Failed to reload STA firmware java.lang.IllegalStateException: command '2 softap fwreload wlan0 STA' failed with '400 2 Softap operation failed (No such file or directory)'
07-10 13:38:53.763 D/CommandListener( 102): Setting iface cfg
07-10 13:38:53.763 D/CommandListener( 102): Trying to bring down wlan0
07-10 13:38:53.763 I/BackupManagerService( 443): com.android.vending
07-10 13:38:53.763 I/BackupManagerService( 443): com.google.android.marvin.talkback
07-10 13:38:53.773 I/BackupManagerService( 443): Backup enabled => false
07-10 13:38:53.773 I/SystemServer( 443): AppWidget Service
