07-10 13:40:06.155 D/dalvikvm( 443): GC_EXPLICIT freed 466K, 20% free 7027K/8716K, paused 6ms+11ms, total 94ms
07-10 13:40:06.806 D/dalvikvm( 610): GC_CONCURRENT freed 389K, 65% free 2703K/7720K, paused 4ms+5ms, total 75ms
07-10 13:40:07.686 I/ActivityManager( 443): START u0 {act=android.intent.action.MAIN cmp=com.android.settings/.SubSettings (has extras)} from pid 781
07-10 13:40:08.307 I/ActivityManager( 443): Displayed com.android.settings/.SubSettings: +574ms
07-10 13:40:08.387 I/dalvikvm( 443): Jit: resizing JitTable from 8192 to 16384
07-10 13:40:08.707 D/dalvikvm( 443): GC_EXPLICIT freed 223K, 18% free 7203K/8716K, paused 16ms+9ms, total 192ms
07-10 13:40:08.868 D/dalvikvm( 610): GC_CONCURRENT freed 382K, 65% free 2706K/7720K, paused 2ms+3ms, total 23ms
07-10 13:40:09.548 D/dalvikvm( 443): GC_EXPLICIT freed 131K, 18% free 7200K/8716K, paused 7ms+8ms, total 104ms
07-10 13:40:09.738 I/ActivityManager( 443): START u0 {act=android.intent.action.MAIN cmp=com.android.settings/.SubSettings (has extras)} from pid 781
07-10 13:40:09.828 D/dalvikvm( 443): GC_FOR_ALLOC freed 61K, 18% free 7187K/8716K, paused 68ms, total 68ms
07-10 13:40:09.828 I/dalvikvm-heap( 443): Grow heap (frag case) to 7.956MB for 214528-byte allocation
07-10 13:40:10.229 I/ActivityManager( 443): Displayed com.android.settings/.SubSettings: +389ms
07-10 13:40:10.289 D/dalvikvm( 610): GC_CONCURRENT freed 380K, 65% free 2710K/7720K, paused 21ms+157ms, total 416ms
07-10 13:40:11.020 D/dalvikvm( 443): GC_EXPLICIT freed 448K, 19% free 7232K/8928K, paused 4ms+9ms, total 94ms
07-10 13:40:11.130 D/dalvikvm( 610): GC_CONCURRENT freed 391K, 65% free 2705K/7720K, paused 2ms+3ms, total 27ms
07-10 13:40:11.500 D/Finsky ( 1316): [1] 5.onFinished: Installation state replication succeeded.
07-10 13:40:11.981 D/dalvikvm( 443): GC_EXPLICIT freed 177K, 20% free 7229K/8928K, paused 6ms+11ms, total 121ms
07-10 13:40:12.301 D/dalvikvm( 610): GC_CONCURRENT freed 380K, 65% free 2710K/7720K, paused 11ms+5ms, total 50ms
07-10 13:40:12.821 D/dalvikvm( 443): GC_EXPLICIT freed 130K, 19% free 7235K/8928K, paused 5ms+9ms, total 91ms
07-10 13:40:12.932 D/dalvikvm( 610): GC_CONCURRENT freed 387K, 65% free 2707K/7720K, paused 2ms+3ms, total 22ms
07-10 13:40:13.552 D/dalvikvm( 443): GC_EXPLICIT freed 122K, 19% free 7232K/8928K, paused 14ms+8ms, total 182ms
07-10 13:40:13.672 D/dalvikvm( 610): GC_CONCURRENT freed 385K, 65% free 2708K/7720K, paused 3ms+4ms, total 24ms
07-10 13:40:14.053 D/dalvikvm( 443): GC_EXPLICIT freed 119K, 19% free 7232K/8928K, paused 4ms+8ms, total 91ms
07-10 13:40:14.213 D/dalvikvm( 610): GC_CONCURRENT freed 387K, 65% free 2707K/7720K, paused 3ms+5ms, total 27ms
07-10 13:40:14.713 D/dalvikvm( 443): GC_EXPLICIT freed 120K, 19% free 7232K/8928K, paused 4ms+10ms, total 106ms
07-10 13:40:14.913 D/dalvikvm( 610): GC_CONCURRENT freed 380K, 65% free 2713K/7720K, paused 3ms+3ms, total 28ms
07-10 13:40:15.344 D/dalvikvm( 443): GC_EXPLICIT freed 194K, 20% free 7202K/8928K, paused 5ms+9ms, total 105ms
07-10 13:40:15.594 D/dalvikvm( 610): GC_CONCURRENT freed 384K, 65% free 2714K/7720K, paused 3ms+3ms, total 28ms
07-10 13:40:16.005 D/dalvikvm( 443): GC_EXPLICIT freed 121K, 20% free 7202K/8928K, paused 4ms+8ms, total 97ms
07-10 13:40:16.075 D/dalvikvm( 610): null clazz in OP_INSTANCE_OF, single-stepping
07-10 13:40:16.255 D/dalvikvm( 610): GC_CONCURRENT freed 388K, 65% free 2711K/7720K, paused 3ms+3ms, total 24ms
07-10 13:40:16.545 I/wpa_supplicant( 665): wlan0: Trying to associate with SSID 'csokifucsi'
07-10 13:40:16.635 D/dalvikvm( 443): GC_EXPLICIT freed 137K, 20% free 7208K/8928K, paused 4ms+8ms, total 114ms
07-10 13:40:16.835 D/dalvikvm( 610): GC_CONCURRENT freed 391K, 65% free 2705K/7720K, paused 3ms+3ms, total 24ms
07-10 13:40:17.236 D/dalvikvm( 443): GC_EXPLICIT freed 126K, 20% free 7203K/8928K, paused 4ms+8ms, total 143ms
07-10 13:40:17.256 W/InputMethodManagerService( 443): Window already focused, ignoring focus gain of: com.android.internal.view.IInputMethodClient$Stub$Proxy@42120298 attribute=null, token = android.os.BinderProxy@42183390
07-10 13:40:17.606 D/dalvikvm( 610): GC_CONCURRENT freed 384K, 65% free 2706K/7720K, paused 5ms+3ms, total 26ms
07-10 13:40:17.946 D/dalvikvm( 443): GC_EXPLICIT freed 127K, 20% free 7205K/8928K, paused 5ms+8ms, total 90ms
07-10 13:40:18.157 D/dalvikvm( 610): GC_CONCURRENT freed 385K, 65% free 2706K/7720K, paused 3ms+4ms, total 23ms
07-10 13:40:18.497 D/dalvikvm( 443): GC_EXPLICIT freed 125K, 20% free 7200K/8928K, paused 4ms+10ms, total 91ms
07-10 13:40:18.687 D/dalvikvm( 610): GC_CONCURRENT freed 390K, 65% free 2702K/7720K, paused 3ms+3ms, total 25ms
07-10 13:40:19.037 D/dalvikvm( 443): GC_EXPLICIT freed 119K, 20% free 7200K/8928K, paused 4ms+7ms, total 97ms
07-10 13:40:19.218 D/dalvikvm( 610): GC_CONCURRENT freed 381K, 65% free 2705K/7720K, paused 2ms+4ms, total 22ms
07-10 13:40:19.558 I/wpa_supplicant( 665): wlan0: CTRL-EVENT-ASSOC-REJECT status_code=1
07-10 13:40:19.598 D/dalvikvm( 443): GC_EXPLICIT freed 121K, 20% free 7200K/8928K, paused 4ms+7ms, total 93ms
07-10 13:40:19.758 D/dalvikvm( 610): GC_CONCURRENT freed 383K, 65% free 2707K/7720K, paused 3ms+3ms, total 23ms
07-10 13:40:20.129 D/dalvikvm( 443): GC_EXPLICIT freed 119K, 20% free 7200K/8928K, paused 4ms+8ms, total 89ms
07-10 13:40:20.289 D/dalvikvm( 610): GC_CONCURRENT freed 384K, 65% free 2706K/7720K, paused 3ms+3ms, total 21ms
07-10 13:40:20.659 D/dalvikvm( 443): GC_EXPLICIT freed 119K, 20% free 7200K/8928K, paused 4ms+7ms, total 89ms
07-10 13:40:20.809 D/dalvikvm( 610): GC_CONCURRENT freed 388K, 65% free 2704K/7720K, paused 3ms+3ms, total 24ms
07-10 13:40:21.160 D/dalvikvm( 443): GC_EXPLICIT freed 120K, 20% free 7200K/8928K, paused 4ms+8ms, total 89ms
07-10 13:40:21.310 D/dalvikvm( 610): GC_CONCURRENT freed 381K, 65% free 2707K/7720K, paused 3ms+5ms, total 24ms
07-10 13:40:21.680 D/dalvikvm( 443): GC_EXPLICIT freed 120K, 20% free 7200K/8928K, paused 4ms+8ms, total 89ms
07-10 13:40:21.850 D/dalvikvm( 610): GC_CONCURRENT freed 380K, 65% free 2712K/7720K, paused 2ms+4ms, total 23ms
07-10 13:40:22.211 D/dalvikvm( 443): GC_EXPLICIT freed 119K, 20% free 7200K/8928K, paused 4ms+8ms, total 90ms
07-10 13:40:22.381 D/dalvikvm( 610): GC_CONCURRENT freed 384K, 65% free 2712K/7720K, paused 2ms+3ms, total 23ms
07-10 13:40:22.761 D/dalvikvm( 443): GC_EXPLICIT freed 120K, 20% free 7200K/8928K, paused 4ms+7ms, total 89ms
07-10 13:40:22.911 D/dalvikvm( 610): GC_CONCURRENT freed 384K, 65% free 2712K/7720K, paused 3ms+3ms, total 24ms
07-10 13:40:23.292 D/dalvikvm( 443): GC_EXPLICIT freed 119K, 20% free 7200K/8928K, paused 4ms+8ms, total 90ms
07-10 13:40:23.452 D/dalvikvm( 610): GC_CONCURRENT freed 379K, 65% free 2717K/7720K, paused 2ms+4ms, total 23ms
07-10 13:40:24.353 D/dalvikvm( 443): GC_EXPLICIT freed 123K, 20% free 7202K/8928K, paused 8ms+26ms, total 307ms
07-10 13:40:24.613 W/InputMethodManagerService( 443): Window already focused, ignoring focus gain of: com.android.internal.view.IInputMethodClient$Stub$Proxy@420eb4f0 attribute=null, token = android.os.BinderProxy@42183390
07-10 13:40:24.753 D/dalvikvm( 610): GC_CONCURRENT freed 383K, 65% free 2718K/7720K, paused 2ms+4ms, total 21ms
07-10 13:40:25.093 D/dalvikvm( 443): GC_EXPLICIT freed 128K, 20% free 7200K/8928K, paused 4ms+7ms, total 97ms
07-10 13:40:25.294 D/dalvikvm( 610): GC_CONCURRENT freed 385K, 65% free 2718K/7720K, paused 2ms+3ms, total 23ms
07-10 13:40:25.624 D/dalvikvm( 443): GC_EXPLICIT freed 119K, 20% free 7201K/8928K, paused 4ms+8ms, total 90ms
07-10 13:40:25.834 D/dalvikvm( 610): GC_CONCURRENT freed 380K, 65% free 2722K/7720K, paused 3ms+4ms, total 22ms
07-10 13:40:26.134 D/dalvikvm( 443): GC_EXPLICIT freed 120K, 20% free 7200K/8928K, paused 4ms+7ms, total 89ms
07-10 13:40:26.435 D/dalvikvm( 610): GC_CONCURRENT freed 385K, 65% free 2720K/7720K, paused 3ms+3ms, total 22ms
07-10 13:40:26.485 W/ThrottleService( 443): unable to find stats for iface rmnet0
07-10 13:40:26.555 I/wpa_supplicant( 665): wlan0: Authentication with 00:00:00:00:00:00 timed out.
07-10 13:40:26.795 D/dalvikvm( 443): GC_EXPLICIT freed 155K, 20% free 7200K/8928K, paused 4ms+9ms, total 92ms
07-10 13:40:27.145 D/dalvikvm( 610): GC_CONCURRENT freed 378K, 65% free 2727K/7720K, paused 3ms+3ms, total 27ms
07-10 13:40:27.756 D/dalvikvm( 443): GC_EXPLICIT freed 134K, 20% free 7206K/8928K, paused 4ms+7ms, total 91ms
07-10 13:40:28.056 D/dalvikvm( 610): GC_CONCURRENT freed 374K, 65% free 2739K/7720K, paused 2ms+3ms, total 25ms
07-10 13:40:28.236 I/wpa_supplicant( 665): wlan0: Trying to associate with SSID 'csokifucsi'
07-10 13:40:28.286 D/dalvikvm( 443): GC_EXPLICIT freed 136K, 20% free 7209K/8928K, paused 5ms+8ms, total 113ms
07-10 13:40:28.457 I/wpa_supplicant( 665): wlan0: Associated with f8:d1:11:33:f0:0c
07-10 13:40:28.467 D/Tethering( 443): sendTetherStateChangedBroadcast 1, 0, 0
07-10 13:40:28.857 D/dalvikvm( 610): GC_CONCURRENT freed 383K, 65% free 2739K/7720K, paused 3ms+3ms, total 24ms
07-10 13:40:29.017 D/dalvikvm( 443): GC_EXPLICIT freed 175K, 20% free 7210K/8928K, paused 4ms+7ms, total 90ms
07-10 13:40:29.388 D/dalvikvm( 610): GC_CONCURRENT freed 385K, 65% free 2740K/7720K, paused 3ms+3ms, total 26ms
07-10 13:40:29.498 D/dalvikvm( 443): GC_EXPLICIT freed 122K, 20% free 7207K/8928K, paused 5ms+7ms, total 90ms
07-10 13:40:29.968 D/dalvikvm( 443): GC_EXPLICIT freed 119K, 20% free 7206K/8928K, paused 4ms+6ms, total 88ms
07-10 13:40:30.028 D/dalvikvm( 610): GC_CONCURRENT freed 382K, 65% free 2741K/7720K, paused 2ms+5ms, total 25ms
07-10 13:40:30.649 W/InputMethodManagerService( 443): Window already focused, ignoring focus gain of: com.android.internal.view.IInputMethodClient$Stub$Proxy@421fdb78 attribute=null, token = android.os.BinderProxy@42183390
07-10 13:40:30.889 D/dalvikvm( 610): GC_CONCURRENT freed 481K, 66% free 2663K/7720K, paused 3ms+4ms, total 32ms
07-10 13:40:31.319 D/dalvikvm( 610): GC_CONCURRENT freed 539K, 67% free 2567K/7720K, paused 3ms+3ms, total 32ms
07-10 13:40:31.460 D/dalvikvm( 610): GC_CONCURRENT freed 433K, 67% free 2568K/7720K, paused 3ms+2ms, total 30ms
07-10 13:40:31.530 W/MediaScanner( 610): Error opening directory '/storage/sdcard0/.android_secure/', skipping: Permission denied.
07-10 13:40:31.710 D/dalvikvm( 443): GC_EXPLICIT freed 166K, 20% free 7216K/8928K, paused 4ms+7ms, total 89ms
07-10 13:40:31.900 D/dalvikvm( 610): GC_CONCURRENT freed 299K, 66% free 2652K/7720K, paused 3ms+2ms, total 22ms
07-10 13:40:32.240 D/dalvikvm( 443): GC_EXPLICIT freed 125K, 20% free 7210K/8928K, paused 5ms+9ms, total 91ms
07-10 13:40:32.461 D/dalvikvm( 610): GC_CONCURRENT freed 322K, 65% free 2715K/7720K, paused 3ms+3ms, total 24ms
07-10 13:40:32.761 D/dalvikvm( 443): GC_EXPLICIT freed 120K, 20% free 7210K/8928K, paused 4ms+8ms, total 90ms
07-10 13:40:33.011 D/dalvikvm( 610): GC_CONCURRENT freed 384K, 65% free 2717K/7720K, paused 3ms+3ms, total 23ms
07-10 13:40:33.281 D/dalvikvm( 443): GC_EXPLICIT freed 119K, 20% free 7210K/8928K, paused 7ms+8ms, total 105ms
07-10 13:40:33.582 D/dalvikvm( 610): GC_CONCURRENT freed 386K, 65% free 2717K/7720K, paused 3ms+5ms, total 25ms
07-10 13:40:33.822 D/dalvikvm( 443): GC_EXPLICIT freed 124K, 20% free 7210K/8928K, paused 4ms+7ms, total 89ms
07-10 13:40:34.152 D/dalvikvm( 610): GC_CONCURRENT freed 383K, 65% free 2718K/7720K, paused 3ms+4ms, total 26ms
07-10 13:40:34.342 D/dalvikvm( 443): GC_EXPLICIT freed 119K, 20% free 7210K/8928K, paused 4ms+7ms, total 90ms
07-10 13:40:34.683 D/dalvikvm( 610): GC_CONCURRENT freed 382K, 65% free 2719K/7720K, paused 3ms+4ms, total 23ms
07-10 13:40:34.823 D/dalvikvm( 443): GC_EXPLICIT freed 120K, 20% free 7210K/8928K, paused 5ms+7ms, total 89ms
07-10 13:40:35.223 D/dalvikvm( 610): GC_CONCURRENT freed 382K, 65% free 2720K/7720K, paused 2ms+3ms, total 22ms
07-10 13:40:35.323 D/dalvikvm( 443): GC_EXPLICIT freed 119K, 20% free 7210K/8928K, paused 4ms+8ms, total 90ms
07-10 13:40:36.144 D/dalvikvm( 443): GC_EXPLICIT freed 388K, 20% free 7209K/8928K, paused 6ms+9ms, total 189ms
07-10 13:40:36.214 D/dalvikvm( 610): GC_CONCURRENT freed 381K, 65% free 2725K/7720K, paused 3ms+4ms, total 25ms
07-10 13:40:36.705 D/dalvikvm( 443): GC_EXPLICIT freed 124K, 20% free 7206K/8928K, paused 5ms+7ms, total 90ms
07-10 13:40:36.815 D/dalvikvm( 610): GC_CONCURRENT freed 391K, 65% free 2717K/7720K, paused 3ms+3ms, total 21ms
07-10 13:40:37.445 D/dalvikvm( 443): GC_EXPLICIT freed 124K, 20% free 7202K/8928K, paused 5ms+8ms, total 91ms
07-10 13:40:37.586 D/dalvikvm( 610): GC_CONCURRENT freed 383K, 65% free 2720K/7720K, paused 2ms+5ms, total 23ms
07-10 13:40:37.976 D/dalvikvm( 443): GC_EXPLICIT freed 119K, 20% free 7202K/8928K, paused 4ms+8ms, total 89ms
07-10 13:40:38.156 D/dalvikvm( 610): GC_CONCURRENT freed 385K, 65% free 2720K/7720K, paused 3ms+4ms, total 23ms
07-10 13:40:38.276 I/wpa_supplicant( 665): wlan0: CTRL-EVENT-DISCONNECTED bssid=f8:d1:11:33:f0:0c reason=3
07-10 13:40:38.276 I/wpa_supplicant( 665): wlan0: WPA: 4-Way Handshake failed - pre-shared key may be incorrect
07-10 13:40:38.276 I/wpa_supplicant( 665): wlan0: CTRL-EVENT-SSID-TEMP-DISABLED id=0 ssid="csokifucsi" auth_failures=1 duration=10
07-10 13:40:38.276 D/Tethering( 443): InitialState.processMessage what=4
07-10 13:40:38.286 D/Tethering( 443): sendTetherStateChangedBroadcast 0, 0, 0
07-10 13:40:38.567 D/dalvikvm( 443): GC_EXPLICIT freed 171K, 20% free 7206K/8928K, paused 4ms+8ms, total 94ms
07-10 13:40:38.757 D/dalvikvm( 610): GC_CONCURRENT freed 391K, 65% free 2713K/7720K, paused 2ms+3ms, total 21ms
07-10 13:40:38.987 I/ActivityManager( 443): START u0 {act=android.intent.action.MAIN cmp=com.android.settings/.SubSettings (has extras)} from pid 781
07-10 13:40:39.047 W/wpa_supplicant( 665): wlan0: Failed to initiate sched scan
07-10 13:40:39.437 D/dalvikvm( 443): GC_EXPLICIT freed 367K, 20% free 7209K/8928K, paused 4ms+8ms, total 162ms
07-10 13:40:39.808 I/ActivityManager( 443): Displayed com.android.settings/.SubSettings: +776ms
07-10 13:40:40.328 D/dalvikvm( 610): GC_CONCURRENT freed 388K, 65% free 2710K/7720K, paused 2ms+5ms, total 25ms
07-10 13:40:40.629 D/dalvikvm( 443): GC_EXPLICIT freed 184K, 20% free 7212K/8928K, paused 4ms+9ms, total 92ms
07-10 13:40:41.099 D/dalvikvm( 610): GC_CONCURRENT freed 382K, 65% free 2713K/7720K, paused 2ms+3ms, total 23ms
07-10 13:40:41.369 D/dalvikvm( 443): GC_EXPLICIT freed 129K, 20% free 7204K/8928K, paused 4ms+7ms, total 93ms
07-10 13:40:41.650 D/dalvikvm( 610): GC_CONCURRENT freed 387K, 65% free 2709K/7720K, paused 3ms+3ms, total 24ms
07-10 13:40:41.910 D/dalvikvm( 443): GC_EXPLICIT freed 119K, 20% free 7205K/8928K, paused 4ms+7ms, total 94ms
07-10 13:40:42.190 D/dalvikvm( 610): GC_CONCURRENT freed 381K, 65% free 2714K/7720K, paused 3ms+3ms, total 24ms
07-10 13:40:42.731 D/dalvikvm( 443): GC_EXPLICIT freed 120K, 20% free 7204K/8928K, paused 16ms+23ms, total 252ms
07-10 13:40:43.121 D/dalvikvm( 610): GC_CONCURRENT freed 385K, 65% free 2714K/7720K, paused 6ms+3ms, total 27ms
07-10 13:40:43.341 D/dalvikvm( 443): GC_EXPLICIT freed 120K, 20% free 7204K/8928K, paused 5ms+9ms, total 91ms
07-10 13:40:43.651 D/dalvikvm( 610): GC_CONCURRENT freed 387K, 65% free 2712K/7720K, paused 3ms+6ms, total 26ms
07-10 13:40:43.852 D/dalvikvm( 443): GC_EXPLICIT freed 119K, 20% free 7205K/8928K, paused 4ms+8ms, total 90ms
07-10 13:40:44.192 D/dalvikvm( 610): GC_CONCURRENT freed 385K, 65% free 2712K/7720K, paused 2ms+4ms, total 24ms
07-10 13:40:44.372 D/dalvikvm( 443): GC_EXPLICIT freed 120K, 20% free 7204K/8928K, paused 6ms+8ms, total 90ms
07-10 13:40:44.763 D/dalvikvm( 610): GC_CONCURRENT freed 380K, 65% free 2717K/7720K, paused 3ms+4ms, total 27ms
07-10 13:40:44.923 D/dalvikvm( 443): GC_EXPLICIT freed 119K, 20% free 7205K/8928K, paused 6ms+8ms, total 94ms
07-10 13:40:45.343 D/SizeAdaptiveLayout( 548): com.android.internal.widget.SizeAdaptiveLayout{42237378 V.E..... ......I. 0,0-0,0 #7f09007a app:id/adaptive}child view android.widget.FrameLayout{4223a300 G.E..... ......ID 0,0-0,0 #1020324 android:id/status_bar_latest_event_content} measured out of bounds at 95px clamped to 96px
07-10 13:40:45.353 D/dalvikvm( 610): GC_CONCURRENT freed 382K, 65% free 2719K/7720K, paused 5ms+14ms, total 47ms
07-10 13:40:45.423 D/SizeAdaptiveLayout( 548): com.android.internal.widget.SizeAdaptiveLayout{42237378 V.E..... ......I. 0,0-0,0 #7f09007a app:id/adaptive}child view android.widget.FrameLayout{4223a300 G.E..... ......ID 0,0-0,0 #1020324 android:id/status_bar_latest_event_content} measured out of bounds at 95px clamped to 96px
07-10 13:40:46.064 D/dalvikvm( 443): GC_EXPLICIT freed 122K, 20% free 7206K/8928K, paused 27ms+30ms, total 311ms
07-10 13:40:46.164 W/InputMethodManagerService( 443): Window already focused, ignoring focus gain of: com.android.internal.view.IInputMethodClient$Stub$Proxy@42165c10 attribute=null, token = android.os.BinderProxy@421a5318
07-10 13:40:46.564 D/dalvikvm( 610): GC_CONCURRENT freed 390K, 65% free 2713K/7720K, paused 3ms+3ms, total 22ms
07-10 13:40:46.714 D/dalvikvm( 443): GC_EXPLICIT freed 128K, 20% free 7205K/8928K, paused 4ms+7ms, total 89ms
07-10 13:40:47.085 D/dalvikvm( 610): GC_CONCURRENT freed 389K, 65% free 2707K/7720K, paused 3ms+3ms, total 22ms
07-10 13:40:47.235 D/dalvikvm( 443): GC_EXPLICIT freed 119K, 20% free 7205K/8928K, paused 5ms+8ms, total 92ms
07-10 13:40:47.635 D/dalvikvm( 610): GC_CONCURRENT freed 381K, 65% free 2711K/7720K, paused 3ms+3ms, total 24ms
07-10 13:40:47.775 D/dalvikvm( 443): GC_EXPLICIT freed 120K, 20% free 7204K/8928K, paused 5ms+7ms, total 91ms
07-10 13:40:48.156 D/dalvikvm( 610): GC_CONCURRENT freed 385K, 65% free 2711K/7720K, paused 3ms+4ms, total 25ms
07-10 13:40:48.306 D/dalvikvm( 443): GC_EXPLICIT freed 119K, 20% free 7205K/8928K, paused 4ms+8ms, total 90ms
07-10 13:40:48.686 D/dalvikvm( 610): GC_CONCURRENT freed 390K, 65% free 2708K/7720K, paused 3ms+4ms, total 23ms
07-10 13:40:48.847 D/dalvikvm( 443): GC_EXPLICIT freed 120K, 20% free 7204K/8928K, paused 4ms+7ms, total 90ms
07-10 13:40:49.227 D/dalvikvm( 610): GC_CONCURRENT freed 381K, 65% free 2712K/7720K, paused 2ms+3ms, total 23ms
07-10 13:40:49.407 D/dalvikvm( 443): GC_EXPLICIT freed 119K, 20% free 7205K/8928K, paused 4ms+7ms, total 90ms
07-10 13:40:49.767 D/dalvikvm( 610): GC_CONCURRENT freed 387K, 65% free 2711K/7720K, paused 2ms+3ms, total 27ms
07-10 13:40:49.938 D/dalvikvm( 443): GC_EXPLICIT freed 120K, 20% free 7204K/8928K, paused 4ms+8ms, total 90ms
07-10 13:40:50.298 D/dalvikvm( 610): GC_CONCURRENT freed 384K, 65% free 2713K/7720K, paused 3ms+3ms, total 24ms
07-10 13:40:50.468 D/dalvikvm( 443): GC_EXPLICIT freed 120K, 20% free 7205K/8928K, paused 4ms+9ms, total 91ms
07-10 13:40:51.049 D/dalvikvm( 610): GC_CONCURRENT freed 390K, 65% free 2710K/7720K, paused 19ms+5ms, total 107ms
07-10 13:40:51.309 D/dalvikvm( 443): GC_EXPLICIT freed 129K, 20% free 7210K/8928K, paused 15ms+7ms, total 105ms
07-10 13:40:51.649 D/dalvikvm( 610): GC_CONCURRENT freed 379K, 65% free 2715K/7720K, paused 2ms+4ms, total 23ms
07-10 13:40:51.829 D/dalvikvm( 443): GC_EXPLICIT freed 121K, 20% free 7208K/8928K, paused 4ms+8ms, total 104ms
07-10 13:40:52.080 W/InputMethodManagerService( 443): Window already focused, ignoring focus gain of: com.android.internal.view.IInputMethodClient$Stub$Proxy@420dc5f0 attribute=null, token = android.os.BinderProxy@421a5318
07-10 13:40:52.460 D/dalvikvm( 610): GC_CONCURRENT freed 381K, 65% free 2718K/7720K, paused 2ms+3ms, total 24ms
07-10 13:40:52.620 D/dalvikvm( 443): GC_EXPLICIT freed 135K, 20% free 7209K/8928K, paused 6ms+10ms, total 93ms
07-10 13:40:53.001 D/dalvikvm( 610): GC_CONCURRENT freed 384K, 65% free 2719K/7720K, paused 3ms+3ms, total 24ms
07-10 13:40:53.171 D/dalvikvm( 443): GC_EXPLICIT freed 125K, 20% free 7204K/8928K, paused 6ms+8ms, total 90ms
07-10 13:40:53.541 D/dalvikvm( 610): GC_CONCURRENT freed 383K, 65% free 2720K/7720K, paused 2ms+3ms, total 24ms
07-10 13:40:53.711 D/dalvikvm( 443): GC_EXPLICIT freed 120K, 20% free 7203K/8928K, paused 4ms+8ms, total 90ms
07-10 13:40:54.092 D/dalvikvm( 610): GC_CONCURRENT freed 382K, 65% free 2722K/7720K, paused 3ms+4ms, total 24ms
07-10 13:40:54.252 D/dalvikvm( 443): GC_EXPLICIT freed 119K, 20% free 7204K/8928K, paused 5ms+8ms, total 91ms
07-10 13:40:54.642 D/dalvikvm( 610): GC_CONCURRENT freed 382K, 65% free 2725K/7720K, paused 2ms+3ms, total 24ms
07-10 13:40:54.722 I/wpa_supplicant( 665): wlan0: CTRL-EVENT-SSID-REENABLED id=0 ssid="csokifucsi"
07-10 13:40:54.722 I/wpa_supplicant( 665): wlan0: Trying to associate with SSID 'csokifucsi'
07-10 13:40:54.802 D/dalvikvm( 443): GC_EXPLICIT freed 136K, 20% free 7209K/8928K, paused 5ms+9ms, total 115ms
07-10 13:40:54.952 I/wpa_supplicant( 665): wlan0: Associated with f8:d1:11:33:f0:0c
07-10 13:40:54.963 D/Tethering( 443): sendTetherStateChangedBroadcast 1, 0, 0
07-10 13:40:55.173 I/wpa_supplicant( 665): wlan0: WPA: Key negotiation completed with f8:d1:11:33:f0:0c [PTK=CCMP GTK=TKIP]
07-10 13:40:55.173 I/wpa_supplicant( 665): wlan0: CTRL-EVENT-CONNECTED - Connection to f8:d1:11:33:f0:0c completed (auth) [id=0 id_str=]
07-10 13:40:55.213 E/wpa_supplicant( 665): wpa_driver_nl80211_driver_cmd: failed to issue private commands
07-10 13:40:55.313 D/dalvikvm( 610): GC_CONCURRENT freed 384K, 65% free 2725K/7720K, paused 3ms+3ms, total 25ms
07-10 13:40:55.453 D/dalvikvm( 443): GC_EXPLICIT freed 196K, 20% free 7223K/8928K, paused 4ms+18ms, total 108ms
07-10 13:40:55.953 D/dalvikvm( 610): GC_CONCURRENT freed 382K, 65% free 2729K/7720K, paused 2ms+4ms, total 26ms
07-10 13:40:56.054 D/dalvikvm( 443): GC_EXPLICIT freed 125K, 20% free 7218K/8928K, paused 4ms+8ms, total 91ms
07-10 13:40:56.554 D/dalvikvm( 443): GC_EXPLICIT freed 120K, 20% free 7217K/8928K, paused 4ms+9ms, total 90ms
07-10 13:40:56.604 D/dalvikvm( 610): GC_CONCURRENT freed 383K, 65% free 2729K/7720K, paused 3ms+10ms, total 29ms
07-10 13:40:57.095 D/dalvikvm( 443): GC_EXPLICIT freed 119K, 20% free 7218K/8928K, paused 4ms+8ms, total 90ms
07-10 13:40:57.175 D/dalvikvm( 610): GC_CONCURRENT freed 391K, 65% free 2723K/7720K, paused 3ms+3ms, total 24ms
07-10 13:40:57.585 D/dalvikvm( 443): GC_EXPLICIT freed 120K, 20% free 7217K/8928K, paused 4ms+8ms, total 90ms
07-10 13:40:57.715 D/dalvikvm( 610): GC_CONCURRENT freed 381K, 65% free 2726K/7720K, paused 3ms+3ms, total 24ms
07-10 13:40:58.416 D/dalvikvm( 443): GC_EXPLICIT freed 130K, 20% free 7223K/8928K, paused 5ms+7ms, total 90ms
07-10 13:40:58.596 D/dalvikvm( 610): GC_CONCURRENT freed 383K, 65% free 2727K/7720K, paused 2ms+4ms, total 23ms
07-10 13:40:58.906 D/dalvikvm( 443): GC_EXPLICIT freed 122K, 20% free 7221K/8928K, paused 5ms+8ms, total 91ms
07-10 13:40:59.247 D/dalvikvm( 610): GC_CONCURRENT freed 384K, 65% free 2729K/7720K, paused 10ms+5ms, total 52ms
07-10 13:40:59.657 D/dalvikvm( 443): GC_EXPLICIT freed 120K, 20% free 7221K/8928K, paused 9ms+7ms, total 131ms
07-10 13:40:59.687 W/InputMethodManagerService( 443): Window already focused, ignoring focus gain of: com.android.internal.view.IInputMethodClient$Stub$Proxy@421fc520 attribute=null, token = android.os.BinderProxy@421a5318
07-10 13:41:00.208 D/dalvikvm( 610): GC_CONCURRENT freed 383K, 65% free 2730K/7720K, paused 3ms+3ms, total 25ms
07-10 13:41:01.169 I/wpa_supplicant( 665): wlan0: CTRL-EVENT-DISCONNECTED bssid=f8:d1:11:33:f0:0c reason=3
07-10 13:41:01.169 E/wpa_supplicant( 665): wpa_driver_nl80211_driver_cmd: failed to issue private commands
07-10 13:41:01.179 D/Tethering( 443): InitialState.processMessage what=4
07-10 13:41:01.189 D/Tethering( 443): sendTetherStateChangedBroadcast 0, 0, 0
07-10 13:41:01.199 D/CommandListener( 102): Clearing all IP addresses on wlan0
07-10 13:41:01.249 D/ConnectivityService( 443): ConnectivityChange for WIFI: DISCONNECTED/DISCONNECTED
07-10 13:41:01.269 D/ConnectivityService( 443): Attempting to switch to mobile
07-10 13:41:01.289 D/ConnectivityService( 443): ConnectivityChange for WIFI: DISCONNECTED/DISCONNECTED
07-10 13:41:01.309 D/ConnectivityService( 443): Attempting to switch to mobile
07-10 13:41:01.919 D/dalvikvm( 781): GC_EXPLICIT freed 3380K, 51% free 3839K/7720K, paused 16ms+20ms, total 118ms
07-10 13:41:01.939 I/wpa_supplicant( 665): wlan0: Trying to associate with SSID 'csokifucsi'
07-10 13:41:02.140 D/dalvikvm( 443): GC_FOR_ALLOC freed 623K, 19% free 7242K/8928K, paused 107ms, total 109ms
07-10 13:41:02.490 I/dalvikvm( 443): Total arena pages for JIT: 11
07-10 13:41:02.490 I/dalvikvm( 443): Total arena pages for JIT: 12
07-10 13:41:02.640 D/dalvikvm( 443): GC_FOR_ALLOC freed 273K, 20% free 7214K/8928K, paused 108ms, total 109ms
07-10 13:41:03.381 I/ActivityManager( 443): No longer want com.android.email (pid 1022): empty #17
07-10 13:41:03.731 D/dalvikvm( 781): GC_EXPLICIT freed 704K, 59% free 3171K/7720K, paused 83ms+10ms, total 258ms
07-10 13:41:04.342 D/Tethering( 443): MasterInitialState.processMessage what=3
07-10 13:41:04.382 D/Tethering( 443): MasterInitialState.processMessage what=3
07-10 13:41:04.612 I/ActivityManager( 443): Start proc com.google.android.apps.uploader for broadcast com.google.android.apps.uploader/com.google.android.picasasync.ConnectivityReceiver: pid=1681 uid=10050 gids={50050, 3003, 1015, 1028}
07-10 13:41:04.782 E/Trace ( 1681): error opening trace file: No such file or directory (2)
07-10 13:41:04.842 D/TelephonyProvider( 668): Preferred APN: -1
07-10 13:41:04.942 I/wpa_supplicant( 665): wlan0: CTRL-EVENT-ASSOC-REJECT status_code=1
07-10 13:41:05.072 D/dalvikvm( 855): GC_CONCURRENT freed 443K, 62% free 2980K/7720K, paused 24ms+6ms, total 78ms
07-10 13:41:05.072 D/dalvikvm( 855): WAIT_FOR_CONCURRENT_GC blocked 37ms
07-10 13:41:05.152 D/GCM ( 855): GcmService start Intent { act=android.net.conn.CONNECTIVITY_CHANGE flg=0x8000010 cmp=com.google.android.gms/.gcm.GcmService (has extras) } android.net.conn.CONNECTIVITY_CHANGE
07-10 13:41:05.363 D/TelephonyProvider( 668): Preferred APN: -1
07-10 13:41:05.393 D/dalvikvm( 855): GC_CONCURRENT freed 516K, 62% free 2975K/7720K, paused 18ms+3ms, total 97ms
07-10 13:41:05.393 D/dalvikvm( 855): WAIT_FOR_CONCURRENT_GC blocked 49ms
07-10 13:41:05.393 D/dalvikvm( 855): WAIT_FOR_CONCURRENT_GC blocked 80ms
07-10 13:41:05.403 D/dalvikvm( 855): WAIT_FOR_CONCURRENT_GC blocked 52ms
07-10 13:41:05.423 I/ActivityManager( 443): No longer want com.google.android.partnersetup (pid 1202): empty #17
07-10 13:41:05.493 D/GCM ( 855): GcmService start Intent { act=android.net.conn.CONNECTIVITY_CHANGE flg=0x8000010 cmp=com.google.android.gms/.gcm.GcmService (has extras) } android.net.conn.CONNECTIVITY_CHANGE
07-10 13:41:05.573 D/PicasaUploader( 1681): wifiOnlyPhoto changed to true
07-10 13:41:05.573 D/PicasaUploader( 1681): wifiOnlyVideo changed to true
07-10 13:41:05.573 D/PicasaUploader( 1681): syncOnBattery changed to true
07-10 13:41:05.573 D/PicasaUploaderSync( 1681): sync account database
07-10 13:41:05.613 D/PicasaUploaderSync( 1681): accounts in DB=1
07-10 13:41:05.613 D/PicasaUploaderSyncManager( 1681): background data: true
07-10 13:41:05.633 D/PicasaUploaderSyncManager( 1681): battery info: false
07-10 13:41:05.693 I/PowerManagerService( 443): Going to sleep by user request...
07-10 13:41:06.324 D/SurfaceFlinger( 105): Screen released, type=0 flinger=0x41421318
07-10 13:41:06.364 I/keystore( 110): uid: 1000 action: z -> 7 state: 3 -> 3 retry: 4
07-10 13:41:06.404 I/keystore( 110): uid: 1000 action: z -> 7 state: 3 -> 3 retry: 4
07-10 13:41:06.434 I/keystore( 110): uid: 1000 action: z -> 7 state: 3 -> 3 retry: 4
07-10 13:41:06.434 V/KeyguardHostView( 443): Keyguard widgets disabled by DPM
07-10 13:41:06.434 V/KeyguardHostView( 443): Keyguard secure camera disabled by DPM
07-10 13:41:06.724 D/dalvikvm( 443): GC_FOR_ALLOC freed 880K, 19% free 7319K/8928K, paused 174ms, total 177ms
07-10 13:41:06.814 D/AccelerometerListener( 668): enable(false)
07-10 13:41:06.854 I/keystore( 110): uid: 1000 action: z -> 7 state: 3 -> 3 retry: 4
07-10 13:41:06.904 D/YouTube MDX( 1422): Recieved intent android.intent.action.SCREEN_OFF
07-10 13:41:06.994 I/keystore( 110): uid: 1000 action: z -> 7 state: 3 -> 3 retry: 4
07-10 13:41:07.034 I/keystore( 110): uid: 1000 action: z -> 7 state: 3 -> 3 retry: 4
07-10 13:41:07.124 I/keystore( 110): uid: 1000 action: z -> 7 state: 3 -> 3 retry: 4
07-10 13:41:07.325 I/keystore( 110): uid: 1000 action: z -> 7 state: 3 -> 3 retry: 4
07-10 13:41:07.345 I/keystore( 110): uid: 1000 action: z -> 7 state: 3 -> 3 retry: 4
07-10 13:41:07.375 I/keystore( 110): uid: 1000 action: z -> 7 state: 3 -> 3 retry: 4
07-10 13:41:07.525 D/dalvikvm( 443): GC_CONCURRENT freed 1095K, 17% free 7464K/8928K, paused 35ms+29ms, total 404ms
07-10 13:41:07.525 D/dalvikvm( 443): WAIT_FOR_CONCURRENT_GC blocked 151ms
07-10 13:41:07.555 I/keystore( 110): uid: 1000 action: z -> 7 state: 3 -> 3 retry: 4
07-10 13:41:07.585 I/keystore( 110): uid: 1000 action: z -> 7 state: 3 -> 3 retry: 4
07-10 13:41:07.595 D/PhoneStatusBar( 548): disable: < expand icons alerts ticker system_info back home RECENT* clock search
> 07-10 13:41:07.625 I/Choreographer( 443): Skipped 30 frames! The application may be doing too much work on its main thread.
07-10 13:41:07.655 V/TAG ( 443): bug 7643792: fitSystemWindows([0,38][0,0])
07-10 13:41:17.000 I/wpa_supplicant( 665): wlan0: Authentication with 00:00:00:00:00:00 timed out.
07-10 13:41:17.000 I/wpa_supplicant( 665): rfkill: WLAN unblocked
07-10 13:41:17.020 D/PhoneStatusBar( 548): disable: < expand icons alerts ticker system_info BACK* HOME* RECENT CLOCK* search
> 07-10 13:41:36.001 I/wpa_supplicant( 665): rfkill: WLAN unblocked
07-10 13:41:36.672 W/wpa_supplicant( 665): wlan0: Failed to initiate sched scan
07-10 13:41:36.722 D/dalvikvm( 838): GC_CONCURRENT freed 399K, 57% free 3337K/7720K, paused 3ms+4ms, total 32ms
07-10 13:41:39.000 I/wpa_supplicant( 665): rfkill: WLAN unblocked
07-10 13:42:32.001 I/wpa_supplicant( 665): rfkill: WLAN unblocked
07-10 13:44:33.000 W/wpa_supplicant( 665): wlan0: Failed to initiate sched scan
07-10 13:44:33.000 I/wpa_supplicant( 665): rfkill: WLAN unblocked
07-10 13:45:14.000 I/wpa_supplicant( 665): rfkill: WLAN unblocked
07-10 13:46:01.001 W/wpa_supplicant( 665): wlan0: Failed to initiate sched scan
07-10 13:46:01.001 I/wpa_supplicant( 665): rfkill: WLAN unblocked
07-10 13:51:01.001 I/wpa_supplicant( 665): rfkill: WLAN unblocked
07-10 13:51:01.131 W/ThrottleService( 443): unable to find stats for iface rmnet0
07-10 13:56:01.001 I/wpa_supplicant( 665): rfkill: WLAN unblocked
07-10 13:56:01.261 W/System.err( 838): java.net.UnknownHostException: Unable to resolve host "www.google.com": No address associated with hostname
07-10 13:56:01.261 W/SocketClient( 102): write error (Broken pipe)
07-10 13:56:01.271 W/System.err( 838): at java.net.InetAddress.lookupHostByName(InetAddress.java:424)
07-10 13:56:01.271 W/System.err( 838): at java.net.InetAddress.getAllByNameImpl(InetAddress.java:236)
07-10 13:56:01.271 W/System.err( 838): at java.net.InetAddress.getAllByName(InetAddress.java:214)
07-10 13:56:01.271 W/System.err( 838): at org.apache.http.impl.conn.DefaultClientConnectionOperator.openConnection(DefaultClientConnectionOperator.java:137)
07-10 13:56:01.271 W/System.err( 838): at org.apache.http.impl.conn.AbstractPoolEntry.open(AbstractPoolEntry.java:164)
07-10 13:56:01.271 W/System.err( 838): at org.apache.http.impl.conn.AbstractPooledConnAdapter.open(AbstractPooledConnAdapter.java:119)
07-10 13:56:01.271 W/System.err( 838): at org.apache.http.impl.client.DefaultRequestDirector.execute(DefaultRequestDirector.java:360)
07-10 13:56:01.271 W/System.err( 838): at org.apache.http.impl.client.AbstractHttpClient.execute(AbstractHttpClient.java:555)
07-10 13:56:01.271 W/System.err( 838): at org.apache.http.impl.client.AbstractHttpClient.execute(AbstractHttpClient.java:487)
07-10 13:56:01.271 W/System.err( 838): at android.net.http.AndroidHttpClient.execute(AndroidHttpClient.java:257)
07-10 13:56:01.271 W/System.err( 838): at kw.a(SourceFile:202)
07-10 13:56:01.271 W/System.err( 838): at kw.execute(SourceFile:244)
07-10 13:56:01.281 W/System.err( 838): at kw.execute(SourceFile:312)
07-10 13:56:01.281 W/System.err( 838): at dtl.g(SourceFile:126)
07-10 13:56:01.281 W/System.err( 838): at dtl.c(SourceFile:172)
07-10 13:56:01.281 W/System.err( 838): at dvx.run(SourceFile:418)
07-10 13:56:01.281 W/System.err( 838): at dvw.b(SourceFile:224)
07-10 13:56:01.281 W/System.err( 838): at dvw.run(SourceFile:198)
07-10 13:56:01.281 W/System.err( 838): at dtt.run(SourceFile:96)
07-10 13:56:01.281 W/System.err( 838): Caused by: libcore.io.GaiException: getaddrinfo failed: EAI_NODATA (No address associated with hostname)
07-10 13:56:01.291 W/System.err( 838): at libcore.io.Posix.getaddrinfo(Native Method)
07-10 13:56:01.291 W/System.err( 838): at libcore.io.ForwardingOs.getaddrinfo(ForwardingOs.java:59)
07-10 13:56:01.291 W/System.err( 838): at java.net.InetAddress.lookupHostByName(InetAddress.java:405)
07-10 13:56:01.291 W/System.err( 838): ... 18 more
07-10 13:56:01.291 W/System.err( 838): Caused by: libcore.io.ErrnoException: getaddrinfo failed: ENETUNREACH (Network is unreachable)
07-10 13:56:01.291 W/System.err( 838): ... 21 more
07-10 13:56:15.001 I/wpa_supplicant( 665): rfkill: WLAN unblocked
07-10 13:56:16.302 I/wpa_supplicant( 665): rfkill: WLAN unblocked
07-10 13:59:09.000 I/wpa_supplicant( 665): rfkill: WLAN unblocked
07-10 13:59:09.010 I/PowerManagerService( 443): Waking up from sleep...
07-10 13:59:09.020 I/keystore( 110): uid: 1000 action: z -> 7 state: 3 -> 3 retry: 4
07-10 13:59:09.030 I/keystore( 110): uid: 1000 action: z -> 7 state: 3 -> 3 retry: 4
07-10 13:59:09.050 I/keystore( 110): uid: 1000 action: z -> 7 state: 3 -> 3 retry: 4
07-10 13:59:09.080 I/WindowManager( 443): Lock screen displayed!
07-10 13:59:09.130 D/AccelerometerListener( 668): enable(false)
07-10 13:59:09.271 I/keystore( 110): uid: 1000 action: z -> 7 state: 3 -> 3 retry: 4
07-10 13:59:09.311 D/YouTube MDX( 1422): Recieved intent android.intent.action.SCREEN_ON
07-10 13:59:09.371 D/dalvikvm( 443): GC_CONCURRENT freed 1288K, 18% free 7449K/8980K, paused 22ms+9ms, total 121ms
07-10 13:59:09.371 D/dalvikvm( 443): WAIT_FOR_CONCURRENT_GC blocked 64ms
07-10 13:59:09.381 D/dalvikvm( 443): WAIT_FOR_CONCURRENT_GC blocked 65ms
07-10 13:59:09.381 D/dalvikvm( 443): WAIT_FOR_CONCURRENT_GC blocked 65ms
07-10 13:59:09.381 D/dalvikvm( 443): WAIT_FOR_CONCURRENT_GC blocked 74ms
07-10 13:59:09.421 D/PowerManagerService-JNI( 443): Excessive delay in autosuspend_disable() while turning screen on: 399ms
07-10 13:59:09.421 D/SurfaceFlinger( 105): Screen acquired, type=0 flinger=0x41421318
07-10 13:59:09.671 I/wpa_supplicant( 665): wlan0: Trying to associate with SSID 'csokifucsi'
07-10 13:59:09.851 I/wpa_supplicant( 665): wlan0: Associated with f8:d1:11:33:f0:0c
07-10 13:59:09.871 I/wpa_supplicant( 665): wlan0: WPA: Key negotiation completed with f8:d1:11:33:f0:0c [PTK=CCMP GTK=TKIP]
07-10 13:59:09.871 I/wpa_supplicant( 665): wlan0: CTRL-EVENT-CONNECTED - Connection to f8:d1:11:33:f0:0c completed (reauth) [id=0 id_str=]
07-10 13:59:09.881 D/Tethering( 443): sendTetherStateChangedBroadcast 1, 0, 0
07-10 13:59:10.061 I/keystore( 110): uid: 1000 action: z -> 7 state: 3 -> 3 retry: 4
07-10 13:59:10.131 D/PhoneStatusBar( 548): disable: < expand icons alerts ticker system_info BACK HOME recent* CLOCK search
> 07-10 13:59:10.181 D/PhoneStatusBar( 548): disable: < expand icons alerts ticker system_info back* home* recent clock* search
> 07-10 13:59:10.291 W/InputMethodManagerService( 443): Window already focused, ignoring focus gain of: com.android.internal.view.IInputMethodClient$Stub$Proxy@423f8080 attribute=android.view.inputmethod.EditorInfo@4230e7d0, token = android.os.BinderProxy@421cea68
07-10 13:59:10.661 V/TAG ( 443): bug 7643792: fitSystemWindows([0,38][0,0])
07-10 13:59:14.175 W/InputMethodManagerService( 443): Window already focused, ignoring focus gain of: com.android.internal.view.IInputMethodClient$Stub$Proxy@42093280 attribute=null, token = android.os.BinderProxy@421cea68
07-10 13:59:18.960 I/ActivityManager( 443): START u0 {act=android.intent.action.MAIN cat=[android.intent.category.LAUNCHER] flg=0x10200000 cmp=com.android.settings/.Settings} from pid 690
07-10 13:59:19.100 D/dalvikvm( 443): GC_FOR_ALLOC freed 844K, 20% free 7245K/8980K, paused 98ms, total 99ms
07-10 13:59:19.110 I/dalvikvm-heap( 443): Grow heap (frag case) to 8.011MB for 214528-byte allocation
07-10 13:59:19.220 E/DhcpStateMachine( 443): DHCP failed on wlan0: Timed out waiting for DHCP to finish
07-10 13:59:19.430 E/wpa_supplicant( 665): wpa_driver_nl80211_driver_cmd: failed to issue private commands
07-10 13:59:19.430 E/WifiStateMachine( 443): IP configuration failed
07-10 13:59:19.440 I/wpa_supplicant( 665): wlan0: CTRL-EVENT-DISCONNECTED bssid=f8:d1:11:33:f0:0c reason=3 locally_generated=1
07-10 13:59:19.460 D/Tethering( 443): InitialState.processMessage what=4
07-10 13:59:19.470 E/wpa_supplicant( 665): wpa_driver_nl80211_driver_cmd: failed to issue private commands
07-10 13:59:19.500 D/Tethering( 443): sendTetherStateChangedBroadcast 0, 0, 0
07-10 13:59:19.510 D/CommandListener( 102): Clearing all IP addresses on wlan0
07-10 13:59:19.540 D/ConnectivityService( 443): ConnectivityChange for WIFI: DISCONNECTED/DISCONNECTED
07-10 13:59:19.570 D/ConnectivityService( 443): Attempting to switch to mobile
07-10 13:59:19.590 D/ConnectivityService( 443): ConnectivityChange for WIFI: DISCONNECTED/DISCONNECTED
07-10 13:59:19.610 D/ConnectivityService( 443): Attempting to switch to mobile
07-10 13:59:19.860 D/WifiService( 443): setWifiEnabled: true pid=781, uid=1000
07-10 13:59:20.041 I/ActivityManager( 443): Displayed com.android.settings/.Settings: +863ms
07-10 13:59:20.131 I/wpa_supplicant( 665): wlan0: Trying to associate with SSID 'csokifucsi'
07-10 13:59:20.311 I/wpa_supplicant( 665): wlan0: Associated with f8:d1:11:33:f0:0c
07-10 13:59:20.331 I/wpa_supplicant( 665): wlan0: WPA: Key negotiation completed with f8:d1:11:33:f0:0c [PTK=CCMP GTK=TKIP]
07-10 13:59:20.331 I/wpa_supplicant( 665): wlan0: CTRL-EVENT-CONNECTED - Connection to f8:d1:11:33:f0:0c completed (reauth) [id=0 id_str=]
07-10 13:59:20.351 D/Tethering( 443): sendTetherStateChangedBroadcast 1, 0, 0
07-10 13:59:20.371 E/wpa_supplicant( 665): wpa_driver_nl80211_driver_cmd: failed to issue private commands
07-10 13:59:22.623 D/Tethering( 443): MasterInitialState.processMessage what=3
07-10 13:59:22.653 D/Tethering( 443): MasterInitialState.processMessage what=3
07-10 13:59:22.783 D/dalvikvm( 855): GC_CONCURRENT freed 429K, 63% free 2931K/7720K, paused 3ms+7ms, total 48ms
07-10 13:59:22.783 D/TelephonyProvider( 668): Preferred APN: -1
07-10 13:59:22.863 I/ActivityManager( 443): START u0 {act=android.intent.action.MAIN cmp=com.android.settings/.SubSettings (has extras)} from pid 781
07-10 13:59:22.923 D/dalvikvm( 855): GC_CONCURRENT freed 441K, 62% free 2997K/7720K, paused 17ms+5ms, total 83ms
07-10 13:59:22.923 D/dalvikvm( 855): WAIT_FOR_CONCURRENT_GC blocked 66ms
07-10 13:59:23.033 D/dalvikvm( 443): GC_FOR_ALLOC freed 839K, 23% free 7096K/9192K, paused 102ms, total 104ms
07-10 13:59:23.144 D/GCM ( 855): GcmService start Intent { act=android.net.conn.CONNECTIVITY_CHANGE flg=0x8000010 cmp=com.google.android.gms/.gcm.GcmService (has extras) } android.net.conn.CONNECTIVITY_CHANGE
07-10 13:59:23.344 D/dalvikvm( 781): GC_CONCURRENT freed 282K, 58% free 3308K/7720K, paused 21ms+19ms, total 103ms
07-10 13:59:23.594 D/TelephonyProvider( 668): Preferred APN: -1
07-10 13:59:23.874 D/dalvikvm( 855): GC_CONCURRENT freed 502K, 62% free 3007K/7720K, paused 19ms+4ms, total 94ms
07-10 13:59:23.874 D/dalvikvm( 855): WAIT_FOR_CONCURRENT_GC blocked 47ms
07-10 13:59:24.034 I/ActivityManager( 443): Displayed com.android.settings/.SubSettings: +932ms
07-10 13:59:24.085 D/GCM ( 855): GcmService start Intent { act=android.net.conn.CONNECTIVITY_CHANGE flg=0x8000010 cmp=com.google.android.gms/.gcm.GcmService (has extras) } android.net.conn.CONNECTIVITY_CHANGE
07-10 13:59:24.555 D/dalvikvm( 781): GC_CONCURRENT freed 378K, 57% free 3329K/7720K, paused 19ms+21ms, total 135ms
07-10 13:59:25.996 E/wpa_supplicant( 665): wpa_driver_nl80211_driver_cmd: failed to issue private commands
07-10 13:59:25.996 D/DhcpInfoInternal( 443): makeLinkProperties with empty dns2!
07-10 13:59:25.996 D/DhcpInfoInternal( 443): makeLinkProperties with empty dns2!
07-10 13:59:26.026 E/wpa_supplicant( 665): wpa_driver_nl80211_driver_cmd: failed to issue private commands
07-10 13:59:26.026 E/wpa_supplicant( 665): wpa_driver_nl80211_driver_cmd: failed to issue private commands
07-10 13:59:26.046 D/ConnectivityService( 443): Captive portal check NetworkInfo: type: WIFI[], state: CONNECTING/CAPTIVE_PORTAL_CHECK, reason: (unspecified), extra: "csokifucsi", roaming: false, failover: false, isAvailable: true
07-10 13:59:26.046 D/ConnectivityService( 443): Captive portal check NetworkInfo: type: WIFI[], state: CONNECTING/CAPTIVE_PORTAL_CHECK, reason: (unspecified), extra: "csokifucsi", roaming: false, failover: false, isAvailable: true
07-10 13:59:26.076 D/ConnectivityService( 443): ConnectivityChange for WIFI: CONNECTED/CONNECTED
07-10 13:59:26.106 D/ConnectivityService( 443): ConnectivityChange for WIFI: CONNECTED/CONNECTED
07-10 13:59:26.187 D/WifiService( 443): setWifiEnabled: true pid=781, uid=1000
07-10 13:59:26.717 D/dalvikvm( 443): GC_CONCURRENT freed 878K, 21% free 7287K/9192K, paused 36ms+13ms, total 264ms
07-10 13:59:26.717 D/dalvikvm( 443): WAIT_FOR_CONCURRENT_GC blocked 164ms
07-10 13:59:27.198 D/dalvikvm( 781): GC_EXPLICIT freed 164K, 58% free 3260K/7720K, paused 12ms+38ms, total 228ms
07-10 13:59:29.149 D/Tethering( 443): MasterInitialState.processMessage what=3
07-10 13:59:29.210 I/GTalkService/c( 855): [AndroidEndpoint@1108453048] connect: acct=1000000, state=CONNECTING
07-10 13:59:29.220 I/GTalkService/c( 855): [GTalkConnection@1108367552] connect: acct=1, state=CONNECTING
07-10 13:59:29.250 D/Tethering( 443): MasterInitialState.processMessage what=3
07-10 13:59:29.270 D/TelephonyProvider( 668): Preferred APN: -1
07-10 13:59:29.350 D/GpsLocationProvider( 443): NTP server returned: 1373457568798 (Wed Jul 10 13:59:28 CEST 2013) reference: 1250685 certainty: 1 system time offset: -565
07-10 13:59:29.350 D/libloc ( 443): loc_eng_inject_time, uncertainty = 1
07-10 13:59:29.350 D/libloc ( 443): loc_eng_ioctl called: client = 0, ioctl_type = RPC_LOC_IOCTL_INJECT_UTC_TIME
07-10 13:59:29.350 D/RPC ( 443): 3000008c:00050000 sending call (XID 5).
07-10 13:59:29.360 D/libloc ( 443): loc_eng_ioctl result: client = 0, ioctl_type = RPC_LOC_IOCTL_INJECT_UTC_TIME, RPC_LOC_API_SUCCESS
07-10 13:59:29.360 D/RPC ( 443): 3000008c:00050000 received REPLY (XID 5), grabbing mutex to wake up client.
07-10 13:59:29.360 D/RPC ( 443): 3000008c:00050000 call success.
07-10 13:59:29.360 D/RPC ( 443): 3000008c:00050000 received CALL.
07-10 13:59:29.360 D/RPC ( 443): 3000008c:00050000 dispatching RPC call (XID 320, xdr 0x517685d8) for callback client 3100008c:00050001.
07-10 13:59:29.360 D/RPC ( 443): 3100008c:327681 sending RPC reply (XID 320)
07-10 13:59:29.390 W/SystemClock( 443): time going backwards: prev 1253667629850(ioctl) vs now 1253662350309(ioctl), tid=533
07-10 13:59:29.430 D/TelephonyProvider( 668): Preferred APN: -1
07-10 13:59:29.450 I/CheckinService( 855): Preparing to send checkin request
07-10 13:59:29.450 I/EventLogService( 855): Accumulating logs since 1373456356676
07-10 13:59:29.470 D/PicasaUploaderSyncManager( 1681): active network: NetworkInfo: type: WIFI[], state: CONNECTED/CONNECTED, reason: (unspecified), extra: "csokifucsi", roaming: false, failover: false, isAvailable: true
07-10 13:59:29.530 D/libloc ( 443): loc_eng_deferred_action_thread signalled
07-10 13:59:29.530 D/libloc ( 443): qct_loc_eng_inject_xtra_data, xtra size = 39767, data ptr = 0x5200f008
07-10 13:59:29.530 D/libloc ( 443): qct_loc_eng_inject_xtra_data, part 1/39, len = 1024, total = 0
07-10 13:59:29.530 D/RPC ( 443): 3000008c:00050000 sending call (XID 6).
07-10 13:59:29.540 D/RPC ( 443): 3000008c:00050000 received REPLY (XID 6), grabbing mutex to wake up client.
07-10 13:59:29.550 D/libloc ( 443): loc_ioctl XTRA injected length: 1024
07-10 13:59:29.550 D/libloc ( 443): qct_loc_eng_inject_xtra_data, part 2/39, len = 1024, total = 1024
07-10 13:59:29.550 D/RPC ( 443): 3000008c:00050000 call success.
07-10 13:59:29.550 D/RPC ( 443): 3000008c:00050000 sending call (XID 7).
07-10 13:59:29.610 D/libloc ( 443): loc_ioctl XTRA injected length: 2048
07-10 13:59:29.610 D/libloc ( 443): qct_loc_eng_inject_xtra_data, part 3/39, len = 1024, total = 2048
07-10 13:59:29.610 D/libloc ( 443): loc_ioctl XTRA injected length: 3072
07-10 13:59:29.610 D/libloc ( 443): qct_loc_eng_inject_xtra_data, part 4/39, len = 1024, total = 3072
07-10 13:59:29.610 D/RPC ( 443): 3000008c:00050000 received REPLY (XID 7), grabbing mutex to wake up client.
07-10 13:59:29.610 D/RPC ( 443): 3000008c:00050000 call success.
07-10 13:59:29.610 D/RPC ( 443): 3000008c:00050000 sending call (XID 8).
07-10 13:59:29.610 D/RPC ( 443): 3000008c:00050000 received REPLY (XID 8), grabbing mutex to wake up client.
07-10 13:59:29.610 D/RPC ( 443): 3000008c:00050000 call success.
07-10 13:59:29.610 D/RPC ( 443): 3000008c:00050000 sending call (XID 9).
07-10 13:59:29.630 D/libloc ( 443): loc_ioctl XTRA injected length: 4096
07-10 13:59:29.630 D/libloc ( 443): qct_loc_eng_inject_xtra_data, part 5/39, len = 1024, total = 4096
07-10 13:59:29.630 D/RPC ( 443): 3000008c:00050000 received REPLY (XID 9), grabbing mutex to wake up client.
07-10 13:59:29.630 D/RPC ( 443): 3000008c:00050000 call success.
07-10 13:59:29.630 D/RPC ( 443): 3000008c:00050000 sending call (XID 10).
07-10 13:59:29.630 D/RPC ( 443): 3000008c:00050000 received REPLY (XID 10), grabbing mutex to wake up client.
07-10 13:59:29.700 D/dalvikvm( 855): GC_CONCURRENT freed 509K, 62% free 3008K/7720K, paused 6ms+25ms, total 74ms
07-10 13:59:29.700 D/dalvikvm( 855): WAIT_FOR_CONCURRENT_GC blocked 58ms
07-10 13:59:29.730 D/libloc ( 443): loc_ioctl XTRA injected length: 5120
07-10 13:59:29.730 D/libloc ( 443): qct_loc_eng_inject_xtra_data, part 6/39, len = 1024, total = 5120
07-10 13:59:29.730 D/RPC ( 443): 3000008c:00050000 call success.
07-10 13:59:29.730 D/RPC ( 443): 3000008c:00050000 sending call (XID 11).
07-10 13:59:29.730 D/RPC ( 443): 3000008c:00050000 received REPLY (XID 11), grabbing mutex to wake up client.
07-10 13:59:29.740 D/libloc ( 443): loc_ioctl XTRA injected length: 6144
07-10 13:59:29.740 D/libloc ( 443): qct_loc_eng_inject_xtra_data, part 7/39, len = 1024, total = 6144
07-10 13:59:29.740 D/libloc ( 443): loc_ioctl XTRA injected length: 7168
07-10 13:59:29.740 D/libloc ( 443): qct_loc_eng_inject_xtra_data, part 8/39, len = 1024, total = 7168
07-10 13:59:29.740 D/libloc ( 443): loc_ioctl XTRA injected length: 8192
07-10 13:59:29.740 D/libloc ( 443): qct_loc_eng_inject_xtra_data, part 9/39, len = 1024, total = 8192
07-10 13:59:29.740 D/libloc ( 443): loc_ioctl XTRA injected length: 9216
07-10 13:59:29.740 D/libloc ( 443): qct_loc_eng_inject_xtra_data, part 10/39, len = 1024, total = 9216
07-10 13:59:29.740 D/RPC ( 443): 3000008c:00050000 call success.
07-10 13:59:29.740 D/RPC ( 443): 3000008c:00050000 sending call (XID 12).
07-10 13:59:29.740 D/RPC ( 443): 3000008c:00050000 received REPLY (XID 12), grabbing mutex to wake up client.
07-10 13:59:29.740 D/RPC ( 443): 3000008c:00050000 call success.
07-10 13:59:29.740 D/RPC ( 443): 3000008c:00050000 sending call (XID 13).
07-10 13:59:29.740 D/RPC ( 443): 3000008c:00050000 received REPLY (XID 13), grabbing mutex to wake up client.
07-10 13:59:29.740 D/RPC ( 443): 3000008c:00050000 call success.
07-10 13:59:29.740 D/RPC ( 443): 3000008c:00050000 sending call (XID 14).
07-10 13:59:29.740 D/RPC ( 443): 3000008c:00050000 received REPLY (XID 14), grabbing mutex to wake up client.
07-10 13:59:29.740 D/RPC ( 443): 3000008c:00050000 call success.
07-10 13:59:29.740 D/RPC ( 443): 3000008c:00050000 sending call (XID 15).
07-10 13:59:29.750 D/libloc ( 443): loc_ioctl XTRA injected length: 10240
07-10 13:59:29.750 D/libloc ( 443): qct_loc_eng_inject_xtra_data, part 11/39, len = 1024, total = 10240
07-10 13:59:29.750 D/libloc ( 443): loc_ioctl XTRA injected length: 11264
07-10 13:59:29.750 D/libloc ( 443): qct_loc_eng_inject_xtra_data, part 12/39, len = 1024, total = 11264
07-10 13:59:29.750 D/RPC ( 443): 3000008c:00050000 received REPLY (XID 15), grabbing mutex to wake up client.
07-10 13:59:29.750 D/RPC ( 443): 3000008c:00050000 call success.
07-10 13:59:29.750 D/RPC ( 443): 3000008c:00050000 sending call (XID 16).
07-10 13:59:29.750 D/RPC ( 443): 3000008c:00050000 received REPLY (XID 16), grabbing mutex to wake up client.
07-10 13:59:29.750 D/RPC ( 443): 3000008c:00050000 call success.
07-10 13:59:29.750 D/RPC ( 443): 3000008c:00050000 sending call (XID 17).
07-10 13:59:29.760 D/RPC ( 443): 3000008c:00050000 received REPLY (XID 17), grabbing mutex to wake up client.
07-10 13:59:29.770 D/libloc ( 443): loc_ioctl XTRA injected length: 12288
07-10 13:59:29.770 D/libloc ( 443): qct_loc_eng_inject_xtra_data, part 13/39, len = 1024, total = 12288
07-10 13:59:29.770 D/RPC ( 443): 3000008c:00050000 call success.
07-10 13:59:29.770 D/RPC ( 443): 3000008c:00050000 sending call (XID 18).
07-10 13:59:29.770 D/RPC ( 443): 3000008c:00050000 received REPLY (XID 18), grabbing mutex to wake up client.
07-10 13:59:29.780 D/libloc ( 443): loc_ioctl XTRA injected length: 13312
07-10 13:59:29.780 D/libloc ( 443): qct_loc_eng_inject_xtra_data, part 14/39, len = 1024, total = 13312
07-10 13:59:29.780 D/libloc ( 443): loc_ioctl XTRA injected length: 14336
07-10 13:59:29.780 D/libloc ( 443): qct_loc_eng_inject_xtra_data, part 15/39, len = 1024, total = 14336
07-10 13:59:29.780 D/libloc ( 443): loc_ioctl XTRA injected length: 15360
07-10 13:59:29.780 D/libloc ( 443): qct_loc_eng_inject_xtra_data, part 16/39, len = 1024, total = 15360
07-10 13:59:29.780 D/RPC ( 443): 3000008c:00050000 call success.
07-10 13:59:29.780 D/RPC ( 443): 3000008c:00050000 sending call (XID 19).
07-10 13:59:29.780 D/RPC ( 443): 3000008c:00050000 received REPLY (XID 19), grabbing mutex to wake up client.
